MONTHLY CLIMATOLOGICAL SUMMARY for Mar 2014 NAME: Tosca, Varsi (Parma) ELEV: 650 metri LAT: 44-37.15 N LONG: 009-49.14 E TEMPERATURE (°C), RAIN (mm), WIND SPEED (km/h) HEAT COOL AVG MEAN DEG DEG WIND DOM DAY TEMP HIGH TIME LOW TIME DAYS DAYS RAIN SPEED HIGH TIME DIR --------------------------------------------------------------------------------------- 01 02 03 04 05 06 07 08 09 10 11 12 13 14 15 16 17 12.8 15.8 19:52 11.1 00:00 7.2 0.0 0.0 6.6 15.8 19:47 110 18 13.0 17.3 16:50 9.8 03:30 7.0 0.0 0.0 10.2 43.9 20:25 261 19 14.6 24.0 17:35 8.4 07:00 5.4 0.0 0.0 7.0 40.3 00:35 217 20 12.1 19.0 12:55 8.0 06:35 7.9 0.0 0.0 3.1 20.9 13:25 103 21 15.4 24.1 23:34 7.9 00:50 4.6 0.0 0.0 4.8 28.1 12:19 60 22 12.5 19.0 18:54 8.0 12:24 7.5 0.0 0.0 3.0 20.9 21:39 138 23 8.5 18.2 17:54 1.4 23:00 11.5 0.0 5.7 3.0 30.6 18:30 265 24 6.0 14.6 17:25 1.0 01:00 14.0 0.0 5.1 4.0 28.1 00:05 269 25 4.2 8.9 11:20 2.3 05:25 15.8 0.0 4.2 1.4 24.5 13:15 184 26 3.9 6.5 13:30 1.3 01:15 16.1 0.0 8.7 7.1 35.6 15:40 110 27 6.2 9.8 16:10 3.7 07:15 13.8 0.0 4.8 7.2 36.7 04:30 107 28 10.3 16.9 15:20 5.4 04:00 9.7 0.0 0.0 3.8 27.0 11:05 120 29 11.1 16.2 16:45 5.3 03:45 8.9 0.0 0.0 5.2 28.1 12:15 113 30 12.8 19.2 17:20 7.3 06:55 7.2 0.0 0.0 3.0 27.0 16:00 130 31 13.4 20.0 13:40 8.0 06:20 6.6 0.0 0.0 6.6 39.2 20:50 257 --------------------------------------------------------------------------------------- 10.4 24.1 21 1.0 24 143.2 0.0 28.5 5.1 43.9 18 137 Updated: 13/08/19 15:31:01