MONTHLY CLIMATOLOGICAL SUMMARY for May 2014 NAME: Tosca, Varsi (Parma) ELEV: 650 metri LAT: 44-37.15 N LONG: 009-49.14 E TEMPERATURE (°C), RAIN (mm), WIND SPEED (km/h) HEAT COOL AVG MEAN DEG DEG WIND DOM DAY TEMP HIGH TIME LOW TIME DAYS DAYS RAIN SPEED HIGH TIME DIR --------------------------------------------------------------------------------------- 01 12.4 20.4 16:35 7.8 02:45 7.6 0.0 4.8 2.7 35.6 17:55 193 02 9.8 14.9 12:00 8.1 19:45 10.2 0.0 24.3 1.4 15.8 11:35 220 03 11.0 17.4 16:20 8.1 05:17 9.0 0.0 19.5 5.6 46.4 19:40 118 04 13.7 24.0 18:00 6.9 06:05 6.3 0.0 0.0 2.8 22.0 11:50 116 05 15.3 23.8 18:55 7.1 03:55 4.7 0.0 0.0 2.7 23.4 13:50 159 06 17.3 24.2 03:26 12.2 07:01 2.7 0.0 0.0 6.5 43.9 14:50 271 07 14.4 19.5 15:30 8.7 00:00 5.6 0.0 1.2 9.0 58.7 14:25 277 08 14.6 23.5 16:40 7.1 05:00 5.4 0.0 0.3 2.5 17.3 15:20 128 09 17.7 26.0 16:15 8.8 05:10 2.3 0.0 0.0 2.8 18.4 19:05 246 10 11 12 13 6.7 8.6 18:21 5.8 23:01 13.3 0.0 1.5 3.0 34.2 18:36 236 14 13.8 20.9 15:41 5.3 01:46 6.2 0.0 0.0 5.9 35.6 15:46 277 15 13.8 22.5 17:56 5.6 06:11 6.2 0.0 0.0 3.9 19.4 11:26 138 16 14.9 25.4 19:01 7.1 06:11 5.1 0.0 0.0 3.0 23.4 22:41 148 17 14.5 21.4 12:26 7.4 05:06 5.5 0.0 0.0 3.9 25.6 16:51 267 18 14.9 21.7 17:06 7.7 05:56 5.1 0.0 0.0 7.0 33.1 11:16 274 19 12.9 20.7 11:56 8.0 03:51 7.1 0.0 0.0 2.2 17.3 12:46 149 20 15.8 23.9 18:16 10.9 00:31 4.2 0.0 0.0 1.4 15.8 17:31 159 21 17.9 24.6 15:51 10.5 05:51 2.1 0.0 0.0 3.5 25.6 15:16 114 22 19.0 25.3 12:21 12.1 05:26 1.0 0.0 0.0 3.6 25.6 23:11 149 23 18.1 24.9 18:16 13.0 21:01 1.9 0.0 0.0 5.7 35.6 14:51 292 24 16.9 25.1 15:36 10.9 06:11 3.1 0.0 0.0 8.7 37.8 01:11 276 25 18.0 25.2 19:51 10.2 04:16 2.0 0.0 0.0 3.7 25.6 13:06 119 26 16.6 22.9 16:36 12.3 07:21 3.4 0.0 0.3 4.2 33.1 18:41 271 27 13.7 18.8 17:41 10.0 05:56 6.3 0.0 3.9 9.2 36.7 11:21 281 28 14.5 19.5 16:36 9.3 04:51 5.5 0.0 0.0 10.7 41.8 14:36 284 29 14.3 23.3 14:41 8.6 05:46 5.7 0.0 0.3 2.5 23.4 15:36 135 30 14.9 25.2 12:41 10.0 05:41 5.1 0.0 0.0 2.3 23.4 18:16 221 31 13.8 22.4 17:31 11.3 21:36 6.2 0.0 0.0 2.9 18.4 05:11 120 --------------------------------------------------------------------------------------- 14.9 26.0 09 5.3 14 148.7 0.0 56.1 4.5 58.7 07 263 Updated: 13/08/19 15:31:01