MONTHLY CLIMATOLOGICAL SUMMARY for Jun 2014 NAME: Tosca, Varsi (Parma) ELEV: 650 metri LAT: 44-37.15 N LONG: 009-49.14 E TEMPERATURE (°C), RAIN (mm), WIND SPEED (km/h) HEAT COOL AVG MEAN DEG DEG WIND DOM DAY TEMP HIGH TIME LOW TIME DAYS DAYS RAIN SPEED HIGH TIME DIR --------------------------------------------------------------------------------------- 01 17.3 27.5 18:26 8.4 05:51 2.7 0.0 0.0 2.9 19.4 14:56 128 02 14.6 22.1 11:41 9.5 05:21 5.4 0.0 7.8 1.9 19.4 15:36 191 03 15.2 25.0 19:01 9.3 05:21 4.8 0.0 8.4 2.5 30.6 14:31 196 04 16.2 22.8 14:26 10.4 02:51 3.8 0.0 0.0 6.5 39.2 21:46 278 05 18.5 23.2 17:41 12.6 23:26 1.5 0.0 0.0 8.0 36.7 03:36 274 06 19.8 29.1 18:16 11.4 05:26 0.2 0.0 0.0 2.4 17.3 17:06 137 07 22.4 31.9 17:06 14.1 04:41 0.0 2.4 0.0 2.2 12.2 14:26 158 08 24.6 33.9 16:31 15.8 05:51 0.0 4.6 0.0 2.7 14.8 16:56 144 09 25.3 33.1 18:46 17.9 06:01 0.0 5.3 0.0 3.2 17.3 17:06 137 10 25.4 34.4 17:21 17.1 06:01 0.0 5.4 0.0 2.6 23.4 13:01 142 11 25.4 32.7 14:51 18.1 05:21 0.0 5.4 0.0 2.0 14.8 14:51 176 12 25.2 35.9 17:11 18.2 05:31 0.0 5.2 0.0 2.5 14.8 14:46 151 13 24.0 30.8 19:01 16.7 06:11 0.0 4.0 0.0 3.0 27.0 00:31 146 14 20.7 27.1 14:11 14.3 21:46 0.0 0.7 13.8 4.9 31.7 18:26 98 15 14.8 17.3 18:46 13.4 06:01 5.2 0.0 24.6 4.5 29.5 05:46 112 16 15.6 20.7 18:36 12.2 05:21 4.4 0.0 3.6 7.0 34.2 13:51 113 17 16.3 23.6 17:16 10.9 04:21 3.7 0.0 0.0 5.2 29.5 11:51 110 18 16.9 25.1 18:01 10.6 05:41 3.1 0.0 2.7 3.1 24.5 14:01 109 19 19.4 27.6 15:46 11.9 05:36 0.6 0.0 0.0 3.0 22.0 17:01 270 20 19.6 25.0 15:46 13.2 05:36 0.4 0.0 0.0 7.5 37.8 19:41 285 21 19.9 27.9 19:21 13.3 04:21 0.1 0.0 0.0 2.1 19.4 20:36 150 22 21.0 28.5 15:31 15.1 03:56 0.0 1.0 0.0 5.2 30.6 17:36 285 23 21.6 27.2 19:06 16.0 06:21 0.0 1.6 0.0 6.0 37.8 22:26 264 24 22.2 29.6 17:11 15.8 05:16 0.0 2.2 0.0 4.5 22.0 00:26 276 25 19.7 24.2 15:21 16.4 02:46 0.3 0.0 0.9 8.0 50.0 15:41 291 26 18.4 24.0 13:36 14.4 23:51 1.6 0.0 2.7 3.1 27.0 14:01 138 27 18.7 25.2 19:26 12.6 05:21 1.3 0.0 15.6 2.2 22.0 15:31 146 28 20.4 25.5 15:41 15.2 04:31 0.0 0.4 0.0 7.7 46.4 12:41 278 29 18.8 23.5 11:51 15.5 05:06 1.2 0.0 7.2 5.5 37.8 00:01 272 30 20.0 29.7 17:36 13.2 03:31 0.0 0.0 0.3 4.3 23.4 09:21 284 --------------------------------------------------------------------------------------- 19.9 35.9 12 8.4 01 40.4 38.2 87.6 4.2 50.0 25 255 Updated: 13/08/19 15:31:01