MONTHLY CLIMATOLOGICAL SUMMARY for Jul 2014 NAME: Tosca, Varsi (Parma) ELEV: 650 metri LAT: 44-37.15 N LONG: 009-49.14 E TEMPERATURE (°C), RAIN (mm), WIND SPEED (km/h) HEAT COOL AVG MEAN DEG DEG WIND DOM DAY TEMP HIGH TIME LOW TIME DAYS DAYS RAIN SPEED HIGH TIME DIR --------------------------------------------------------------------------------------- 01 19.4 28.0 18:26 12.4 05:36 0.6 0.0 0.0 3.8 27.0 16:56 280 02 19.1 26.3 18:11 12.1 05:31 0.9 0.0 0.0 2.7 19.4 12:56 248 03 21.1 28.6 17:26 13.3 05:31 0.0 1.1 0.0 3.2 19.4 13:16 139 04 18.9 25.4 15:56 15.2 23:46 1.1 0.0 0.0 3.1 23.4 15:21 212 05 20.3 28.9 16:26 13.4 04:11 0.0 0.3 0.0 4.0 24.5 16:31 267 06 21.5 29.1 16:01 14.5 05:11 0.0 1.5 0.0 3.4 23.4 16:31 282 07 21.8 28.0 12:41 16.0 05:41 0.0 1.8 0.0 3.9 36.7 18:51 87 08 17.5 22.4 12:36 13.5 18:51 2.5 0.0 29.1 5.8 36.7 12:46 288 09 16.2 25.0 11:56 11.5 06:11 3.8 0.0 0.9 3.6 30.6 14:16 264 10 17.5 27.8 19:06 10.1 04:31 2.5 0.0 0.0 2.3 14.8 12:11 175 11 20.2 32.5 19:01 11.9 05:41 0.0 0.2 0.0 2.9 17.3 15:16 256 12 19.7 27.6 16:31 14.9 05:26 0.3 0.0 0.0 3.0 27.0 17:06 266 13 18.9 24.6 17:51 13.7 04:25 1.1 0.0 0.0 2.7 22.0 17:39 273 14 19.0 26.5 16:09 14.0 04:36 1.0 0.0 0.0 2.1 15.8 19:16 122 15 21.7 31.7 19:05 13.5 05:45 0.0 1.7 0.0 3.1 25.6 14:49 127 16 23.4 36.8 18:54 15.8 05:51 0.0 3.4 0.0 2.3 15.8 10:59 148 17 24.7 35.7 18:23 17.1 04:57 0.0 4.7 0.0 2.2 12.2 19:05 218 18 25.0 32.8 17:45 17.7 04:25 0.0 5.0 0.0 2.6 18.4 16:04 150 19 25.1 32.0 17:13 18.1 05:35 0.0 5.1 0.0 3.8 22.0 15:32 263 20 22.5 29.0 14:57 17.9 23:24 0.0 2.5 0.3 3.1 35.6 19:13 181 21 19.0 20.1 02:14 17.6 06:31 1.0 0.0 0.0 2.1 14.8 06:52 131 22 23 24 18.3 21.1 15:51 15.9 23:56 1.7 0.0 0.6 1.9 12.2 17:32 35 25 19.8 26.3 12:12 15.1 05:27 0.2 0.0 4.2 1.5 15.8 13:21 137 26 18.1 23.0 18:54 16.2 07:51 1.9 0.0 11.1 1.6 18.4 14:04 250 27 20.3 30.3 19:14 14.8 04:29 0.0 0.3 2.1 2.0 17.3 13:14 176 28 20.8 27.9 17:09 15.1 05:39 0.0 0.8 0.0 4.9 29.5 12:34 271 29 18.2 22.0 16:54 13.3 22:19 1.8 0.0 5.7 3.7 27.0 15:39 293 30 16.6 27.1 18:09 13.2 01:39 3.4 0.0 20.1 1.4 11.2 17:39 220 31 22.1 30.9 17:09 14.2 04:19 0.0 2.1 0.0 2.0 13.3 12:44 183 --------------------------------------------------------------------------------------- 20.3 36.8 16 10.1 10 23.9 30.7 74.1 2.9 36.7 07 245 Updated: 13/08/19 15:31:01