MONTHLY CLIMATOLOGICAL SUMMARY for Aug 2014 NAME: Tosca, Varsi (Parma) ELEV: 650 metri LAT: 44-37.15 N LONG: 009-49.14 E TEMPERATURE (°C), RAIN (mm), WIND SPEED (km/h) HEAT COOL AVG MEAN DEG DEG WIND DOM DAY TEMP HIGH TIME LOW TIME DAYS DAYS RAIN SPEED HIGH TIME DIR --------------------------------------------------------------------------------------- 01 23.0 31.3 16:59 15.5 06:29 0.0 3.0 0.0 2.5 20.9 15:04 228 02 21.4 30.2 17:09 15.0 02:49 0.0 1.4 0.0 3.9 27.0 12:44 262 03 19.7 25.8 18:29 16.1 23:59 0.3 0.0 1.5 2.3 30.6 16:39 228 04 21.5 29.5 15:59 14.8 06:04 0.0 1.5 0.0 3.4 23.4 22:44 284 05 20.7 29.3 16:59 15.4 05:39 0.0 0.7 0.0 1.9 15.8 18:49 142 06 21.0 28.5 19:09 15.0 06:19 0.0 1.0 0.3 2.2 19.4 17:19 153 07 21.0 29.7 18:24 15.3 03:39 0.0 1.0 1.5 1.9 22.0 15:19 206 08 18.9 27.7 10:44 15.5 01:44 1.1 0.0 0.0 1.5 6.1 08:54 172 09 10 11 12 23.8 29.6 18:34 20.5 23:59 0.0 3.8 0.0 6.5 25.6 22:24 282 13 19.8 23.2 10:44 16.9 04:39 0.2 0.0 5.7 5.6 37.8 16:14 262 14 18.5 25.6 12:39 13.9 23:54 1.5 0.0 7.8 2.4 18.4 17:19 203 15 17.2 25.0 12:44 12.6 03:34 2.8 0.0 0.3 3.1 29.5 11:04 274 16 16.3 25.3 18:49 10.9 23:59 3.7 0.0 9.0 2.2 14.8 08:34 160 17 17.6 25.9 16:19 9.9 05:44 2.4 0.0 0.0 3.1 18.4 17:19 236 18 18.6 24.9 17:39 13.5 04:44 1.4 0.0 0.0 5.1 24.5 10:59 237 19 17.3 19.9 10:54 15.6 23:54 2.7 0.0 12.9 3.1 22.0 05:59 271 20 18.8 25.4 16:04 14.0 03:59 1.2 0.0 0.0 3.8 29.5 20:44 235 21 18.9 26.2 16:54 13.4 23:19 1.1 0.0 0.0 3.9 28.1 00:04 268 22 18.4 24.9 16:19 11.9 06:39 1.6 0.0 0.0 3.2 25.6 14:24 262 23 17.9 22.8 17:59 14.9 23:44 2.1 0.0 7.2 4.9 25.6 15:49 266 24 18.6 25.9 16:09 14.3 01:14 1.4 0.0 0.0 2.2 18.4 16:44 148 25 16.9 26.4 18:29 12.6 04:09 3.1 0.0 0.0 1.7 8.6 11:34 252 26 18.3 21.8 11:24 13.8 03:54 1.7 0.0 0.0 7.0 43.9 13:29 45 27 22.1 30.6 18:19 17.2 23:49 0.0 2.1 0.0 2.6 25.6 01:19 212 28 18.3 22.5 17:59 16.7 10:59 1.7 0.0 0.0 2.3 13.3 13:49 125 29 20.6 27.0 16:24 14.9 06:49 0.0 0.6 0.0 1.9 17.3 10:19 123 30 20.7 28.1 16:04 15.8 03:54 0.0 0.7 0.0 2.2 20.9 14:24 153 31 20.0 27.1 13:34 15.4 04:09 0.0 0.0 3.0 3.1 29.5 22:54 255 --------------------------------------------------------------------------------------- 19.4 31.3 01 9.9 17 30.1 15.8 49.2 3.1 43.9 26 241 Updated: 13/08/19 15:31:01