MONTHLY CLIMATOLOGICAL SUMMARY for Sep 2014 NAME: Tosca, Varsi (Parma) ELEV: 650 metri LAT: 44-37.15 N LONG: 009-49.14 E TEMPERATURE (°C), RAIN (mm), WIND SPEED (km/h) HEAT COOL AVG MEAN DEG DEG WIND DOM DAY TEMP HIGH TIME LOW TIME DAYS DAYS RAIN SPEED HIGH TIME DIR --------------------------------------------------------------------------------------- 01 18.3 26.2 17:49 12.7 03:39 1.7 0.0 3.3 3.8 29.5 01:39 191 02 17.4 24.3 18:09 11.2 07:14 2.6 0.0 0.0 3.8 27.0 15:04 124 03 14.1 20.3 17:14 11.0 04:59 5.9 0.0 0.0 1.6 13.3 11:14 177 04 16.4 22.9 09:54 12.8 01:29 3.6 0.0 0.3 1.9 12.2 10:39 149 05 18.3 23.9 11:34 14.5 04:39 1.7 0.0 1.2 2.9 22.0 14:09 142 06 19.2 27.0 16:34 14.4 06:34 0.8 0.0 0.3 1.6 13.3 15:29 182 07 19.6 26.8 17:44 14.4 06:59 0.4 0.0 0.0 1.3 9.7 11:54 173 08 20.6 28.1 18:19 15.2 06:54 0.0 0.6 0.0 1.5 17.3 17:34 155 09 20.9 26.9 10:19 15.6 04:14 0.0 0.9 0.0 5.0 28.1 15:25 275 10 18.9 24.0 12:54 16.0 04:09 1.1 0.0 1.2 1.5 13.3 14:59 123 11 17.8 27.0 17:54 13.4 06:10 2.2 0.0 4.5 2.3 22.0 02:39 271 12 16.1 23.7 18:38 10.9 08:09 3.9 0.0 5.7 2.8 30.6 01:39 128 13 14 15 16 17 18 19 20 21 22 23 24 25 26 27 28 16.4 23.8 16:52 11.9 07:07 3.6 0.0 0.3 2.1 14.8 15:27 175 29 16.4 23.5 12:32 11.7 07:16 3.6 0.0 0.3 1.5 11.2 11:27 193 30 16.9 24.8 13:07 12.1 07:32 3.1 0.0 0.3 2.1 17.3 11:47 155 --------------------------------------------------------------------------------------- 17.8 28.1 08 10.9 12 34.2 1.4 17.4 2.4 30.6 12 174 Updated: 13/08/19 15:31:01