MONTHLY CLIMATOLOGICAL SUMMARY for Nov 2014 NAME: Tosca, Varsi (Parma) ELEV: 650 metri LAT: 44-37.15 N LONG: 009-49.14 E TEMPERATURE (°C), RAIN (mm), WIND SPEED (km/h) HEAT COOL AVG MEAN DEG DEG WIND DOM DAY TEMP HIGH TIME LOW TIME DAYS DAYS RAIN SPEED HIGH TIME DIR --------------------------------------------------------------------------------------- 01 10.9 23.0 11:26 6.5 03:11 9.1 0.0 0.0 1.6 9.7 13:56 192 02 11.6 22.3 11:01 6.6 04:56 8.4 0.0 0.0 2.0 17.3 23:36 157 03 11.5 14.8 13:41 8.4 00:26 8.5 0.0 3.6 3.6 31.7 15:06 125 04 12.5 17.3 11:01 9.5 03:21 7.5 0.0 42.6 8.9 49.0 20:16 105 05 12.0 14.3 11:46 10.0 22:56 8.0 0.0 39.6 5.8 37.8 02:41 108 06 10.1 11.2 11:11 9.4 23:51 9.9 0.0 8.1 0.6 5.0 00:16 176 07 10.6 14.1 14:56 9.2 07:06 9.4 0.0 0.6 0.9 11.2 13:11 314 08 12.1 15.7 12:11 10.3 23:56 7.9 0.0 0.0 1.0 13.3 10:16 301 09 10.9 17.4 10:51 7.9 06:41 9.1 0.0 1.2 1.7 12.2 20:27 219 10 11.2 13.2 12:27 10.4 00:01 8.8 0.0 36.6 1.8 28.1 11:47 226 11 11.1 13.3 12:17 10.0 18:47 8.9 0.0 12.9 1.7 17.3 04:21 128 12 11.1 12.7 13:27 10.5 01:07 8.9 0.0 9.3 0.6 11.2 01:57 228 13 10.6 13.9 13:27 8.2 23:12 9.4 0.0 1.8 1.0 78.5 03:21 190 14 10.9 17.6 10:47 7.7 02:47 9.1 0.0 0.3 1.1 11.2 14:17 186 15 11.2 12.8 06:41 10.0 23:07 8.8 0.0 43.2 6.2 34.2 23:37 108 16 10.8 16.4 11:12 7.2 21:07 9.2 0.0 0.3 6.5 55.1 10:17 292 17 7.6 9.8 04:17 5.9 23:27 12.4 0.0 10.2 1.7 18.4 09:32 158 18 8.8 12.9 12:01 4.5 23:52 11.2 0.0 0.3 5.9 33.1 05:07 274 19 7.4 19.3 11:32 3.7 06:41 12.6 0.0 0.0 1.4 5.0 08:52 178 20 7.8 18.9 11:37 4.2 05:01 12.2 0.0 0.0 1.4 9.7 13:47 185 21 8.1 11.0 13:41 5.8 23:32 11.9 0.0 0.0 0.7 7.2 10:27 260 22 8.3 11.5 13:47 5.5 02:17 11.7 0.0 0.3 0.6 7.2 12:32 289 23 9.3 10.1 14:33 8.2 00:08 10.7 0.0 0.0 0.2 5.0 09:03 342 24 11.0 15.3 14:03 8.6 01:58 9.0 0.0 0.0 0.5 7.2 14:03 247 25 11.5 15.3 12:43 8.8 23:49 8.5 0.0 3.9 0.7 5.0 12:13 277 26 6.6 8.8 00:04 5.7 20:19 13.4 0.0 5.7 1.0 7.2 02:19 291 27 5.6 6.6 11:54 4.9 06:24 14.4 0.0 6.0 0.7 7.2 12:29 295 28 6.4 8.4 21:49 5.3 05:54 13.6 0.0 15.0 1.1 13.3 17:14 89 29 9.7 11.8 14:39 7.9 01:04 10.3 0.0 0.3 0.6 8.6 00:44 112 30 9.7 10.4 23:59 9.2 03:24 10.3 0.0 8.4 1.1 14.8 22:39 123 --------------------------------------------------------------------------------------- 9.9 23.0 01 3.7 19 303.0 0.0 250.2 2.1 78.5 13 153 Updated: 13/08/19 15:31:01