MONTHLY CLIMATOLOGICAL SUMMARY for Dec 2014 NAME: Tosca, Varsi (Parma) ELEV: 650 metri LAT: 44-37.15 N LONG: 009-49.14 E TEMPERATURE (°C), RAIN (mm), WIND SPEED (km/h) HEAT COOL AVG MEAN DEG DEG WIND DOM DAY TEMP HIGH TIME LOW TIME DAYS DAYS RAIN SPEED HIGH TIME DIR --------------------------------------------------------------------------------------- 01 10.3 12.1 12:54 9.4 23:09 9.7 0.0 12.0 1.2 19.4 06:04 108 02 9.0 10.3 10:09 7.8 23:04 11.0 0.0 0.6 1.2 11.2 11:19 109 03 6.5 7.8 00:04 5.2 21:04 13.5 0.0 2.4 1.6 12.2 03:49 272 04 6.8 9.3 12:09 5.4 00:04 13.2 0.0 0.9 0.8 8.6 13:44 298 05 7.0 8.9 11:59 5.8 05:09 13.0 0.0 0.3 0.7 7.2 11:59 283 06 7.1 8.0 13:39 6.6 05:04 12.9 0.0 0.6 1.2 12.2 04:54 107 07 6.1 8.5 13:34 4.5 17:04 13.9 0.0 3.3 1.6 14.8 03:29 116 08 5.5 14.9 11:39 2.7 05:59 14.5 0.0 0.0 1.1 6.1 14:34 179 09 3.6 5.2 13:18 1.7 22:19 16.4 0.0 9.3 6.8 34.2 08:04 129 10 3.8 8.9 11:29 0.8 06:35 16.2 0.0 0.0 1.7 6.1 01:00 176 11 4.4 10.2 11:55 1.8 07:59 15.6 0.0 0.0 1.5 6.1 15:35 174 12 6.8 10.5 13:04 2.3 00:19 13.2 0.0 0.0 3.6 39.2 19:04 120 13 6.3 10.0 01:24 4.0 12:24 13.7 0.0 7.8 3.0 31.7 01:19 270 14 5.2 7.5 11:29 4.3 01:55 14.8 0.0 3.6 0.9 8.6 13:49 296 15 5.7 7.0 15:00 4.8 03:39 14.3 0.0 4.8 0.3 5.0 15:35 292 16 5.6 6.4 22:35 4.9 07:00 14.4 0.0 7.5 0.9 9.7 10:29 274 17 6.6 10.8 13:29 4.2 07:39 13.4 0.0 0.3 0.6 6.1 23:20 194 18 7.1 15.6 12:00 3.7 06:20 12.9 0.0 0.3 1.1 8.6 14:45 178 19 9.8 16.9 12:00 5.8 04:55 10.2 0.0 0.0 7.5 39.2 15:05 249 20 9.2 17.5 11:49 6.6 22:44 10.8 0.0 0.0 2.7 39.2 01:00 178 21 7.2 12.8 12:09 5.1 21:29 12.8 0.0 0.0 1.8 9.7 00:40 165 22 8.4 12.1 11:35 4.4 00:40 11.6 0.0 0.0 9.9 42.8 18:09 245 23 9.5 11.7 11:55 7.2 01:59 10.5 0.0 0.0 14.1 46.4 17:09 270 24 9.6 11.0 11:59 8.7 03:24 10.4 0.0 0.0 11.6 41.8 01:39 268 25 8.1 12.8 11:55 4.2 23:39 11.9 0.0 0.0 4.2 34.2 03:04 268 26 4.0 10.8 11:47 0.0 23:57 16.0 0.0 0.0 2.3 19.4 02:21 190 27 0.0 3.8 08:11 -3.1 23:17 20.0 0.0 0.3 2.1 24.5 11:37 221 28 -1.2 6.1 11:47 -4.3 07:57 21.2 0.0 2.4 1.3 13.3 12:42 183 29 0.7 4.6 14:02 -3.0 01:27 19.3 0.0 0.9 4.0 28.1 19:17 215 30 -1.7 4.8 11:57 -4.3 23:28 21.7 0.0 0.3 1.6 6.1 05:43 175 31 -4.1 -0.9 11:43 -6.2 23:37 24.1 0.0 0.0 3.1 27.0 17:33 162 --------------------------------------------------------------------------------------- 5.6 17.5 20 -6.2 31 447.0 0.0 57.6 3.1 46.4 23 222 Updated: 13/08/19 15:31:01