MONTHLY CLIMATOLOGICAL SUMMARY for Jan 2015 NAME: Tosca, Varsi (Parma) ELEV: 650 metri LAT: 44-37.15 N LONG: 009-49.14 E TEMPERATURE (°C), RAIN (mm), WIND SPEED (km/h) HEAT COOL AVG MEAN DEG DEG WIND DOM DAY TEMP HIGH TIME LOW TIME DAYS DAYS RAIN SPEED HIGH TIME DIR --------------------------------------------------------------------------------------- 01 -1.3 8.3 11:33 -6.5 03:17 21.3 0.0 0.0 1.3 5.0 00:03 176 02 5.9 12.9 11:57 0.5 06:53 14.1 0.0 0.0 1.5 11.2 16:08 165 03 9.7 15.4 12:23 7.3 00:08 10.3 0.0 0.0 7.7 45.4 17:43 242 04 11.0 19.4 12:08 5.6 23:58 9.0 0.0 0.0 7.0 39.2 18:53 302 05 7.1 13.1 11:53 2.9 05:58 12.9 0.0 0.0 5.5 37.8 17:24 239 06 5.3 16.8 11:54 2.0 22:54 14.7 0.0 0.0 1.8 22.0 00:23 161 07 3.5 7.4 14:49 1.3 07:43 16.5 0.0 0.0 1.0 8.6 12:59 191 08 5.9 10.6 14:49 2.0 00:09 14.1 0.0 0.0 5.0 41.8 16:14 255 09 8.0 11.8 13:14 3.5 07:59 12.0 0.0 0.0 10.3 73.4 23:14 276 10 12.5 18.2 13:33 6.8 02:19 7.5 0.0 0.0 4.2 49.0 00:43 145 11 11.0 15.2 13:49 7.3 23:49 9.0 0.0 0.0 17.3 54.0 19:29 273 12 7.8 11.8 14:53 3.1 06:37 12.2 0.0 0.0 10.9 63.7 16:33 268 13 8.6 11.0 11:43 6.3 23:23 11.4 0.0 0.0 9.8 72.4 05:27 239 14 8.3 9.9 18:18 6.3 23:58 11.7 0.0 0.0 6.8 42.8 18:13 252 15 8.7 10.8 10:38 5.4 01:47 11.3 0.0 0.0 5.2 35.6 18:27 69 16 9.6 10.6 23:47 8.1 06:03 10.4 0.0 0.3 8.2 39.2 08:53 115 17 8.3 11.1 00:38 3.1 23:58 11.7 0.0 1.8 10.1 57.6 10:58 60 18 4.4 10.6 11:43 0.4 23:47 15.6 0.0 0.0 2.6 19.4 14:43 162 19 2.2 6.2 14:13 -0.4 07:47 17.8 0.0 0.0 1.0 6.1 13:13 188 20 2.0 3.5 13:21 0.3 02:08 18.0 0.0 0.0 1.1 9.7 07:31 114 21 1.8 2.6 02:01 1.0 17:01 18.2 0.0 12.0 1.3 13.3 21:11 128 22 2.3 3.8 23:06 0.6 02:56 17.7 0.0 7.5 0.7 8.6 21:36 191 23 5.5 9.7 12:56 3.5 23:21 14.5 0.0 1.5 3.1 23.4 13:41 127 24 4.6 12.1 11:31 1.7 21:21 15.4 0.0 0.0 1.9 13.3 12:51 184 25 3.6 7.4 15:21 0.8 06:31 16.4 0.0 0.0 3.1 31.7 08:01 159 26 1.5 6.1 10:09 -1.5 20:53 18.5 0.0 0.3 3.1 25.6 02:47 124 27 1.9 8.1 11:23 -1.2 23:48 18.1 0.0 0.0 1.3 13.3 14:53 161 28 2.1 10.0 11:13 -1.7 07:08 17.9 0.0 0.0 2.6 31.7 23:48 208 29 2.6 5.6 10:43 -1.6 21:53 17.4 0.0 0.0 3.7 30.6 02:48 269 30 1.9 5.1 13:53 -1.5 00:08 18.1 0.0 1.5 7.7 37.8 15:59 288 31 1.8 9.3 11:43 -0.9 21:39 18.2 0.0 0.0 2.0 15.8 03:34 225 --------------------------------------------------------------------------------------- 5.3 19.4 04 -6.5 01 451.9 0.0 24.9 4.8 73.4 09 242 Updated: 13/08/19 15:31:01