MONTHLY CLIMATOLOGICAL SUMMARY for Feb 2015 NAME: Tosca, Varsi (Parma) ELEV: 650 metri LAT: 44-37.15 N LONG: 009-49.14 E TEMPERATURE (°C), RAIN (mm), WIND SPEED (km/h) HEAT COOL AVG MEAN DEG DEG WIND DOM DAY TEMP HIGH TIME LOW TIME DAYS DAYS RAIN SPEED HIGH TIME DIR --------------------------------------------------------------------------------------- 01 1.8 8.1 12:12 -1.9 08:09 18.2 0.0 0.0 1.7 15.8 17:47 208 02 1.8 9.1 11:21 -1.7 06:32 18.2 0.0 0.0 4.2 29.5 15:43 228 03 0.7 4.6 12:33 -1.0 06:38 19.3 0.0 2.4 1.8 13.3 22:28 141 04 1.3 4.3 11:36 0.0 03:53 18.7 0.0 6.6 4.1 25.6 01:08 111 05 -0.5 1.1 00:16 -1.3 15:01 20.5 0.0 1.2 14.0 40.3 13:41 104 06 -0.5 0.6 10:26 -1.6 02:26 20.5 0.0 0.0 13.4 42.8 16:36 104 07 -1.0 1.2 12:51 -3.9 23:21 21.0 0.0 0.9 4.6 36.7 00:21 111 08 1.4 10.1 11:21 -4.0 01:01 18.6 0.0 6.0 3.3 27.0 22:49 123 09 2.8 14.0 11:47 -4.8 07:51 17.2 0.0 0.0 2.9 22.0 15:42 197 10 7.0 20.2 12:02 2.4 04:47 13.0 0.0 0.0 2.0 7.2 00:27 177 11 6.4 19.1 11:17 2.0 07:51 13.6 0.0 0.0 1.8 15.8 15:47 172 12 5.4 17.8 11:07 1.2 23:42 14.6 0.0 0.0 1.3 9.7 15:02 208 13 2.0 7.2 12:57 -0.3 06:02 18.0 0.0 0.0 0.8 8.6 11:17 233 14 2.3 5.1 15:39 0.8 02:56 17.7 0.0 9.3 0.6 5.0 02:46 296 15 2.4 5.9 10:09 1.3 04:25 17.6 0.0 10.2 1.4 14.8 23:26 139 16 3.6 4.6 20:21 2.7 00:21 16.4 0.0 12.0 8.2 33.1 11:11 105 17 5.3 10.7 11:56 2.9 23:41 14.7 0.0 0.6 3.0 19.4 14:46 128 18 2.5 7.5 10:41 -1.0 23:06 17.5 0.0 0.0 4.5 33.1 11:16 134 19 4.0 15.9 11:01 -1.4 03:26 16.0 0.0 0.0 1.8 19.4 15:11 172 20 4.6 11.0 15:56 -0.5 07:06 15.4 0.0 0.0 3.2 27.0 16:31 218 21 3.5 5.7 11:01 2.2 03:26 16.5 0.0 21.9 1.9 17.3 17:11 143 22 2.5 5.1 14:56 0.4 02:26 17.5 0.0 16.2 1.4 13.3 15:16 128 23 5.8 15.8 11:51 1.0 03:01 14.2 0.0 0.0 1.9 15.8 14:51 160 24 1.9 4.0 05:16 0.8 17:31 18.1 0.0 12.9 1.2 20.9 23:36 192 25 3.3 5.8 15:34 1.5 00:01 16.7 0.0 18.9 6.3 29.5 06:19 116 26 4.5 7.3 12:59 2.5 22:59 15.5 0.0 0.3 5.5 30.6 12:59 124 27 4.6 8.9 14:08 1.7 22:48 15.4 0.0 0.0 1.8 14.8 11:19 148 28 4.7 10.4 15:28 1.3 03:28 15.3 0.0 0.0 1.6 13.3 13:59 160 --------------------------------------------------------------------------------------- 3.0 20.2 10 -4.8 09 475.8 0.0 119.4 3.6 42.8 06 124 Updated: 13/08/19 15:31:01