MONTHLY CLIMATOLOGICAL SUMMARY for Mar 2015 NAME: Tosca, Varsi (Parma) ELEV: 650 metri LAT: 44-37.15 N LONG: 009-49.14 E TEMPERATURE (°C), RAIN (mm), WIND SPEED (km/h) HEAT COOL AVG MEAN DEG DEG WIND DOM DAY TEMP HIGH TIME LOW TIME DAYS DAYS RAIN SPEED HIGH TIME DIR --------------------------------------------------------------------------------------- 01 6.2 9.9 12:14 1.3 00:54 13.8 0.0 0.0 6.8 47.9 16:28 271 02 9.7 16.4 16:54 6.1 23:19 10.3 0.0 0.0 5.1 40.3 15:14 265 03 8.8 16.9 10:26 4.1 06:57 11.2 0.0 0.0 2.7 25.6 13:41 154 04 5.8 10.9 11:26 1.8 23:56 14.2 0.0 12.9 3.6 42.8 23:51 119 05 4.5 10.9 16:21 1.3 01:46 15.5 0.0 10.8 19.7 70.9 00:56 92 06 4.6 11.2 16:46 0.6 05:36 15.4 0.0 0.0 8.5 40.3 11:26 100 07 4.6 9.5 16:21 0.8 06:26 15.4 0.0 0.0 7.8 34.2 11:16 114 08 4.8 9.9 16:43 1.3 06:39 15.2 0.0 0.0 8.4 39.2 10:31 113 09 4.8 9.9 13:03 0.3 05:43 15.2 0.0 0.0 4.8 28.1 13:03 127 10 7.6 17.0 16:28 0.9 06:08 12.4 0.0 0.0 2.6 17.3 13:48 190 11 11.2 21.6 16:37 5.0 01:03 8.8 0.0 0.0 2.6 19.4 14:48 198 12 7.2 13.0 17:17 2.9 06:13 12.8 0.0 0.0 5.5 30.6 12:03 126 13 7.7 15.2 12:28 2.4 01:13 12.3 0.0 0.0 3.7 23.4 15:43 214 14 6.8 12.6 12:17 2.0 06:43 13.2 0.0 0.0 4.0 24.5 13:23 123 15 5.2 8.2 13:25 3.3 05:03 14.8 0.0 9.0 11.1 40.3 16:41 100 16 4.3 4.8 18:53 3.9 12:18 15.7 0.0 8.4 10.4 29.5 20:03 112 17 5.6 8.1 17:43 4.6 01:38 14.4 0.0 2.7 7.7 36.7 01:23 108 18 8.5 16.4 16:03 3.3 06:33 11.5 0.0 0.3 2.3 17.3 17:03 168 19 8.9 15.0 12:49 3.8 05:27 11.1 0.0 0.0 3.2 20.9 12:54 138 20 9.1 14.8 09:23 4.6 06:23 10.9 0.0 0.0 2.0 18.4 15:54 184 21 9.1 14.1 11:23 5.2 06:23 10.9 0.0 0.9 2.3 18.4 11:39 274 22 5.5 6.4 21:09 4.6 03:59 14.5 0.0 9.0 5.7 29.5 11:14 114 23 7.4 12.6 15:59 5.2 06:54 12.6 0.0 0.0 2.2 19.4 16:54 152 24 8.9 13.3 12:19 5.9 06:43 11.1 0.0 6.6 3.7 23.4 13:54 125 25 7.5 7.9 05:09 7.1 01:14 12.5 0.0 18.0 16.7 49.0 16:45 102 26 27 12.1 18.5 16:49 6.5 22:42 7.9 0.0 0.0 5.6 29.5 10:52 127 28 11.8 20.9 16:57 4.7 05:57 8.2 0.0 0.0 3.3 24.5 09:51 174 29 13.6 21.1 12:17 7.0 06:42 6.4 0.0 0.0 7.6 42.8 20:22 268 30 15.1 23.2 17:09 9.4 01:47 4.9 0.0 0.0 9.7 47.9 05:42 267 31 15.4 19.4 16:40 8.1 04:40 4.6 0.0 0.0 14.1 66.2 12:54 265 --------------------------------------------------------------------------------------- 8.0 23.2 30 0.3 09 357.9 0.0 78.6 6.3 70.9 05 126 Updated: 13/08/19 15:31:01