MONTHLY CLIMATOLOGICAL SUMMARY for Apr 2015 NAME: Tosca, Varsi (Parma) ELEV: 650 metri LAT: 44-37.15 N LONG: 009-49.14 E TEMPERATURE (°C), RAIN (mm), WIND SPEED (km/h) HEAT COOL AVG MEAN DEG DEG WIND DOM DAY TEMP HIGH TIME LOW TIME DAYS DAYS RAIN SPEED HIGH TIME DIR --------------------------------------------------------------------------------------- 01 12.5 16.9 17:14 8.6 20:25 7.5 0.0 0.0 8.2 40.3 14:09 289 02 11.2 18.0 16:25 3.7 06:29 8.8 0.0 0.0 7.3 45.4 19:25 256 03 10.0 15.0 13:40 4.9 07:29 10.0 0.0 0.0 4.4 25.6 15:49 121 04 5.6 7.8 13:00 4.5 06:09 14.4 0.0 4.5 3.2 17.3 22:20 110 05 5.2 9.7 17:34 3.0 22:49 14.8 0.0 8.7 14.1 43.9 15:54 106 06 6.2 14.8 18:20 0.3 06:34 13.8 0.0 0.0 4.8 29.5 10:25 107 07 7.1 15.8 18:14 2.2 04:29 12.9 0.0 0.0 6.8 37.8 11:04 98 08 11.1 20.9 17:54 3.1 00:34 8.9 0.0 0.0 3.1 20.9 17:04 144 09 13.5 21.9 18:29 6.4 06:46 6.5 0.0 0.0 3.7 28.1 14:08 126 10 14.7 21.6 16:16 8.3 05:20 5.3 0.0 0.0 4.4 24.5 11:23 267 11 12.4 18.1 15:57 6.6 05:42 7.6 0.0 0.0 6.4 28.1 10:17 263 12 13.5 20.5 18:17 7.2 02:53 6.5 0.0 0.0 3.9 25.6 15:43 126 13 17.0 27.6 17:33 9.4 06:03 3.0 0.0 0.0 3.4 31.7 19:17 255 14 17.7 25.6 18:43 11.2 03:23 2.3 0.0 0.0 3.5 23.4 14:08 83 15 18.3 25.7 17:33 11.4 06:08 1.7 0.0 0.0 4.4 25.6 19:17 245 16 15.9 20.2 12:28 11.1 05:33 4.1 0.0 0.0 9.2 50.0 08:37 280 17 13.6 17.2 12:08 10.9 23:57 6.4 0.0 0.0 6.2 29.5 16:03 273 18 12.3 18.4 18:23 6.6 22:43 7.7 0.0 1.8 9.2 42.8 19:53 122 19 7.7 12.7 15:08 4.0 23:48 12.3 0.0 0.0 8.7 34.2 15:37 106 20 11.4 23.3 19:03 2.2 05:23 8.6 0.0 0.0 3.2 22.0 14:37 176 21 15.9 27.3 17:48 7.4 04:13 4.1 0.0 0.0 3.0 20.9 15:08 226 22 17.1 23.7 10:48 9.7 06:23 2.9 0.0 0.0 8.6 42.8 21:28 264 23 15.0 18.4 16:37 11.4 23:48 5.0 0.0 0.0 17.7 70.9 05:37 284 24 15.0 22.4 15:53 9.4 02:53 5.0 0.0 0.0 4.9 30.6 04:17 127 25 12.9 17.6 12:08 8.6 04:23 7.1 0.0 0.0 2.9 23.4 14:53 264 26 14.2 19.0 15:49 10.1 06:44 5.8 0.0 0.0 3.4 23.4 11:34 254 27 11.3 13.3 00:04 9.6 22:54 8.7 0.0 51.3 3.0 30.6 17:09 114 28 12.9 21.3 15:29 8.7 23:58 7.1 0.0 4.5 2.4 19.4 16:09 243 29 11.6 16.4 10:34 7.1 04:34 8.4 0.0 7.8 3.3 22.0 16:14 121 30 12.6 17.5 13:29 8.9 04:44 7.4 0.0 0.3 7.1 40.3 15:14 270 --------------------------------------------------------------------------------------- 12.5 27.6 13 0.3 06 224.5 0.0 78.9 5.8 70.9 23 246 Updated: 13/08/19 15:31:01