MONTHLY CLIMATOLOGICAL SUMMARY for May 2015 NAME: Tosca, Varsi (Parma) ELEV: 650 metri LAT: 44-37.15 N LONG: 009-49.14 E TEMPERATURE (°C), RAIN (mm), WIND SPEED (km/h) HEAT COOL AVG MEAN DEG DEG WIND DOM DAY TEMP HIGH TIME LOW TIME DAYS DAYS RAIN SPEED HIGH TIME DIR --------------------------------------------------------------------------------------- 01 12.4 13.8 09:49 11.0 05:58 7.6 0.0 0.0 11.3 57.6 03:58 302 02 16.0 21.4 10:18 10.8 06:09 4.0 0.0 0.0 7.8 36.7 17:24 270 03 15.6 20.9 14:49 12.4 04:58 4.4 0.0 0.0 4.7 34.2 12:39 257 04 17.1 23.4 16:34 12.3 01:49 2.9 0.0 0.0 2.3 17.3 15:58 152 05 17.9 25.3 15:44 13.5 02:29 2.1 0.0 0.0 2.8 24.5 13:29 128 06 18.6 26.2 17:38 12.2 03:44 1.4 0.0 0.0 6.1 34.2 22:34 267 07 17.1 24.3 13:29 11.3 23:54 2.9 0.0 12.0 3.6 66.2 15:24 137 08 16.8 25.6 12:58 10.4 02:44 3.2 0.0 0.3 2.5 14.8 17:14 193 09 17.7 25.7 17:09 10.1 02:38 2.3 0.0 0.0 2.8 17.3 14:54 171 10 19.7 30.4 19:04 11.8 06:09 0.3 0.0 0.0 2.7 15.8 14:58 174 11 19.9 28.6 16:09 12.2 04:09 0.1 0.0 0.0 2.6 17.3 16:38 194 12 20.5 28.3 17:44 12.4 05:58 0.0 0.5 0.0 2.6 14.8 14:24 177 13 18.5 22.5 17:50 16.5 22:51 1.5 0.0 0.0 25.5 61.2 23:31 286 14 18.4 23.3 11:56 13.1 06:01 1.6 0.0 0.6 16.1 62.3 14:11 284 15 16.5 21.1 10:28 10.7 23:33 3.5 0.0 3.0 8.6 42.8 01:23 292 16 14.4 23.9 17:17 10.2 03:33 5.6 0.0 0.6 1.8 17.3 17:43 168 17 19.1 26.2 18:18 13.0 06:23 0.9 0.0 0.0 4.4 25.6 16:37 113 18 18.3 26.0 18:58 12.6 05:48 1.7 0.0 0.0 2.5 19.4 13:43 149 19 18.7 24.7 15:58 13.2 04:49 1.3 0.0 0.0 5.5 37.8 19:58 290 20 16.1 21.3 17:38 9.1 23:29 3.9 0.0 0.0 7.7 55.1 15:18 278 21 11.0 17.8 13:44 8.5 22:54 9.0 0.0 6.9 2.3 17.3 15:34 266 22 11.0 16.2 11:58 8.3 01:49 9.0 0.0 5.7 2.4 13.3 07:58 312 23 11.0 14.5 12:18 9.1 01:29 9.0 0.0 2.7 2.2 15.8 13:54 148 24 14.2 24.3 18:34 8.1 03:34 5.8 0.0 0.0 2.5 17.3 15:54 126 25 15.3 23.3 11:09 9.1 05:44 4.7 0.0 0.0 5.2 30.6 15:49 259 26 14.9 23.9 18:49 11.4 22:38 5.1 0.0 0.9 2.8 22.0 13:38 129 27 16.0 24.8 18:34 10.9 02:49 4.0 0.0 0.0 3.7 29.5 12:24 115 28 16.7 26.2 18:34 8.7 05:54 3.3 0.0 0.0 2.6 20.9 13:38 158 29 17.0 24.4 15:54 9.7 06:14 3.0 0.0 0.0 5.5 25.6 17:09 279 30 16.8 22.2 15:54 10.9 05:54 3.2 0.0 0.0 8.2 31.7 16:38 279 31 17.7 25.8 17:54 10.6 04:44 2.3 0.0 0.0 3.5 22.0 14:34 269 --------------------------------------------------------------------------------------- 16.4 30.4 10 8.1 24 109.7 0.5 32.7 4.8 66.2 07 269 Updated: 13/08/19 15:31:01