MONTHLY CLIMATOLOGICAL SUMMARY for Jun 2015 NAME: Tosca, Varsi (Parma) ELEV: 650 metri LAT: 44-37.15 N LONG: 009-49.14 E TEMPERATURE (°C), RAIN (mm), WIND SPEED (km/h) HEAT COOL AVG MEAN DEG DEG WIND DOM DAY TEMP HIGH TIME LOW TIME DAYS DAYS RAIN SPEED HIGH TIME DIR --------------------------------------------------------------------------------------- 01 19.1 27.2 19:24 11.3 05:58 0.9 0.0 0.0 2.7 15.8 17:04 152 02 20.9 31.1 17:58 12.1 05:44 0.0 0.9 0.0 3.2 24.5 19:09 243 03 22.7 31.9 18:49 14.6 05:49 0.0 2.7 0.0 2.9 19.4 15:34 141 04 24.0 32.0 19:24 16.3 04:49 0.0 4.0 0.0 3.8 24.5 10:49 117 05 25.0 32.2 17:49 17.7 05:18 0.0 5.0 0.0 3.7 24.5 16:38 143 06 25.0 32.4 16:24 17.6 04:54 0.0 5.0 0.0 3.5 22.0 14:34 134 07 24.6 31.1 17:09 18.2 05:24 0.0 4.6 0.0 4.5 28.1 17:38 125 08 22.5 29.4 17:34 16.6 05:29 0.0 2.5 0.0 3.4 20.9 15:38 147 09 18.5 25.9 12:37 15.0 02:38 1.5 0.0 0.0 2.1 20.9 00:18 262 10 18.6 27.5 13:12 13.3 22:47 1.4 0.0 1.5 3.0 39.2 15:12 224 11 20.1 29.6 16:27 13.0 02:56 0.0 0.1 0.0 2.6 17.3 15:22 156 12 20.1 26.0 14:56 15.2 05:16 0.0 0.1 0.0 2.5 29.5 11:02 251 13 21.9 29.1 17:54 15.5 05:29 0.0 1.9 0.0 3.5 28.1 13:29 151 14 19.7 25.0 11:54 15.7 05:34 0.3 0.0 0.0 4.8 31.7 11:54 291 15 20.2 25.2 16:29 16.0 05:38 0.0 0.2 0.0 7.5 45.4 13:09 285 16 18.9 23.7 17:14 14.6 03:58 1.1 0.0 0.0 7.5 40.3 15:44 280 17 17.5 26.8 18:54 12.5 03:34 2.5 0.0 0.6 4.8 34.2 11:54 116 18 20.8 29.8 17:49 13.3 01:04 0.0 0.8 0.0 2.3 15.8 17:44 160 19 19.9 27.5 13:49 14.2 05:54 0.1 0.0 10.5 3.0 22.0 23:58 236 20 19.1 27.4 16:58 13.5 23:29 0.9 0.0 0.0 3.4 25.6 19:04 89 21 19.3 28.1 17:09 12.1 05:44 0.7 0.0 0.0 2.7 18.4 14:24 207 22 18.6 24.8 17:09 13.5 04:58 1.4 0.0 0.0 4.4 29.5 23:34 263 23 20.6 25.4 16:34 13.8 23:58 0.0 0.6 6.0 10.8 49.0 16:44 278 24 16.7 24.6 18:44 11.9 05:54 3.3 0.0 0.6 5.4 30.6 04:58 119 25 18.8 26.7 17:38 10.3 05:04 1.2 0.0 0.0 3.0 19.4 13:38 141 26 21.2 30.8 17:49 13.0 05:04 0.0 1.2 0.0 2.6 13.3 11:58 223 27 22.6 29.6 15:04 15.4 05:24 0.0 2.6 0.0 4.5 24.5 20:24 274 28 23.5 32.4 18:04 15.8 05:29 0.0 3.5 0.0 2.6 20.9 12:49 123 29 23.1 30.4 17:38 16.5 05:49 0.0 3.1 0.0 2.6 19.4 15:09 130 30 23.7 30.9 18:54 16.9 06:09 0.0 3.7 0.0 3.4 20.9 14:09 138 --------------------------------------------------------------------------------------- 20.9 32.4 06 10.3 25 15.3 42.6 19.2 3.9 49.0 23 219 Updated: 13/08/19 15:31:01