MONTHLY CLIMATOLOGICAL SUMMARY for Jul 2015 NAME: Tosca, Varsi (Parma) ELEV: 650 metri LAT: 44-37.15 N LONG: 009-49.14 E TEMPERATURE (°C), RAIN (mm), WIND SPEED (km/h) HEAT COOL AVG MEAN DEG DEG WIND DOM DAY TEMP HIGH TIME LOW TIME DAYS DAYS RAIN SPEED HIGH TIME DIR --------------------------------------------------------------------------------------- 01 24.2 31.0 14:54 17.2 05:49 0.0 4.2 0.0 2.3 14.8 14:58 149 02 26.1 34.4 16:44 19.1 04:58 0.0 6.1 0.0 2.1 20.9 14:49 163 03 26.4 34.2 16:24 20.2 05:29 0.0 6.4 0.0 3.7 34.2 17:54 133 04 27.8 34.8 17:29 20.4 02:38 0.0 7.8 0.0 3.2 25.6 04:34 140 05 27.3 35.1 16:44 20.5 05:38 0.0 7.3 0.0 2.6 17.3 11:04 137 06 28.6 36.8 16:28 21.8 05:28 0.0 8.6 0.0 3.0 20.9 12:28 252 07 28.0 35.1 16:28 21.5 04:57 0.0 8.0 0.0 3.6 20.9 18:28 270 08 24.9 28.5 16:28 20.9 23:57 0.0 4.9 0.0 9.7 39.2 16:57 287 09 22.4 29.6 16:57 19.2 23:57 0.0 2.4 0.0 3.3 18.4 17:28 112 10 22.8 30.1 16:57 16.2 05:28 0.0 2.8 0.0 4.0 20.9 11:57 144 11 24.2 31.5 16:28 15.6 05:28 0.0 4.2 0.0 3.7 19.4 15:28 242 12 25.9 34.3 16:28 18.3 05:57 0.0 5.9 0.0 4.1 19.4 14:57 281 13 25.9 33.7 17:57 18.4 04:57 0.0 5.9 0.0 2.4 17.3 16:28 106 14 26.5 35.0 18:57 19.5 05:28 0.0 6.5 0.0 3.4 18.4 15:28 105 15 26.9 34.8 14:28 19.3 05:28 0.0 6.9 0.0 3.7 18.4 16:57 260 16 27.8 35.8 16:57 20.0 05:57 0.0 7.8 0.0 3.9 20.9 12:28 192 17 27.4 34.2 15:57 19.9 05:28 0.0 7.4 0.0 4.6 27.0 15:28 266 18 27.9 35.4 17:28 20.4 05:57 0.0 7.9 0.0 4.1 20.9 16:28 251 19 26.9 32.8 16:28 20.2 04:57 0.0 6.9 0.0 5.5 28.1 16:28 273 20 27.7 35.6 16:57 19.6 05:57 0.0 7.7 0.0 5.4 18.4 02:57 287 21 28.0 37.1 17:57 20.3 05:28 0.0 8.0 0.0 3.5 20.9 14:57 122 22 27.7 35.7 13:28 21.3 05:28 0.0 7.7 0.0 2.9 13.3 14:28 143 23 20.1 24.2 19:54 18.5 22:53 0.0 0.1 0.0 2.3 5.0 19:24 184 24 23.3 32.2 14:53 18.7 01:24 0.0 3.3 7.5 3.1 19.4 15:24 157 25 23.4 28.4 17:53 19.9 04:53 0.0 3.4 0.3 8.4 31.7 03:24 296 26 23.2 28.7 14:24 16.3 05:53 0.0 3.2 0.0 3.4 13.3 14:24 129 27 23.6 28.8 15:53 19.1 02:53 0.0 3.6 0.0 8.7 36.7 17:24 289 28 22.9 30.8 16:53 15.8 04:53 0.0 2.9 0.0 6.2 28.1 19:53 278 29 22.8 29.8 16:24 16.3 05:24 0.0 2.8 0.0 9.0 36.7 09:53 286 30 22.3 28.0 14:53 17.0 05:24 0.0 2.3 0.0 2.5 17.3 17:24 160 31 19.3 23.6 17:20 16.2 05:25 0.7 0.0 0.0 3.7 25.6 11:50 118 --------------------------------------------------------------------------------------- 25.3 37.1 21 15.6 11 0.7 163.1 7.8 4.3 39.2 08 261 Updated: 13/08/19 15:31:01