MONTHLY CLIMATOLOGICAL SUMMARY for Aug 2015 NAME: Tosca, Varsi (Parma) ELEV: 650 metri LAT: 44-37.15 N LONG: 009-49.14 E TEMPERATURE (°C), RAIN (mm), WIND SPEED (km/h) HEAT COOL AVG MEAN DEG DEG WIND DOM DAY TEMP HIGH TIME LOW TIME DAYS DAYS RAIN SPEED HIGH TIME DIR --------------------------------------------------------------------------------------- 01 18.6 21.9 18:15 15.8 00:00 1.4 0.0 0.6 2.2 83.2 13:15 291 02 20.6 28.2 17:30 13.6 05:40 0.0 0.6 0.0 3.2 28.1 15:10 108 03 23.9 32.7 16:30 16.2 05:30 0.0 3.9 0.3 3.4 22.0 15:15 111 04 25.5 34.0 16:50 17.7 06:05 0.0 5.5 0.0 2.7 20.9 15:10 101 05 25.9 32.7 16:30 19.1 06:00 0.0 5.9 0.0 4.1 30.6 12:40 118 06 27.4 35.6 16:15 19.6 05:45 0.0 7.4 0.0 4.1 28.1 16:35 119 07 27.5 35.2 17:40 20.6 06:15 0.0 7.5 0.0 4.9 35.6 15:05 113 08 27.6 35.5 16:30 20.0 05:00 0.0 7.6 0.0 4.5 30.6 13:00 120 09 23.6 33.4 13:10 18.4 21:05 0.0 3.6 2.1 2.6 29.5 12:15 157 10 18.4 21.2 01:40 15.9 21:25 1.6 0.0 21.6 1.6 22.0 03:30 209 11 22.7 31.0 18:15 15.7 02:15 0.0 2.7 0.0 4.1 31.7 13:25 113 12 25.3 33.8 16:55 17.6 06:35 0.0 5.3 0.0 3.1 22.0 14:55 137 13 26.0 34.7 18:15 18.6 04:40 0.0 6.0 0.0 3.4 166.3 16:40 198 14 24.1 30.2 11:20 19.5 23:50 0.0 4.1 0.0 3.6 24.5 12:30 261 15 20.6 25.8 16:00 16.7 06:40 0.0 0.6 1.2 3.4 167.8 06:30 238 16 17.4 23.7 13:00 14.2 00:00 2.6 0.0 7.2 2.5 33.1 15:00 231 17 18.6 25.1 14:45 12.5 04:15 1.4 0.0 0.0 6.0 39.2 16:10 261 18 19.5 25.5 12:50 14.5 02:50 0.5 0.0 0.0 4.4 45.4 14:40 274 19 17.3 23.1 17:30 13.4 23:50 2.7 0.0 3.6 2.2 19.4 17:35 163 20 19.6 29.1 18:00 11.8 04:20 0.4 0.0 0.0 2.2 19.4 14:15 151 21 18.9 25.4 17:40 14.7 04:30 1.1 0.0 0.0 3.9 27.0 13:40 119 22 19.1 26.6 16:00 12.4 05:45 0.9 0.0 0.0 3.3 24.5 15:40 132 23 17.9 24.5 12:35 14.6 04:05 2.1 0.0 1.5 1.7 28.1 13:15 202 24 19.3 27.4 17:10 15.2 04:50 0.7 0.0 7.8 2.6 17.3 16:00 253 25 21.0 26.8 18:15 13.9 00:00 0.0 1.0 0.3 4.0 28.1 14:30 262 26 20.1 28.2 17:15 13.6 01:00 0.0 0.1 0.0 3.0 24.5 13:50 141 27 21.6 29.6 14:05 15.4 06:35 0.0 1.6 0.0 1.8 15.8 15:00 160 28 23.3 32.7 16:55 15.2 06:20 0.0 3.3 0.0 3.0 23.4 17:05 182 29 24.6 33.1 17:30 17.3 06:20 0.0 4.6 0.0 3.1 23.4 13:10 135 30 24.6 34.6 17:15 18.3 05:25 0.0 4.6 0.0 2.2 15.8 14:30 184 31 24.1 31.0 16:25 16.9 06:20 0.0 4.1 0.0 4.7 25.6 15:25 259 --------------------------------------------------------------------------------------- 22.1 35.6 06 11.8 20 15.5 80.0 46.2 3.3 167.8 15 168 Updated: 13/08/19 15:31:01