MONTHLY CLIMATOLOGICAL SUMMARY for Dec 2015 NAME: Tosca, Varsi (Parma) ELEV: 650 metri LAT: 44-37.15 N LONG: 009-49.14 E TEMPERATURE (°C), RAIN (mm), WIND SPEED (km/h) HEAT COOL AVG MEAN DEG DEG WIND DOM DAY TEMP HIGH TIME LOW TIME DAYS DAYS RAIN SPEED HIGH TIME DIR --------------------------------------------------------------------------------------- 01 9.8 15.2 14:50 7.2 06:15 10.2 0.0 0.0 4.9 40.3 12:35 213 02 9.0 20.4 11:55 5.6 22:55 11.0 0.0 0.0 1.3 13.3 14:20 190 03 7.1 16.8 11:50 4.2 08:00 12.9 0.0 0.0 1.0 6.1 12:25 181 04 7.1 12.8 11:50 3.6 07:10 12.9 0.0 0.0 2.6 30.6 14:40 238 05 6.3 11.1 13:50 3.9 22:00 13.7 0.0 0.0 0.6 7.2 14:00 171 06 7.0 9.6 14:25 4.2 00:15 13.0 0.0 0.0 0.9 9.7 02:30 162 07 7.1 14.7 11:10 4.8 18:30 12.9 0.0 0.0 0.8 9.7 13:05 278 08 09 10 11 9.2 13.5 11:39 5.7 22:54 10.8 0.0 0.0 8.1 37.8 15:04 242 12 9.0 11.4 11:29 6.6 23:59 11.0 0.0 0.0 11.1 40.3 14:39 247 13 6.9 8.4 13:04 5.2 22:39 13.1 0.0 0.0 1.4 8.6 00:44 179 14 5.6 6.8 15:29 4.4 04:59 14.4 0.0 0.3 0.6 8.6 12:29 318 15 6.3 7.9 13:14 4.3 01:29 13.7 0.0 0.3 1.0 7.2 09:44 194 16 7.6 12.3 12:01 5.2 00:01 12.4 0.0 0.0 0.7 8.6 15:01 180 17 6.8 13.2 11:31 4.4 06:21 13.2 0.0 0.0 1.0 5.0 05:51 179 18 9.2 12.1 12:41 5.5 03:56 10.8 0.0 0.3 3.9 28.1 15:26 229 19 7.8 12.7 14:36 5.9 04:21 12.2 0.0 0.0 1.4 13.3 15:46 170 20 8.0 16.6 12:01 5.3 06:41 12.0 0.0 0.3 1.3 5.0 16:11 177 21 9.2 10.8 23:35 6.6 00:31 10.8 0.0 0.0 3.0 23.4 18:48 135 22 11.0 13.9 11:27 7.8 07:18 9.0 0.0 0.0 6.5 34.2 12:17 251 23 10.3 12.1 10:27 7.4 23:25 9.7 0.0 0.9 3.1 24.5 08:27 285 24 7.0 8.0 19:32 6.1 06:37 13.0 0.0 10.5 0.9 8.6 11:52 290 25 8.1 11.1 13:07 6.5 23:47 11.9 0.0 0.0 0.7 5.0 00:57 205 26 6.3 15.6 11:42 3.7 04:12 13.7 0.0 0.0 1.0 6.1 13:32 182 27 6.5 15.5 11:42 3.9 05:42 13.5 0.0 0.3 1.2 5.0 07:17 177 28 6.7 14.7 11:52 3.9 05:07 13.3 0.0 0.0 1.4 5.0 15:52 174 29 6.8 11.0 11:47 3.3 03:47 13.2 0.0 0.0 5.1 34.2 11:22 220 30 5.2 11.3 11:52 1.8 19:13 14.8 0.0 0.0 1.5 14.8 14:03 240 31 2.5 5.0 12:50 0.7 20:11 17.5 0.0 0.0 1.3 11.2 01:52 216 --------------------------------------------------------------------------------------- 7.4 20.4 02 0.7 31 350.6 0.0 12.9 2.3 40.3 01 218 Updated: 13/08/19 15:31:01