MONTHLY CLIMATOLOGICAL SUMMARY for Jan 2016 NAME: Tosca, Varsi (Parma) ELEV: 650 metri LAT: 44-37.15 N LONG: 009-49.14 E TEMPERATURE (°C), RAIN (mm), WIND SPEED (km/h) HEAT COOL AVG MEAN DEG DEG WIND DOM DAY TEMP HIGH TIME LOW TIME DAYS DAYS RAIN SPEED HIGH TIME DIR --------------------------------------------------------------------------------------- 01 1.7 12.5 11:36 -0.6 05:16 18.3 0.0 0.0 0.9 7.2 23:31 185 02 0.6 2.2 09:56 -0.7 19:16 19.4 0.0 7.2 1.2 12.2 16:46 278 03 0.5 5.6 11:06 -0.9 20:21 19.5 0.0 2.4 0.7 8.6 20:36 290 04 0.2 1.1 14:58 -0.9 08:02 19.8 0.0 0.3 0.0 0.0 00:04 90 05 0.3 1.0 01:53 -0.4 08:53 19.7 0.0 0.0 0.5 78.5 10:53 342 06 1.4 3.6 13:53 0.2 23:28 18.6 0.0 6.0 0.8 7.2 13:23 257 07 3.8 8.6 14:23 -0.1 03:08 16.2 0.0 0.9 2.5 19.4 08:43 170 08 3.1 4.7 12:58 1.6 06:13 16.9 0.0 0.9 1.2 9.7 00:48 250 09 2.6 3.3 14:28 1.9 04:23 17.4 0.0 15.6 1.6 13.3 15:58 281 10 9.6 12.4 11:13 2.8 02:33 10.4 0.0 0.3 7.1 40.3 07:48 13 11 10.8 11.9 10:23 9.1 23:48 9.2 0.0 12.0 14.8 79.6 12:03 51 12 9.2 15.3 12:08 7.1 23:18 10.8 0.0 0.0 10.0 39.2 01:13 261 13 6.9 10.3 12:08 4.1 21:45 13.1 0.0 0.0 9.3 37.8 06:18 268 14 2.1 5.5 10:11 0.3 20:06 17.9 0.0 2.7 1.3 15.8 04:36 175 15 1.7 6.4 12:16 -1.6 05:31 18.3 0.0 3.0 4.8 34.2 14:01 264 16 1.8 8.9 12:21 -2.1 08:46 18.2 0.0 0.6 4.2 28.1 18:31 215 17 1.6 6.5 11:46 -3.3 23:56 18.4 0.0 0.0 7.8 43.9 13:16 291 18 -2.0 7.4 11:56 -6.7 07:36 22.0 0.0 0.0 1.4 8.6 14:54 177 19 -2.3 10.0 11:33 -5.9 07:03 22.3 0.0 0.0 1.3 9.7 12:08 181 20 -1.2 3.7 15:18 -3.9 02:53 21.2 0.0 0.0 1.1 12.2 13:13 205 21 -0.4 8.6 11:58 -3.1 00:03 20.4 0.0 0.0 1.3 11.2 12:53 201 22 -1.0 4.2 14:52 -3.9 04:03 21.0 0.0 0.0 1.1 8.6 13:26 200 23 1.3 7.7 11:14 -2.1 00:04 18.7 0.0 0.0 1.5 9.7 05:24 177 24 5.9 12.7 13:34 -0.4 00:14 14.1 0.0 0.0 3.9 30.6 15:54 190 25 6.6 11.3 13:39 3.2 05:29 13.4 0.0 0.0 6.7 33.1 12:44 258 26 8.3 12.1 10:59 3.6 01:39 11.7 0.0 0.0 11.1 46.4 11:19 253 27 10.1 12.1 11:59 8.9 00:59 9.9 0.0 0.0 11.1 40.3 11:34 243 28 10.2 11.3 13:29 8.8 04:14 9.8 0.0 0.0 7.4 46.4 23:19 278 29 10.1 12.1 10:49 7.8 22:19 9.9 0.0 0.0 9.5 37.8 15:59 267 30 9.4 10.3 20:14 7.9 01:04 10.6 0.0 0.6 5.7 76.0 23:34 281 31 9.5 13.3 11:54 7.0 22:24 10.5 0.0 0.0 9.9 54.0 08:54 274 --------------------------------------------------------------------------------------- 4.0 15.3 12 -6.7 18 497.6 0.0 52.5 4.6 79.6 11 260 Updated: 13/08/19 15:31:01