MONTHLY CLIMATOLOGICAL SUMMARY for Feb 2016 NAME: Tosca, Varsi (Parma) ELEV: 650 metri LAT: 44-37.15 N LONG: 009-49.14 E TEMPERATURE (°C), RAIN (mm), WIND SPEED (km/h) HEAT COOL AVG MEAN DEG DEG WIND DOM DAY TEMP HIGH TIME LOW TIME DAYS DAYS RAIN SPEED HIGH TIME DIR --------------------------------------------------------------------------------------- 01 12.1 18.9 11:49 7.5 19:44 7.9 0.0 0.0 5.0 52.6 03:29 270 02 10.2 11.8 13:29 7.7 00:04 9.8 0.0 0.0 2.7 17.3 13:34 115 03 8.9 10.5 10:49 5.1 18:14 11.1 0.0 0.6 8.1 47.9 21:44 296 04 7.0 11.0 11:53 4.6 04:39 13.0 0.0 0.0 7.1 43.9 01:29 295 05 6.9 14.8 12:27 2.7 07:27 13.1 0.0 0.0 1.9 20.9 12:57 132 06 5.0 9.0 12:41 2.2 04:27 15.0 0.0 1.5 2.1 19.4 23:57 169 07 4.6 9.1 13:02 2.9 04:27 15.4 0.0 31.5 2.8 28.1 12:42 280 08 7.2 11.1 14:32 4.3 03:57 12.8 0.0 6.0 5.3 35.6 14:17 256 09 9.6 10.9 09:52 7.2 19:47 10.4 0.0 21.0 10.6 56.2 04:12 313 10 7.1 10.8 01:42 2.2 20:52 12.9 0.0 0.0 11.4 49.0 12:27 277 11 4.1 14.1 12:02 -0.6 07:32 15.9 0.0 0.0 2.6 27.0 00:02 167 12 2.5 6.3 12:21 0.3 19:27 17.5 0.0 6.6 1.1 9.7 11:01 279 13 3.3 9.0 11:47 -2.0 05:13 16.7 0.0 14.1 3.2 40.3 16:47 265 14 2.8 4.3 04:43 1.8 01:08 17.2 0.0 10.8 2.0 12.2 11:13 265 15 2.9 4.3 14:53 2.0 07:58 17.1 0.0 7.5 2.9 22.0 18:08 113 16 3.4 4.5 15:03 1.3 09:23 16.6 0.0 19.2 12.6 52.6 19:08 104 17 3.1 7.3 15:17 0.2 07:08 16.9 0.0 7.2 2.9 27.0 00:08 103 18 5.7 12.5 11:13 1.1 07:33 14.3 0.0 0.0 3.2 25.6 21:18 254 19 6.3 11.1 11:33 2.1 23:58 13.7 0.0 0.0 6.5 50.0 01:28 262 20 6.0 14.0 11:53 0.2 06:23 14.0 0.0 0.0 5.2 39.2 23:38 243 21 9.4 12.1 14:28 6.0 00:23 10.6 0.0 0.0 18.9 64.8 10:23 269 22 10.9 14.6 15:23 8.2 02:58 9.1 0.0 0.0 12.4 54.0 09:03 255 23 10.3 13.6 12:58 6.9 21:38 9.7 0.0 2.1 5.5 28.1 16:53 261 24 7.3 11.2 11:23 5.2 06:28 12.7 0.0 2.4 4.0 23.4 00:18 121 25 4.8 6.5 13:28 3.3 06:58 15.2 0.0 2.4 1.5 12.2 05:03 315 26 3.9 4.5 00:03 3.4 20:15 16.1 0.0 1.5 3.3 14.8 11:02 100 27 1.9 3.7 00:01 0.6 16:06 18.1 0.0 3.0 2.2 18.4 13:01 103 28 4.4 6.8 22:40 1.1 00:22 15.6 0.0 50.7 5.2 49.0 23:21 116 29 6.5 8.4 14:10 5.6 23:35 13.5 0.0 24.6 8.1 46.4 01:50 122 --------------------------------------------------------------------------------------- 6.2 18.9 01 -2.0 13 401.9 0.0 212.7 5.6 64.8 21 253 Updated: 13/08/19 15:31:01