MONTHLY CLIMATOLOGICAL SUMMARY for Mar 2016 NAME: Tosca, Varsi (Parma) ELEV: 650 metri LAT: 44-37.15 N LONG: 009-49.14 E TEMPERATURE (°C), RAIN (mm), WIND SPEED (km/h) HEAT COOL AVG MEAN DEG DEG WIND DOM DAY TEMP HIGH TIME LOW TIME DAYS DAYS RAIN SPEED HIGH TIME DIR --------------------------------------------------------------------------------------- 01 8.3 17.4 16:20 3.2 07:15 11.7 0.0 0.3 2.2 20.9 13:40 190 02 8.5 15.7 10:36 3.5 23:56 11.5 0.0 7.2 5.8 40.3 13:26 266 03 6.5 12.1 16:01 1.1 01:46 13.5 0.0 4.2 9.2 41.8 05:21 289 04 6.4 11.5 13:18 1.2 07:21 13.6 0.0 0.6 5.8 30.6 13:45 274 05 6.6 8.4 11:18 4.9 13:53 13.4 0.0 29.4 9.3 47.9 05:38 96 06 5.7 10.2 12:18 0.4 23:23 14.3 0.0 0.0 4.5 34.2 00:08 275 07 3.0 9.3 09:33 -1.2 06:48 17.0 0.0 1.2 2.4 19.4 20:13 212 08 1.4 3.8 13:03 -0.1 23:43 18.6 0.0 4.8 1.4 14.8 16:03 163 09 1.3 3.7 17:13 -0.3 02:38 18.7 0.0 8.1 0.8 11.2 13:33 173 10 5.5 12.1 11:21 1.4 03:08 14.5 0.0 0.6 2.9 20.9 11:56 125 11 5.1 7.4 15:28 3.7 05:33 14.9 0.0 1.5 4.5 28.1 12:23 117 12 7.5 13.3 10:18 4.1 01:03 12.5 0.0 0.0 6.6 34.2 16:43 127 13 6.0 8.9 10:48 3.7 02:58 14.0 0.0 0.3 9.7 35.6 11:23 108 14 5.9 9.7 15:58 2.4 23:58 14.1 0.0 0.0 11.1 49.0 11:58 111 15 7.0 14.8 12:38 0.8 06:28 13.0 0.0 3.9 3.3 31.7 22:33 136 16 2.1 2.8 22:23 0.9 09:23 17.9 0.0 7.2 16.3 43.9 12:13 105 17 4.5 10.6 17:32 1.9 22:52 15.5 0.0 1.2 5.3 25.6 11:15 121 18 8.5 17.8 16:49 1.3 06:03 11.5 0.0 0.0 2.5 19.4 12:54 166 19 10.9 18.6 11:44 4.6 04:14 9.1 0.0 0.0 6.0 29.5 14:19 244 20 9.8 14.8 09:54 4.9 06:04 10.2 0.0 0.0 5.7 45.4 12:19 264 21 9.7 16.7 17:19 6.2 23:29 10.3 0.0 0.0 3.4 20.9 14:49 140 22 8.4 13.2 10:19 5.4 04:29 11.6 0.0 0.0 8.1 28.1 10:44 95 23 6.8 11.7 16:19 3.1 21:49 13.2 0.0 0.0 15.4 56.2 11:14 99 24 8.6 18.0 17:39 1.3 05:14 11.4 0.0 0.0 3.4 20.9 15:49 146 25 8.6 13.6 14:59 5.0 02:49 11.4 0.0 0.0 7.1 31.7 10:09 257 26 10.6 18.4 15:34 3.0 06:29 9.4 0.0 0.0 3.3 22.0 15:39 132 27 10.3 15.6 13:19 6.2 06:44 9.7 0.0 0.0 6.2 34.2 12:09 267 28 10.3 14.5 16:19 7.2 06:09 9.7 0.0 1.5 5.7 37.8 14:09 278 29 12.1 15.8 15:59 9.5 00:29 7.9 0.0 0.0 12.9 49.0 13:24 278 30 11.8 15.7 18:29 8.0 23:19 8.2 0.0 0.0 6.1 31.7 02:29 297 31 12.3 17.5 11:59 7.7 02:44 7.7 0.0 0.0 4.7 28.1 17:49 113 --------------------------------------------------------------------------------------- 7.4 18.6 19 -1.2 07 390.2 0.0 72.0 6.2 56.2 23 131 Updated: 13/08/19 15:31:01