MONTHLY CLIMATOLOGICAL SUMMARY for Apr 2016 NAME: Tosca, Varsi (Parma) ELEV: 650 metri LAT: 44-37.15 N LONG: 009-49.14 E TEMPERATURE (°C), RAIN (mm), WIND SPEED (km/h) HEAT COOL AVG MEAN DEG DEG WIND DOM DAY TEMP HIGH TIME LOW TIME DAYS DAYS RAIN SPEED HIGH TIME DIR --------------------------------------------------------------------------------------- 01 11.8 18.1 16:29 7.2 06:14 8.2 0.0 0.0 3.4 23.4 17:34 109 02 12.1 15.9 15:24 9.7 23:59 7.9 0.0 0.0 3.9 23.4 12:39 118 03 13.3 20.6 13:14 7.2 04:59 6.7 0.0 0.0 3.5 24.5 14:44 115 04 14.2 20.0 11:09 9.4 06:59 5.8 0.0 0.0 3.4 20.9 18:39 232 05 12.8 19.1 16:44 7.2 05:09 7.2 0.0 0.0 3.0 18.4 18:19 186 06 14.4 21.5 16:14 8.5 05:09 5.6 0.0 0.0 3.4 22.0 17:19 137 07 14.4 21.2 13:39 10.3 05:09 5.6 0.0 0.0 3.1 19.4 15:34 112 08 12.7 17.1 15:34 8.7 23:59 7.3 0.0 0.0 3.3 23.4 16:24 161 09 10.5 17.3 12:44 4.9 07:14 9.5 0.0 0.0 4.1 24.5 16:49 116 10 12.3 20.7 17:45 5.3 06:29 7.7 0.0 0.0 4.3 25.6 15:37 191 11 12.9 20.1 16:17 6.9 06:09 7.1 0.0 0.0 6.2 49.0 12:33 276 12 13.7 20.2 17:57 7.9 00:28 6.3 0.0 0.0 7.7 41.8 04:33 264 13 14.3 20.3 17:17 8.4 07:01 5.7 0.0 0.0 6.6 43.9 21:04 276 14 14.7 22.5 13:33 8.7 06:52 5.3 0.0 0.6 7.2 37.8 03:14 265 15 13.6 18.4 16:37 8.9 01:30 6.4 0.0 0.0 9.5 42.8 07:33 286 16 14.1 18.8 17:34 10.1 02:56 5.9 0.0 0.0 8.7 57.6 12:48 283 17 14.8 20.4 15:52 11.6 01:05 5.2 0.0 0.0 6.7 40.3 06:30 24 18 14.6 19.5 16:21 9.3 22:50 5.4 0.0 0.0 8.3 45.4 04:26 298 19 11.7 25.4 18:26 4.7 04:42 8.3 0.0 2.1 3.6 25.6 10:44 155 20 13.6 20.6 15:50 7.8 06:08 6.4 0.0 0.0 4.7 28.1 14:16 128 21 12.5 19.7 13:17 6.2 05:05 7.5 0.0 0.0 3.6 20.9 11:47 145 22 13.8 18.9 16:42 10.0 06:37 6.2 0.0 0.0 7.5 34.2 18:42 274 23 12.3 15.6 17:52 9.6 06:17 7.7 0.0 1.5 5.2 28.1 11:42 269 24 11.5 18.7 12:12 5.3 23:37 8.5 0.0 14.7 5.3 36.7 19:42 102 25 8.8 21.8 19:02 0.8 05:57 11.2 0.0 6.9 6.6 30.6 23:22 282 26 9.4 14.3 17:46 5.0 04:17 10.6 0.0 0.3 7.1 36.7 10:17 256 27 11.0 15.3 16:17 5.6 23:22 9.0 0.0 0.0 9.6 51.5 09:07 272 28 8.2 12.1 13:37 3.8 05:22 11.8 0.0 0.0 2.3 15.8 13:32 251 29 10.4 17.8 17:52 5.2 02:47 9.6 0.0 0.0 3.9 22.0 14:12 117 30 11.4 18.5 16:22 5.8 06:17 8.6 0.0 8.1 3.0 20.9 17:12 294 --------------------------------------------------------------------------------------- 12.5 25.4 19 0.8 25 224.4 0.0 34.2 5.3 57.6 16 262 Updated: 13/08/19 15:31:01