MONTHLY CLIMATOLOGICAL SUMMARY for May 2016 NAME: Tosca, Varsi (Parma) ELEV: 650 metri LAT: 44-37.15 N LONG: 009-49.14 E TEMPERATURE (°C), RAIN (mm), WIND SPEED (km/h) HEAT COOL AVG MEAN DEG DEG WIND DOM DAY TEMP HIGH TIME LOW TIME DAYS DAYS RAIN SPEED HIGH TIME DIR --------------------------------------------------------------------------------------- 01 7.9 10.0 08:57 5.0 05:17 12.1 0.0 1.8 2.4 22.0 14:32 277 02 9.4 18.7 19:07 6.9 05:17 10.6 0.0 12.9 3.6 29.5 11:32 143 03 14.7 25.6 18:52 6.8 02:52 5.3 0.0 0.0 3.0 25.6 23:57 196 04 15.3 23.5 16:42 7.6 05:17 4.7 0.0 0.0 3.7 19.4 00:47 128 05 12.6 19.6 16:52 7.9 02:42 7.4 0.0 0.0 6.9 30.6 14:26 105 06 14.6 23.1 16:52 6.9 05:27 5.4 0.0 0.0 4.2 20.9 12:22 138 07 13.8 22.9 12:37 9.0 02:32 6.2 0.0 2.4 3.1 23.4 14:22 171 08 14.1 20.3 13:57 9.4 06:02 5.9 0.0 0.0 2.6 25.6 13:37 142 09 12.8 15.6 15:26 10.0 06:12 7.2 0.0 2.1 1.5 18.4 16:01 187 10 14.2 20.1 14:52 11.7 05:57 5.8 0.0 2.1 1.6 15.8 16:42 299 11 13.4 16.3 16:42 12.0 22:42 6.6 0.0 20.4 3.3 17.3 07:52 106 12 12.9 16.2 12:17 10.8 06:22 7.1 0.0 5.4 8.5 41.8 08:47 272 13 13.1 16.9 12:17 10.6 05:26 6.9 0.0 0.6 9.1 31.7 10:17 284 14 14.3 21.4 12:32 10.3 04:52 5.7 0.0 1.2 5.9 29.5 16:32 278 15 15.4 25.1 18:58 8.7 06:12 4.6 0.0 0.3 2.5 23.4 13:49 195 16 12.1 20.7 17:05 8.5 08:18 7.9 0.0 0.0 3.4 19.4 14:56 94 17 14.0 23.9 18:02 6.0 05:48 6.0 0.0 0.0 2.8 15.8 14:13 153 18 14.4 20.8 14:02 7.6 06:24 5.6 0.0 0.0 5.4 31.7 13:36 271 19 10.3 12.9 02:34 7.7 13:52 9.7 0.0 31.5 4.3 37.8 02:50 279 20 16.0 26.7 19:13 7.7 06:04 4.0 0.0 0.6 4.7 25.6 12:59 137 21 19.0 30.3 17:42 9.5 05:53 1.0 0.0 0.0 2.6 13.3 15:29 204 22 18.7 27.1 18:28 10.0 06:18 1.3 0.0 0.0 4.6 27.0 10:21 266 23 13.4 17.6 00:22 8.1 23:56 6.6 0.0 8.4 6.1 40.3 15:19 133 24 14.8 22.8 12:37 6.5 02:36 5.2 0.0 0.3 6.8 34.2 18:44 281 25 15.5 22.5 11:46 7.3 04:09 4.5 0.0 0.0 6.8 35.6 14:26 281 26 18.0 26.5 16:08 10.4 05:22 2.0 0.0 0.0 2.7 18.4 14:58 148 27 19.8 28.7 16:56 12.4 02:32 0.2 0.0 0.0 2.7 19.4 14:00 139 28 21.0 29.3 16:38 14.4 05:43 0.0 1.0 0.0 4.2 28.1 22:41 269 29 15.9 18.0 13:04 13.6 09:17 4.1 0.0 3.6 6.5 31.7 16:20 279 30 16.0 19.5 10:48 14.0 03:09 4.0 0.0 0.3 8.0 43.9 13:01 283 31 15.7 19.7 11:32 10.8 23:22 4.3 0.0 0.0 6.9 36.7 09:06 283 --------------------------------------------------------------------------------------- 14.6 30.3 21 5.0 01 168.0 1.0 93.9 4.6 43.9 30 255 Updated: 13/08/19 15:31:01