MONTHLY CLIMATOLOGICAL SUMMARY for Jun 2016 NAME: Tosca, Varsi (Parma) ELEV: 650 metri LAT: 44-37.15 N LONG: 009-49.14 E TEMPERATURE (°C), RAIN (mm), WIND SPEED (km/h) HEAT COOL AVG MEAN DEG DEG WIND DOM DAY TEMP HIGH TIME LOW TIME DAYS DAYS RAIN SPEED HIGH TIME DIR --------------------------------------------------------------------------------------- 01 14.6 19.7 15:54 11.0 23:49 5.4 0.0 0.0 4.2 22.0 17:13 283 02 15.7 22.2 12:12 11.0 00:09 4.3 0.0 2.4 3.6 22.0 21:20 216 03 15.6 22.9 14:25 11.5 02:50 4.4 0.0 0.0 5.5 36.7 17:25 285 04 15.4 20.8 17:20 12.2 02:50 4.6 0.0 0.0 5.0 28.1 15:50 272 05 17.2 25.5 19:10 10.9 05:35 2.8 0.0 1.8 2.0 18.4 11:30 182 06 18.7 28.3 19:06 13.5 04:50 1.3 0.0 0.6 1.9 12.2 13:00 263 07 20.3 30.1 16:55 13.1 03:26 0.0 0.3 0.0 3.1 19.4 17:00 152 08 18.7 27.4 12:36 13.7 05:23 1.3 0.0 1.5 2.4 18.4 18:18 235 09 17.2 23.1 12:45 13.4 23:00 2.8 0.0 2.1 3.1 25.6 19:45 108 10 18.6 30.1 17:55 12.5 02:25 1.4 0.0 0.3 2.0 14.8 09:30 78 11 18.7 23.6 14:20 13.6 02:20 1.3 0.0 0.0 8.1 41.8 16:50 284 12 18.6 26.2 17:40 13.6 09:55 1.4 0.0 3.0 3.9 35.6 00:25 280 13 17.0 26.1 12:10 12.0 05:30 3.0 0.0 5.7 2.7 31.7 14:25 222 14 17.5 24.5 19:10 12.5 03:05 2.5 0.0 4.2 3.3 40.3 21:25 283 15 17.4 22.7 12:15 12.4 05:10 2.6 0.0 0.0 6.3 39.2 18:20 291 16 19.9 27.9 18:00 15.0 00:10 0.1 0.0 0.3 6.4 28.1 22:35 104 17 16.9 20.6 18:59 13.8 05:35 3.1 0.0 1.2 12.8 67.3 16:35 296 18 17.7 22.8 13:55 12.1 06:10 2.3 0.0 0.0 8.8 41.8 00:24 289 19 14.0 21.5 18:00 10.6 23:45 6.0 0.0 15.0 1.9 23.4 12:45 170 20 19.3 31.2 19:30 10.6 00:00 0.7 0.0 0.0 2.2 14.8 16:45 155 21 21.3 30.4 18:35 14.8 05:25 0.0 1.3 0.0 2.8 14.8 13:25 120 22 23.3 33.1 18:55 15.3 04:50 0.0 3.3 0.0 3.6 19.4 15:00 153 23 24.7 34.0 18:30 17.1 06:00 0.0 4.7 0.0 4.1 23.4 16:50 129 24 25.8 34.2 17:40 18.4 04:45 0.0 5.8 0.0 3.1 18.4 10:50 149 25 25.5 32.5 11:40 19.1 23:55 0.0 5.5 0.0 4.7 28.1 17:35 259 26 23.3 31.3 19:05 16.6 06:00 0.0 3.3 0.0 7.1 43.9 20:25 282 27 22.4 32.4 19:25 14.3 04:15 0.0 2.4 0.0 3.2 19.4 14:30 129 28 22.0 30.3 17:45 15.2 03:40 0.0 2.0 0.0 2.2 14.8 13:25 167 29 22.7 29.9 14:50 15.2 05:55 0.0 2.7 0.0 4.1 23.4 12:20 266 30 22.5 28.9 14:00 16.4 03:40 0.0 2.5 0.0 5.2 158.0 01:00 277 --------------------------------------------------------------------------------------- 19.4 34.2 24 10.6 19 51.1 33.7 38.1 4.3 158.0 30 269 Updated: 13/08/19 15:31:01