MONTHLY CLIMATOLOGICAL SUMMARY for Jul 2016 NAME: Tosca, Varsi (Parma) ELEV: 650 metri LAT: 44-37.15 N LONG: 009-49.14 E TEMPERATURE (°C), RAIN (mm), WIND SPEED (km/h) HEAT COOL AVG MEAN DEG DEG WIND DOM DAY TEMP HIGH TIME LOW TIME DAYS DAYS RAIN SPEED HIGH TIME DIR --------------------------------------------------------------------------------------- 01 23.5 31.0 15:50 16.1 04:35 0.0 3.5 0.0 4.0 25.6 16:25 262 02 22.5 28.6 15:45 17.4 04:10 0.0 2.5 0.0 7.1 40.3 18:00 275 03 23.4 32.4 18:20 16.5 03:50 0.0 3.4 0.0 4.3 27.0 08:40 267 04 21.0 27.5 18:15 17.6 07:15 0.0 1.0 0.0 3.2 19.4 13:15 130 05 22.4 29.6 15:10 16.3 05:10 0.0 2.4 0.0 2.2 17.3 20:35 150 06 24.5 33.6 17:30 17.7 05:45 0.0 4.5 0.0 2.3 14.8 15:20 130 07 23.7 30.8 19:20 18.1 05:30 0.0 3.7 0.9 3.2 25.6 14:30 172 08 23.0 29.4 16:10 17.5 04:55 0.0 3.0 0.0 4.2 29.5 18:50 265 09 25.4 36.3 17:40 16.7 05:35 0.0 5.4 0.0 2.5 12.2 13:10 157 10 24.8 34.1 19:05 19.0 05:40 0.0 4.8 6.0 2.2 15.8 13:00 193 11 25.2 32.7 16:40 17.2 05:35 0.0 5.2 0.0 4.6 28.1 15:50 254 12 25.0 31.0 18:15 19.6 05:55 0.0 5.0 0.0 4.4 33.1 14:25 264 13 22.3 27.1 08:30 12.7 23:55 0.0 2.3 2.7 6.9 50.0 14:50 287 14 19.6 28.4 17:15 12.2 00:00 0.4 0.0 1.8 8.5 35.6 00:40 279 15 18.4 28.3 19:40 11.4 06:15 1.6 0.0 2.4 4.8 28.1 12:45 100 16 20.5 31.8 18:50 11.1 05:30 0.0 0.5 0.0 2.7 19.4 13:40 166 17 22.7 32.7 17:55 13.3 04:20 0.0 2.7 0.0 4.4 23.4 19:10 280 18 23.9 31.4 12:40 15.8 05:35 0.0 3.9 0.0 4.8 27.0 19:35 273 19 25.5 35.6 17:30 16.6 06:15 0.0 5.5 0.0 2.8 18.4 13:25 166 20 26.3 34.6 15:55 19.1 04:55 0.0 6.3 0.0 4.5 27.0 13:25 250 21 24.0 30.6 15:30 18.1 04:45 0.0 4.0 0.0 4.7 25.6 14:35 276 22 24.0 33.1 17:55 17.4 05:55 0.0 4.0 0.0 2.9 24.5 10:45 252 23 21.3 27.3 16:20 18.2 03:10 0.0 1.3 0.9 2.3 22.0 15:25 148 24 21.4 28.9 12:45 17.9 23:40 0.0 1.4 1.8 1.8 13.3 13:30 153 25 24.3 34.6 17:25 16.3 06:10 0.0 4.3 0.0 2.8 18.4 16:30 130 26 24.1 34.1 19:05 18.7 06:00 0.0 4.1 0.0 2.4 19.4 12:40 145 27 20.5 29.2 10:20 17.2 13:55 0.0 0.5 41.4 2.1 25.6 14:05 184 28 21.7 29.0 13:40 14.8 06:15 0.0 1.7 3.0 2.2 23.4 01:00 171 29 23.9 30.9 14:10 16.3 06:10 0.0 3.9 0.0 3.5 20.9 13:05 234 30 24.2 33.0 17:55 16.6 04:35 0.0 4.2 0.0 3.6 23.4 14:30 236 31 23.0 29.5 16:40 18.2 04:20 0.0 3.0 0.3 5.6 39.2 14:40 276 --------------------------------------------------------------------------------------- 23.1 36.3 09 11.1 16 2.0 98.0 61.2 3.8 50.0 13 247 Updated: 13/08/19 15:31:01