MONTHLY CLIMATOLOGICAL SUMMARY for Sep 2016 NAME: Tosca, Varsi (Parma) ELEV: 650 metri LAT: 44-37.15 N LONG: 009-49.14 E TEMPERATURE (°C), RAIN (mm), WIND SPEED (km/h) HEAT COOL AVG MEAN DEG DEG WIND DOM DAY TEMP HIGH TIME LOW TIME DAYS DAYS RAIN SPEED HIGH TIME DIR --------------------------------------------------------------------------------------- 01 22.9 32.1 17:35 15.7 06:40 0.0 2.9 0.0 2.9 18.4 14:00 142 02 22.0 30.2 12:25 16.8 23:40 0.0 2.0 7.2 2.5 35.6 15:55 159 03 22.8 31.5 16:40 16.1 03:20 0.0 2.8 0.3 2.7 19.4 16:00 139 04 23.4 30.9 13:30 17.4 06:35 0.0 3.4 0.0 4.4 30.6 17:20 239 05 23.7 31.6 18:35 16.6 07:10 0.0 3.7 0.0 3.2 24.5 02:10 158 06 21.4 30.9 17:20 14.3 06:25 0.0 1.4 0.0 5.6 43.9 19:10 104 07 18.6 24.4 16:25 13.7 06:15 1.4 0.0 0.0 7.0 31.7 14:55 102 08 20.5 27.6 17:45 15.3 06:50 0.0 0.5 0.0 4.4 30.6 12:00 112 09 21.8 28.6 17:45 16.0 06:10 0.0 1.8 0.0 4.6 33.1 13:55 115 10 22.3 29.5 16:40 16.7 06:20 0.0 2.3 0.0 4.5 30.6 15:25 119 11 22.2 29.3 17:10 16.2 06:15 0.0 2.2 0.0 4.3 28.1 15:15 117 12 21.9 29.2 16:35 16.5 04:50 0.0 1.9 0.0 3.5 23.4 13:30 135 13 21.2 28.9 13:05 16.2 06:55 0.0 1.2 0.0 3.1 23.4 14:00 136 14 19.9 28.0 11:34 15.7 06:40 0.1 0.0 11.4 2.6 29.5 16:14 163 15 17.6 22.9 15:35 13.6 23:05 2.4 0.0 16.2 2.6 24.5 11:10 172 16 16.8 22.2 14:35 13.5 00:45 3.2 0.0 51.0 1.7 15.8 22:15 177 17 16.5 24.3 15:55 11.8 23:45 3.5 0.0 4.2 4.0 30.6 17:30 256 18 14.6 23.7 17:55 10.6 06:45 5.4 0.0 1.2 1.8 17.3 16:00 162 19 17.0 29.7 17:35 10.6 02:45 3.0 0.0 0.0 2.3 15.8 13:20 164 20 17.0 24.9 17:25 12.3 06:20 3.0 0.0 0.0 2.2 18.4 13:30 171 21 13.8 18.3 13:35 11.4 07:15 6.2 0.0 16.5 2.1 23.4 14:40 135 22 15.0 21.3 17:05 11.4 22:55 5.0 0.0 0.3 2.0 18.4 16:50 172 23 16.0 22.9 17:45 10.6 06:35 4.0 0.0 0.0 2.0 13.3 16:15 130 24 15.3 23.0 13:10 10.1 06:35 4.7 0.0 0.0 2.7 18.4 14:40 129 25 16.3 24.7 17:35 10.6 07:20 3.7 0.0 0.0 2.0 13.3 16:55 142 26 16.2 24.1 17:45 10.7 07:00 3.8 0.0 0.0 3.1 22.0 14:40 132 27 15.9 24.1 12:35 11.6 04:15 4.1 0.0 0.0 2.1 15.8 14:50 149 28 16.9 27.6 17:00 11.2 07:15 3.1 0.0 0.0 2.2 14.8 14:40 141 29 17.4 25.7 12:00 11.6 06:50 2.6 0.0 0.0 5.0 25.6 14:25 248 30 17.3 23.1 16:40 13.4 00:20 2.7 0.0 0.0 4.8 25.6 22:30 246 --------------------------------------------------------------------------------------- 18.8 32.1 01 10.1 24 61.8 26.2 108.3 3.3 43.9 06 142 Updated: 13/08/19 15:31:01