MONTHLY CLIMATOLOGICAL SUMMARY for Nov 2016 NAME: Tosca, Varsi (Parma) ELEV: 650 metri LAT: 44-37.15 N LONG: 009-49.14 E TEMPERATURE (°C), RAIN (mm), WIND SPEED (km/h) HEAT COOL AVG MEAN DEG DEG WIND DOM DAY TEMP HIGH TIME LOW TIME DAYS DAYS RAIN SPEED HIGH TIME DIR --------------------------------------------------------------------------------------- 01 9.7 14.3 14:25 6.9 07:20 10.3 0.0 0.0 1.7 9.7 13:20 238 02 14.2 18.1 11:20 11.0 23:40 5.8 0.0 0.0 5.2 40.3 10:50 147 03 10.5 13.1 10:30 8.6 07:05 9.5 0.0 0.0 2.2 15.8 12:40 126 04 9.7 13.4 12:05 8.2 23:24 10.3 0.0 0.0 1.9 17.3 15:55 124 05 8.7 12.8 21:59 6.7 11:09 11.3 0.0 38.7 2.7 22.0 18:59 250 06 11.7 14.5 05:19 4.9 23:55 8.3 0.0 3.3 9.1 52.6 12:54 70 07 7.2 12.6 10:55 3.6 22:45 12.8 0.0 0.0 3.4 29.5 12:45 168 08 4.6 11.6 10:55 1.7 06:55 15.4 0.0 0.0 2.1 18.4 14:40 143 09 3.7 8.6 12:05 0.2 06:50 16.3 0.0 1.2 1.9 17.3 13:00 197 10 5.0 12.6 11:35 1.0 03:35 15.0 0.0 0.3 2.4 23.4 14:00 194 11 4.1 8.0 13:53 0.9 03:25 15.9 0.0 0.0 2.1 17.3 17:27 205 12 6.3 14.4 11:16 2.5 06:41 13.7 0.0 0.0 3.1 20.9 02:11 179 13 6.8 12.0 14:56 3.6 04:51 13.2 0.0 0.0 3.2 23.4 13:56 230 14 4.1 6.0 11:36 3.3 14:51 15.9 0.0 0.3 3.1 23.4 14:11 124 15 2.8 7.8 12:01 -0.2 23:51 17.2 0.0 0.0 2.1 13.3 12:11 189 16 4.1 13.8 11:56 -1.1 01:41 15.9 0.0 0.3 1.5 8.6 13:41 182 17 6.4 10.4 13:21 4.0 03:36 13.6 0.0 0.0 1.6 13.3 13:21 200 18 6.2 10.9 16:36 4.4 08:31 13.8 0.0 0.9 2.1 13.3 11:36 264 19 10.1 15.5 14:26 5.3 01:36 9.9 0.0 7.5 4.8 30.6 15:56 254 20 9.0 15.6 11:21 5.5 23:26 11.0 0.0 0.0 2.4 30.6 00:01 195 21 8.7 12.7 12:51 5.5 01:26 11.3 0.0 15.6 1.7 15.8 17:26 181 22 10.7 13.6 12:46 8.9 05:46 9.3 0.0 18.9 1.4 29.5 00:26 209 23 10.7 13.1 12:26 9.6 05:20 9.3 0.0 0.3 0.8 8.6 14:00 263 24 10.3 10.8 19:45 9.8 02:40 9.7 0.0 13.8 1.8 19.4 07:15 123 25 11.3 15.4 13:40 8.9 23:20 8.7 0.0 6.3 3.0 25.6 01:05 118 26 9.0 18.0 11:40 5.5 23:36 11.0 0.0 0.0 1.5 15.8 13:15 191 27 7.6 17.1 11:16 4.7 05:31 12.4 0.0 0.0 1.4 7.2 12:31 152 28 5.7 8.1 10:11 2.6 23:56 14.3 0.0 0.9 6.7 39.2 20:01 103 29 0.1 3.9 11:41 -2.6 23:16 19.9 0.0 0.0 9.1 34.2 02:26 96 30 1.4 10.1 12:00 -3.8 05:31 18.6 0.0 0.0 1.7 11.2 19:06 143 --------------------------------------------------------------------------------------- 7.3 18.1 02 -3.8 30 379.8 0.0 108.3 2.9 52.6 06 140 Updated: 13/08/19 15:31:01