MONTHLY CLIMATOLOGICAL SUMMARY for Dec 2016 NAME: Tosca, Varsi (Parma) ELEV: 650 metri LAT: 44-37.15 N LONG: 009-49.14 E TEMPERATURE (°C), RAIN (mm), WIND SPEED (km/h) HEAT COOL AVG MEAN DEG DEG WIND DOM DAY TEMP HIGH TIME LOW TIME DAYS DAYS RAIN SPEED HIGH TIME DIR --------------------------------------------------------------------------------------- 01 6.5 14.1 13:14 1.7 03:49 13.5 0.0 0.0 2.0 9.7 10:24 137 02 7.7 10.9 13:14 4.4 23:59 12.3 0.0 0.0 14.4 62.3 08:39 277 03 3.6 5.3 11:39 1.5 03:29 16.4 0.0 0.3 1.1 6.1 11:54 179 04 4.5 5.5 14:59 3.2 00:39 15.5 0.0 0.0 0.4 7.2 03:04 267 05 5.3 6.9 14:04 4.2 23:59 14.7 0.0 0.3 0.4 5.0 02:59 226 06 5.1 12.5 11:59 1.9 21:44 14.9 0.0 0.3 1.0 5.0 11:44 162 07 4.0 11.0 11:59 1.8 03:44 16.0 0.0 0.0 1.3 6.1 15:14 152 08 5.4 15.9 11:49 1.8 01:19 14.6 0.0 0.0 1.2 6.1 18:29 152 09 7.0 15.4 11:46 4.5 08:01 13.0 0.0 0.0 1.7 8.6 14:24 144 10 8.0 15.8 11:48 4.4 00:23 12.0 0.0 0.0 5.0 36.7 16:53 236 11 8.2 11.8 11:13 3.2 23:48 11.8 0.0 0.0 6.2 45.4 11:58 220 12 5.8 14.7 11:48 1.9 06:13 14.2 0.0 0.0 1.8 8.6 05:53 157 13 5.9 14.4 11:58 2.8 20:48 14.1 0.0 0.0 1.6 5.0 00:48 151 14 4.8 12.1 11:13 2.6 06:23 15.2 0.0 0.0 1.4 8.6 13:38 165 15 3.7 8.0 11:28 0.8 23:58 16.3 0.0 0.0 0.8 7.2 12:58 159 16 0.6 1.6 19:37 -0.8 03:03 19.4 0.0 0.0 1.7 13.3 22:12 156 17 0.7 7.2 11:58 -1.6 06:53 19.3 0.0 0.0 1.5 6.1 02:32 163 18 2.4 9.0 11:29 -0.5 01:19 17.6 0.0 0.0 1.8 5.0 07:59 155 19 1.9 6.2 11:44 0.0 09:19 18.1 0.0 0.9 6.0 31.7 13:09 109 20 3.4 4.2 07:59 1.4 00:19 16.6 0.0 4.8 7.5 27.0 02:29 107 21 4.8 7.5 13:39 3.9 17:29 15.2 0.0 2.1 4.2 28.1 03:34 125 22 6.3 13.5 11:54 3.6 07:14 13.7 0.0 0.0 1.8 5.0 13:49 155 23 6.3 13.1 11:25 3.8 23:26 13.7 0.0 0.0 1.8 6.1 14:35 159 24 7.1 12.8 12:12 3.5 05:17 12.9 0.0 0.0 1.7 14.8 16:52 141 25 10.0 17.3 11:37 6.5 00:17 10.0 0.0 0.0 1.9 9.7 05:32 152 26 12.1 19.3 11:47 6.9 23:57 7.9 0.0 0.0 3.7 35.6 13:37 227 27 11.1 16.5 11:47 6.5 01:22 8.9 0.0 0.0 3.6 20.9 04:12 185 28 7.9 15.5 11:57 3.9 07:02 12.1 0.0 0.0 2.3 12.2 09:17 158 29 2.5 9.2 00:12 -1.0 23:42 17.5 0.0 0.0 1.9 18.4 14:57 142 30 0.3 7.6 11:37 -2.0 05:42 19.7 0.0 0.0 1.5 6.1 06:27 158 31 3.1 13.4 12:01 -0.6 00:32 16.9 0.0 0.0 1.0 5.0 08:21 148 --------------------------------------------------------------------------------------- 5.3 19.3 26 -2.0 30 454.2 0.0 8.7 2.7 62.3 02 162 Updated: 13/08/19 15:31:01