MONTHLY CLIMATOLOGICAL SUMMARY for Jan 2017 NAME: Tosca, Varsi (Parma) ELEV: 650 metri LAT: 44-37.15 N LONG: 009-49.14 E TEMPERATURE (°C), RAIN (mm), WIND SPEED (km/h) HEAT COOL AVG MEAN DEG DEG WIND DOM DAY TEMP HIGH TIME LOW TIME DAYS DAYS RAIN SPEED HIGH TIME DIR --------------------------------------------------------------------------------------- 01 5.4 11.5 11:41 1.4 07:11 14.6 0.0 0.0 5.2 35.6 18:26 234 02 8.5 11.2 11:06 5.6 04:11 11.5 0.0 0.0 6.2 40.3 09:31 312 03 2.2 7.9 00:01 -1.4 23:46 17.8 0.0 0.0 2.9 23.4 12:16 151 04 3.8 10.7 12:11 -1.6 04:51 16.2 0.0 0.0 9.5 60.1 13:06 270 05 2.4 6.3 00:11 -2.8 23:43 17.6 0.0 0.0 7.7 52.6 11:58 305 06 -3.2 4.9 12:03 -6.5 23:23 23.2 0.0 0.0 2.1 12.2 00:23 151 07 -4.0 5.3 11:33 -7.3 06:13 24.0 0.0 0.0 1.3 9.7 12:43 165 08 -2.7 2.8 12:13 -5.4 22:43 22.7 0.0 0.0 1.5 12.2 16:13 155 09 -0.0 10.7 12:02 -5.5 00:52 20.0 0.0 0.0 1.3 6.1 17:51 146 10 -3.1 -0.8 00:01 -4.2 05:06 23.1 0.0 0.0 2.3 12.2 15:06 223 11 -2.1 3.1 23:56 -4.1 06:56 22.1 0.0 0.0 2.9 69.8 23:51 247 12 1.8 6.3 07:41 -2.4 23:06 18.2 0.0 0.0 6.9 58.7 03:46 254 13 1.2 4.7 13:11 -2.6 05:36 18.8 0.0 0.6 9.9 62.3 20:31 282 14 3.8 8.5 12:01 -0.3 07:01 16.2 0.0 0.0 8.8 40.3 01:06 281 15 0.5 3.8 14:09 -2.3 23:59 19.5 0.0 0.0 4.2 24.5 12:04 126 16 -2.1 1.8 12:09 -4.2 07:14 22.1 0.0 0.0 8.1 30.6 12:09 111 17 -1.2 0.3 13:19 -2.8 00:04 21.2 0.0 0.0 16.7 43.9 12:09 96 18 -0.8 1.9 14:11 -2.4 07:30 20.8 0.0 0.0 12.7 42.8 01:29 103 19 -0.7 1.6 14:29 -3.0 23:59 20.7 0.0 0.0 7.6 30.6 10:39 119 20 -1.2 3.8 12:09 -4.1 05:49 21.2 0.0 0.0 3.2 23.4 12:39 146 21 -1.0 6.3 12:09 -4.7 07:39 21.0 0.0 0.0 2.3 18.4 12:59 171 22 1.8 6.7 12:10 -2.0 00:04 18.2 0.0 0.0 4.9 29.5 12:36 128 23 2.8 6.0 14:10 0.3 03:45 17.2 0.0 0.0 2.9 17.3 00:15 143 24 3.9 9.0 12:20 0.8 21:50 16.1 0.0 0.0 1.8 17.3 15:05 189 25 1.3 7.5 11:45 -2.0 23:34 18.7 0.0 0.0 3.5 25.6 13:05 145 26 -0.6 6.4 12:25 -3.8 23:26 20.6 0.0 0.0 2.0 14.8 13:59 172 27 -0.3 5.1 12:31 -4.5 02:21 20.3 0.0 0.0 1.0 11.2 12:36 222 28 0.0 4.3 13:26 -3.4 06:56 20.0 0.0 0.0 1.3 11.2 14:01 164 29 3.1 12.6 12:11 -1.8 01:16 16.9 0.0 0.0 1.4 9.7 11:26 193 30 4.3 6.2 11:36 1.4 04:51 15.7 0.0 1.5 1.6 22.0 16:56 180 31 3.3 5.6 01:01 1.8 08:06 16.7 0.0 5.4 1.9 13.3 23:56 215 --------------------------------------------------------------------------------------- 0.9 12.6 29 -7.3 07 592.9 0.0 7.5 4.7 69.8 11 161 Updated: 13/08/19 15:31:01