MONTHLY CLIMATOLOGICAL SUMMARY for Feb 2017 NAME: Tosca, Varsi (Parma) ELEV: 650 metri LAT: 44-37.15 N LONG: 009-49.14 E TEMPERATURE (°C), RAIN (mm), WIND SPEED (km/h) HEAT COOL AVG MEAN DEG DEG WIND DOM DAY TEMP HIGH TIME LOW TIME DAYS DAYS RAIN SPEED HIGH TIME DIR --------------------------------------------------------------------------------------- 01 7.3 9.7 03:21 5.2 00:01 12.7 0.0 0.0 4.0 30.6 13:51 145 02 6.6 8.4 16:01 4.3 07:20 13.4 0.0 6.9 1.3 9.7 19:36 201 03 8.6 11.6 14:06 6.1 00:11 11.4 0.0 18.6 6.0 51.5 15:37 230 04 5.4 8.2 08:46 3.0 03:06 14.6 0.0 8.7 4.4 40.3 09:12 233 05 4.0 8.3 05:07 1.3 20:47 16.0 0.0 37.2 4.9 35.6 00:32 215 06 4.5 6.5 18:17 1.6 00:02 15.5 0.0 18.6 2.6 23.4 13:42 168 07 6.5 12.4 10:12 3.1 08:12 13.5 0.0 0.0 2.2 12.2 00:02 183 08 3.2 7.1 11:57 1.4 04:26 16.8 0.0 0.0 6.7 30.6 15:12 114 09 0.8 2.2 12:32 -0.4 07:52 19.2 0.0 0.0 7.2 25.6 01:37 123 10 1.4 3.7 12:27 -0.1 06:27 18.6 0.0 0.0 3.3 18.4 01:22 145 11 2.0 4.3 13:24 0.6 05:02 18.0 0.0 0.0 1.7 13.3 15:04 172 12 3.2 5.5 16:03 1.9 05:15 16.8 0.0 0.3 1.0 9.7 16:34 237 13 3.5 4.4 13:50 2.3 06:50 16.5 0.0 0.3 2.9 15.8 14:34 142 14 4.6 10.7 11:42 1.8 23:47 15.4 0.0 0.3 2.1 20.9 14:26 184 15 6.5 16.9 11:11 1.1 04:57 13.5 0.0 0.0 1.4 11.2 13:12 188 16 9.2 19.0 11:17 4.2 03:37 10.8 0.0 0.0 2.9 22.0 23:22 188 17 8.8 11.6 10:02 4.6 23:42 11.2 0.0 0.0 8.5 41.8 14:37 246 18 6.4 12.1 16:17 2.3 22:52 13.6 0.0 0.0 2.1 13.3 11:52 176 19 5.3 13.0 11:27 1.4 06:32 14.7 0.0 0.0 2.4 15.8 15:32 179 20 5.5 13.7 16:12 1.1 04:22 14.5 0.0 0.0 2.0 13.3 16:42 191 21 7.6 11.7 11:55 3.3 00:13 12.4 0.0 0.0 10.6 49.0 13:56 240 22 8.4 11.9 12:56 4.6 02:56 11.6 0.0 0.0 10.5 57.6 15:21 240 23 9.7 11.4 10:46 7.9 06:51 10.3 0.0 0.0 13.5 54.0 09:16 245 24 10.3 12.6 12:16 5.8 23:56 9.7 0.0 3.6 7.7 73.4 00:31 293 25 4.4 9.4 16:26 1.0 23:51 15.6 0.0 0.6 11.9 37.8 02:56 111 26 6.0 14.6 16:11 0.3 05:46 14.0 0.0 0.0 2.5 19.4 15:16 176 27 6.0 9.1 14:11 2.1 03:56 14.0 0.0 1.5 3.0 34.2 23:01 168 28 8.5 10.2 16:01 6.8 03:56 11.5 0.0 19.5 11.2 51.5 15:11 94 --------------------------------------------------------------------------------------- 5.9 19.0 16 -0.4 09 395.8 0.0 116.1 5.0 73.4 24 194 Updated: 13/08/19 15:31:01