MONTHLY CLIMATOLOGICAL SUMMARY for May 2017 NAME: Tosca, Varsi (Parma) ELEV: 650 metri LAT: 44-37.15 N LONG: 009-49.14 E TEMPERATURE (°C), RAIN (mm), WIND SPEED (km/h) HEAT COOL AVG MEAN DEG DEG WIND DOM DAY TEMP HIGH TIME LOW TIME DAYS DAYS RAIN SPEED HIGH TIME DIR --------------------------------------------------------------------------------------- 01 9.2 14.1 16:37 4.8 23:57 10.8 0.0 5.1 6.3 36.7 13:22 226 02 10.3 17.7 15:37 2.2 04:47 9.7 0.0 2.1 4.9 29.5 15:42 136 03 12.1 18.3 17:12 7.7 07:17 7.9 0.0 2.1 3.8 29.5 01:02 240 04 10.0 14.3 15:11 6.5 05:52 10.0 0.0 5.4 3.5 28.1 11:11 248 05 13.6 23.0 18:52 5.4 06:22 6.4 0.0 0.3 2.7 17.3 14:57 185 06 11.6 16.8 10:22 8.4 22:42 8.4 0.0 27.0 2.3 18.4 15:37 226 07 10.4 19.0 19:47 7.0 05:02 9.6 0.0 7.8 1.8 15.8 15:22 208 08 14.0 22.9 18:02 7.4 01:02 6.0 0.0 0.0 2.5 18.4 10:12 199 09 14.3 22.9 18:57 8.1 05:47 5.7 0.0 2.7 4.7 25.6 11:32 136 10 13.1 19.3 18:37 8.1 06:07 6.9 0.0 0.0 2.6 13.3 11:17 154 11 12.6 16.0 15:07 9.4 03:47 7.4 0.0 0.0 2.9 19.4 14:22 151 12 15.9 19.8 12:32 12.1 03:57 4.1 0.0 0.3 6.5 42.8 16:31 251 13 16.7 21.4 14:31 13.0 03:51 3.3 0.0 0.0 11.5 40.3 12:47 279 14 16.7 23.0 15:47 11.1 06:11 3.3 0.0 0.0 6.5 33.1 00:02 261 15 18.0 26.0 16:52 11.8 01:27 2.0 0.0 0.0 4.2 23.4 13:32 143 16 18.5 26.9 17:57 11.2 05:17 1.5 0.0 0.0 5.0 30.6 12:52 123 17 19.5 27.2 17:17 11.6 05:17 0.5 0.0 0.0 4.4 23.4 14:42 137 18 19.0 25.3 15:37 11.9 04:57 1.0 0.0 0.0 4.3 24.5 13:57 124 19 16.5 22.4 17:17 11.4 23:42 3.5 0.0 0.3 5.4 34.2 18:42 197 20 13.6 22.0 19:37 8.8 02:57 6.4 0.0 0.3 2.6 29.5 14:22 181 21 17.3 26.0 18:17 8.9 05:42 2.7 0.0 0.0 3.6 23.4 16:27 154 22 19.3 30.3 18:52 10.9 05:51 0.7 0.0 0.0 2.6 13.3 14:37 193 23 21.2 33.2 18:02 11.5 04:52 0.0 1.2 0.0 2.2 13.3 13:32 189 24 22.3 31.5 18:02 14.3 03:12 0.0 2.3 0.0 2.7 19.4 15:27 228 25 19.6 26.4 15:47 14.3 23:37 0.4 0.0 0.0 4.7 23.4 11:22 141 26 20.2 28.8 16:47 14.0 06:11 0.0 0.2 0.0 3.0 19.4 17:27 153 27 21.4 30.7 17:17 12.4 04:57 0.0 1.4 0.0 2.8 13.3 15:02 171 28 22.5 31.3 16:57 14.1 05:27 0.0 2.5 0.0 3.1 14.8 11:02 173 29 23.2 32.9 17:47 15.0 05:37 0.0 3.2 0.0 3.5 23.4 18:17 199 30 22.2 29.2 17:22 15.0 04:42 0.0 2.2 0.0 7.5 29.5 18:27 273 31 21.4 27.2 16:42 15.9 05:37 0.0 1.4 0.0 8.2 36.7 12:47 245 --------------------------------------------------------------------------------------- 16.6 33.2 23 2.2 02 118.3 14.3 53.4 4.3 42.8 12 209 Updated: 13/08/19 15:31:01