MONTHLY CLIMATOLOGICAL SUMMARY for Jun 2017 NAME: Tosca, Varsi (Parma) ELEV: 650 metri LAT: 44-37.15 N LONG: 009-49.14 E TEMPERATURE (°C), RAIN (mm), WIND SPEED (km/h) HEAT COOL AVG MEAN DEG DEG WIND DOM DAY TEMP HIGH TIME LOW TIME DAYS DAYS RAIN SPEED HIGH TIME DIR --------------------------------------------------------------------------------------- 01 21.1 27.4 16:17 14.2 05:11 0.0 1.1 0.0 6.2 35.6 17:17 258 02 20.7 29.5 14:52 13.8 05:42 0.0 0.7 0.0 3.9 25.6 17:22 239 03 21.2 28.1 17:57 13.6 05:37 0.0 1.2 0.0 6.5 35.6 18:47 264 04 20.7 26.2 16:47 15.4 23:57 0.0 0.7 0.0 9.7 49.0 07:52 269 05 19.9 26.9 13:11 13.2 06:11 0.1 0.0 0.0 3.4 25.6 14:57 247 06 19.0 23.4 09:32 15.6 02:37 1.0 0.0 0.0 6.7 56.2 16:27 279 07 20.5 28.4 17:47 13.0 05:22 0.0 0.5 0.0 4.5 36.7 00:32 233 08 17.9 28.3 17:47 12.4 06:22 2.1 0.0 0.0 3.4 19.4 18:02 183 09 20.1 29.1 18:57 12.1 05:47 0.0 0.1 0.0 2.6 19.4 16:02 174 10 22.8 32.3 17:52 14.0 06:02 0.0 2.8 0.0 3.2 18.4 15:07 165 11 23.9 32.3 16:47 15.9 04:22 0.0 3.9 0.0 3.4 19.4 14:27 153 12 24.9 33.3 16:22 17.0 05:47 0.0 4.9 0.0 4.5 24.5 16:27 253 13 24.7 30.9 17:22 17.7 05:42 0.0 4.7 0.0 6.1 25.6 15:32 266 14 24.0 32.5 15:07 17.8 23:17 0.0 4.0 0.3 4.2 27.0 20:27 244 15 23.0 30.9 16:31 15.2 04:42 0.0 3.0 0.0 2.5 22.0 14:12 156 16 25.7 34.5 16:42 17.9 05:07 0.0 5.7 0.0 2.6 18.4 18:31 224 17 25.4 36.7 19:31 19.2 05:37 0.0 5.4 0.0 3.2 23.4 12:42 196 18 22.3 29.1 19:11 15.7 23:31 0.0 2.3 0.0 4.7 28.1 13:51 153 19 23.0 32.3 17:47 13.6 05:11 0.0 3.0 0.0 3.4 18.4 19:02 144 20 24.3 30.9 17:31 16.4 06:02 0.0 4.3 0.0 6.6 30.6 16:31 265 21 24.2 30.7 16:02 17.1 06:02 0.0 4.2 0.0 6.6 28.1 17:02 266 22 25.1 33.2 12:51 18.1 02:51 0.0 5.1 0.0 6.1 30.6 16:47 277 23 25.2 30.6 16:27 19.3 05:52 0.0 5.2 0.0 10.5 35.6 08:32 275 24 24.4 30.9 10:42 17.7 05:37 0.0 4.4 0.0 7.2 31.7 13:27 268 25 23.2 26.9 17:17 18.9 23:57 0.0 3.2 2.7 8.9 51.5 15:47 267 26 22.4 30.1 14:42 16.4 05:42 0.0 2.4 9.6 2.7 25.6 14:22 173 27 21.3 27.3 14:32 16.4 03:32 0.0 1.3 1.2 2.8 22.0 13:32 173 28 19.8 26.5 10:37 15.1 18:27 0.2 0.0 43.8 4.8 36.7 05:32 226 29 18.7 22.7 11:18 15.3 04:22 1.3 0.0 0.3 7.3 54.0 12:49 222 30 17.9 21.9 18:09 12.2 06:03 2.1 0.0 0.0 8.2 36.7 10:03 264 --------------------------------------------------------------------------------------- 22.2 36.7 17 12.1 09 6.7 74.2 57.9 5.2 56.2 06 251 Updated: 13/08/19 15:31:01