MONTHLY CLIMATOLOGICAL SUMMARY for Jul 2017 NAME: Tosca, Varsi (Parma) ELEV: 650 metri LAT: 44-37.15 N LONG: 009-49.14 E TEMPERATURE (°C), RAIN (mm), WIND SPEED (km/h) HEAT COOL AVG MEAN DEG DEG WIND DOM DAY TEMP HIGH TIME LOW TIME DAYS DAYS RAIN SPEED HIGH TIME DIR --------------------------------------------------------------------------------------- 01 18.0 23.6 16:22 12.3 05:21 2.0 0.0 0.0 7.4 41.8 18:46 272 02 20.6 32.5 19:18 11.2 04:38 0.0 0.6 0.0 2.6 20.9 12:22 161 03 22.4 29.5 12:33 15.0 05:21 0.0 2.4 0.0 4.4 31.7 17:58 248 04 22.9 32.5 18:51 15.3 05:37 0.0 2.9 0.0 2.8 15.8 19:34 169 05 24.2 31.8 16:19 16.3 05:15 0.0 4.2 0.0 3.6 23.4 17:55 238 06 24.9 32.5 16:57 16.1 04:19 0.0 4.9 0.0 4.5 25.6 17:55 238 07 24.8 30.6 16:57 18.1 05:45 0.0 4.8 0.0 7.0 33.1 12:57 257 08 27.3 40.9 18:01 18.1 06:01 0.0 7.3 0.0 3.0 22.0 18:38 233 09 25.3 32.7 15:05 19.9 23:58 0.0 5.3 0.0 2.7 22.0 08:25 216 10 23.4 28.8 15:42 18.4 04:09 0.0 3.4 0.0 6.5 34.2 18:01 263 11 22.6 26.5 14:17 18.5 16:14 0.0 2.6 5.1 10.7 39.2 14:06 266 12 23.9 30.2 17:13 17.1 06:17 0.0 3.9 0.0 5.8 33.1 01:07 258 13 24.5 31.3 19:42 17.6 05:45 0.0 4.5 0.0 3.0 20.9 14:43 159 14 21.4 28.4 16:14 17.2 09:45 0.0 1.4 1.5 3.2 28.1 09:55 158 15 21.5 28.9 16:41 15.4 04:41 0.0 1.5 0.0 3.1 18.4 15:10 150 16 20.3 26.6 18:54 14.6 04:51 0.0 0.3 0.0 5.6 30.6 15:31 130 17 21.3 29.1 18:27 13.4 05:45 0.0 1.3 0.0 3.9 22.0 15:53 147 18 23.3 32.0 17:17 14.8 04:25 0.0 3.3 0.0 3.7 22.0 14:27 143 19 23.7 30.2 15:30 16.4 06:21 0.0 3.7 0.0 5.4 29.5 16:02 268 20 23.2 29.0 16:34 17.1 04:39 0.0 3.2 0.0 5.1 29.5 13:43 255 21 24.5 32.7 17:27 16.9 05:38 0.0 4.5 0.0 3.7 24.5 21:01 210 22 24.1 30.9 16:18 18.4 04:13 0.0 4.1 0.0 4.8 36.7 19:46 240 23 24.4 29.5 17:11 18.8 06:31 0.0 4.4 0.0 10.6 47.9 22:47 278 24 21.4 28.4 14:57 13.7 16:53 0.0 1.4 14.7 6.4 34.2 02:05 257 25 21.7 31.7 18:52 13.3 05:12 0.0 1.7 0.0 3.2 19.4 13:42 178 26 22.9 32.6 18:52 14.7 05:57 0.0 2.9 0.0 3.7 19.4 16:02 224 27 22.9 30.4 13:07 13.7 05:57 0.0 2.9 0.0 5.5 34.2 15:42 260 28 23.0 31.5 16:22 15.1 06:22 0.0 3.0 0.0 5.6 28.1 13:52 266 29 23.3 30.3 11:37 16.5 06:17 0.0 3.3 0.0 3.6 20.9 19:37 226 30 23.7 32.7 18:12 15.7 05:22 0.0 3.7 0.0 3.6 25.6 17:17 219 31 25.3 33.0 15:42 16.9 06:12 0.0 5.3 0.0 3.3 18.4 15:27 166 --------------------------------------------------------------------------------------- 23.1 40.9 08 11.2 02 2.0 98.5 21.3 4.8 47.9 23 241 Updated: 13/08/19 15:31:01