MONTHLY CLIMATOLOGICAL SUMMARY for Aug 2017 NAME: Tosca, Varsi (Parma) ELEV: 650 metri LAT: 44-37.15 N LONG: 009-49.14 E TEMPERATURE (°C), RAIN (mm), WIND SPEED (km/h) HEAT COOL AVG MEAN DEG DEG WIND DOM DAY TEMP HIGH TIME LOW TIME DAYS DAYS RAIN SPEED HIGH TIME DIR --------------------------------------------------------------------------------------- 01 27.2 37.0 18:32 19.3 04:12 0.0 7.2 0.0 2.7 19.4 17:32 217 02 29.8 36.3 15:37 22.3 04:57 0.0 9.8 0.0 8.8 46.4 23:52 268 03 30.6 37.3 17:52 21.6 06:27 0.0 10.6 0.0 7.3 34.2 23:32 267 04 30.8 36.3 17:42 24.9 07:02 0.0 10.8 0.0 8.9 36.7 19:37 269 05 30.2 37.9 18:27 22.2 06:37 0.0 10.2 0.0 3.8 22.0 00:47 198 06 26.8 34.5 17:37 20.8 23:57 0.0 6.8 0.0 4.8 35.6 10:02 235 07 23.2 29.5 17:22 18.2 04:42 0.0 3.2 0.0 5.3 27.0 10:52 140 08 24.4 33.8 17:22 17.5 05:57 0.0 4.4 0.0 3.3 25.6 13:12 172 09 24.8 32.1 19:12 19.3 05:42 0.0 4.8 0.0 5.1 37.8 13:37 147 10 22.7 30.0 16:12 17.5 01:17 0.0 2.7 0.0 4.9 36.7 14:27 232 11 16.3 24.3 13:42 10.1 23:33 3.7 0.0 8.1 4.5 41.8 15:32 206 12 19.0 30.8 19:23 10.1 00:03 1.0 0.0 0.0 3.1 23.4 12:08 175 13 21.8 29.4 12:43 13.9 05:48 0.0 1.8 0.0 2.4 20.9 13:13 170 14 22.3 30.7 17:53 15.5 06:23 0.0 2.3 0.0 2.4 18.4 12:58 178 15 23.8 33.0 18:43 16.5 06:43 0.0 3.8 0.0 3.0 24.5 15:38 182 16 24.4 32.5 15:48 17.1 05:53 0.0 4.4 0.0 3.0 18.4 14:48 161 17 25.2 33.3 17:38 18.4 05:08 0.0 5.2 0.0 3.7 22.0 13:33 162 18 26.5 35.3 18:03 19.1 05:23 0.0 6.5 0.0 3.9 25.6 21:38 187 19 25.0 29.9 16:08 20.0 23:28 0.0 5.0 0.0 7.4 39.2 09:38 273 20 20.9 27.0 18:03 15.9 06:18 0.0 0.9 0.0 5.4 29.5 16:18 139 21 20.6 28.7 16:53 13.8 06:33 0.0 0.6 0.0 3.9 27.0 16:38 145 22 21.1 30.1 17:23 13.3 06:33 0.0 1.1 0.0 3.5 27.0 12:58 145 23 23.1 33.3 17:28 15.1 05:48 0.0 3.1 0.0 3.2 24.5 14:43 174 24 23.8 31.8 13:18 16.8 03:23 0.0 3.8 0.0 4.1 25.6 13:48 253 25 24.4 33.2 18:03 17.2 04:48 0.0 4.4 0.0 3.4 18.4 13:03 203 26 25.5 34.9 15:38 17.9 05:58 0.0 5.5 0.0 3.4 23.4 18:08 219 27 26.9 37.3 17:58 18.7 04:58 0.0 6.9 0.0 3.7 23.4 18:38 215 28 25.7 33.4 17:58 19.7 05:53 0.0 5.7 0.0 3.2 25.6 15:08 179 29 23.5 30.3 16:23 17.7 04:53 0.0 3.5 0.0 4.1 27.0 16:38 138 30 24.7 32.7 16:28 17.9 06:43 0.0 4.7 0.0 2.7 18.4 16:33 179 31 24.2 28.9 12:33 20.4 01:58 0.0 4.2 0.0 6.0 37.8 15:03 261 --------------------------------------------------------------------------------------- 24.5 37.9 05 10.1 11 4.6 143.9 8.1 4.4 46.4 02 218 Updated: 13/08/19 15:31:01