MONTHLY CLIMATOLOGICAL SUMMARY for Sep 2017 NAME: Tosca, Varsi (Parma) ELEV: 650 metri LAT: 44-37.15 N LONG: 009-49.14 E TEMPERATURE (°C), RAIN (mm), WIND SPEED (km/h) HEAT COOL AVG MEAN DEG DEG WIND DOM DAY TEMP HIGH TIME LOW TIME DAYS DAYS RAIN SPEED HIGH TIME DIR --------------------------------------------------------------------------------------- 01 21.4 26.7 16:13 15.2 23:33 0.0 1.4 0.9 7.1 55.1 14:43 267 02 14.1 18.4 13:28 11.5 22:08 5.9 0.0 4.8 6.1 41.8 17:28 267 03 17.1 26.5 16:48 9.3 06:58 2.9 0.0 0.0 5.0 25.6 13:58 219 04 17.2 23.8 12:33 11.8 06:08 2.8 0.0 0.0 4.6 24.5 10:33 230 05 19.8 27.8 15:08 12.1 03:43 0.2 0.0 0.0 4.8 31.7 15:53 255 06 19.4 25.7 16:18 13.3 05:43 0.6 0.0 0.0 5.2 23.4 15:23 254 07 18.1 25.6 13:13 14.1 05:03 1.9 0.0 15.3 2.9 36.7 15:33 200 08 17.3 23.9 15:53 14.0 23:33 2.7 0.0 0.3 2.7 20.9 16:03 163 09 17.0 22.6 12:28 12.9 03:33 3.0 0.0 18.0 6.2 47.9 13:18 242 10 15.2 18.0 12:13 14.0 23:58 4.8 0.0 29.1 2.1 19.4 00:28 193 11 16.3 23.6 17:13 13.6 07:18 3.7 0.0 0.3 1.8 18.4 14:08 193 12 16.7 23.6 15:08 12.1 05:13 3.3 0.0 0.0 3.6 19.4 09:18 203 13 16.2 22.5 17:08 10.8 04:28 3.8 0.0 0.0 4.1 33.1 16:58 234 14 17.4 20.8 11:16 11.9 02:20 2.6 0.0 0.3 7.3 51.5 18:27 276 15 15.5 20.4 12:12 11.1 23:53 4.5 0.0 9.3 3.1 27.0 10:37 211 16 14.1 20.0 16:23 11.1 00:03 5.9 0.0 2.7 5.0 29.5 13:03 258 17 13.4 17.8 10:33 9.5 04:48 6.6 0.0 6.0 5.0 41.8 15:38 222 18 12.7 15.6 11:13 10.4 22:03 7.3 0.0 8.7 2.9 31.7 00:33 239 19 11.7 21.5 17:48 8.6 07:08 8.3 0.0 4.2 2.8 31.7 12:33 158 20 14.5 24.8 17:48 7.8 06:53 5.5 0.0 0.0 2.8 15.8 11:08 204 21 14.5 22.2 13:23 7.8 05:38 5.5 0.0 0.0 3.6 29.5 18:18 228 22 14.7 21.7 11:53 8.1 06:58 5.3 0.0 0.0 4.8 27.0 13:03 248 23 14.8 21.3 12:38 9.6 06:23 5.2 0.0 0.0 3.5 20.9 15:23 227 24 15.0 21.3 12:28 11.0 23:23 5.0 0.0 0.0 2.6 22.0 18:33 152 25 13.8 19.5 11:33 9.4 03:18 6.2 0.0 0.0 3.9 24.5 12:33 139 26 13.3 20.4 16:58 8.4 06:08 6.7 0.0 0.0 4.2 30.6 12:13 132 27 14.6 22.4 17:08 10.2 01:23 5.4 0.0 0.0 3.4 27.0 13:58 149 28 15.6 22.5 13:28 11.1 06:53 4.4 0.0 0.0 2.5 17.3 15:43 158 29 14.5 20.9 10:23 10.3 06:08 5.5 0.0 0.0 2.8 20.9 15:28 168 30 14.0 20.3 13:33 9.0 07:18 6.0 0.0 0.0 2.6 18.4 14:43 152 --------------------------------------------------------------------------------------- 15.7 27.8 05 7.8 20 131.4 1.4 99.9 4.0 55.1 01 221 Updated: 13/08/19 15:31:01