MONTHLY CLIMATOLOGICAL SUMMARY for Oct 2017 NAME: Tosca, Varsi (Parma) ELEV: 650 metri LAT: 44-37.15 N LONG: 009-49.14 E TEMPERATURE (°C), RAIN (mm), WIND SPEED (km/h) HEAT COOL AVG MEAN DEG DEG WIND DOM DAY TEMP HIGH TIME LOW TIME DAYS DAYS RAIN SPEED HIGH TIME DIR --------------------------------------------------------------------------------------- 01 12.0 13.3 10:38 11.0 20:48 8.0 0.0 0.0 1.5 15.8 15:48 210 02 13.7 18.3 15:43 11.2 02:08 6.3 0.0 0.0 1.2 14.8 16:33 190 03 14.2 17.8 11:58 11.4 00:08 5.8 0.0 0.0 2.6 19.4 15:03 188 04 15.0 20.1 14:53 11.3 07:48 5.0 0.0 0.0 1.6 14.8 13:48 185 05 15.6 20.1 13:03 11.8 01:23 4.4 0.0 0.0 10.8 51.5 17:58 263 06 16.5 24.7 16:58 8.6 23:53 3.5 0.0 0.0 8.1 39.2 00:13 271 07 12.9 21.1 12:28 5.8 06:58 7.1 0.0 0.0 5.0 30.6 17:33 247 08 14.4 18.4 13:13 9.8 23:58 5.6 0.0 0.0 9.5 45.4 07:18 275 09 13.2 21.0 16:33 9.0 06:38 6.8 0.0 0.0 1.7 13.3 16:33 189 10 13.4 21.4 16:53 9.7 06:28 6.6 0.0 0.0 1.8 18.4 15:53 177 11 13.9 22.5 13:33 9.4 05:18 6.1 0.0 0.0 2.3 12.2 14:58 183 12 15.3 24.0 16:28 11.4 00:03 4.7 0.0 0.0 2.4 20.9 11:23 219 13 14.6 24.4 16:53 10.3 07:23 5.4 0.0 0.0 1.8 8.6 12:33 193 14 14.9 24.1 17:08 9.4 07:08 5.1 0.0 0.0 2.4 11.2 15:18 182 15 15.5 26.3 11:48 10.3 07:03 4.5 0.0 0.0 2.2 9.7 14:03 190 16 15.6 25.2 11:38 10.6 07:58 4.4 0.0 0.0 2.1 11.2 15:43 184 17 14.7 23.0 13:48 10.3 23:38 5.3 0.0 0.0 2.3 13.3 15:23 188 18 13.9 23.6 11:47 9.2 04:58 6.1 0.0 0.0 2.4 15.8 14:43 196 19 12.7 20.3 11:48 8.8 08:03 7.3 0.0 0.0 2.2 18.4 16:38 194 20 12.2 19.4 11:23 8.4 06:23 7.8 0.0 0.0 2.4 17.3 15:48 183 21 14.8 19.3 14:43 10.7 00:23 5.2 0.0 0.0 3.5 29.5 22:08 231 22 13.5 17.4 13:58 7.9 23:58 6.5 0.0 0.6 4.4 27.0 18:38 259 23 12.8 18.8 16:48 5.0 02:23 7.2 0.0 0.0 8.5 45.4 10:28 274 24 12.2 21.4 11:58 6.6 08:13 7.8 0.0 0.0 2.6 15.8 00:23 191 25 12.7 20.6 12:53 8.1 06:43 7.3 0.0 0.0 2.0 17.3 14:23 189 26 14.7 22.2 12:13 9.8 04:13 5.3 0.0 0.0 2.8 23.4 18:33 183 27 15.6 22.8 16:33 11.2 03:58 4.4 0.0 0.0 7.6 47.9 17:23 260 28 12.0 17.4 11:43 6.8 07:13 8.0 0.0 0.0 6.6 40.3 16:33 258 29 12.9 18.2 13:33 9.1 05:48 7.1 0.0 0.0 8.5 49.0 13:13 255 30 10.6 15.0 14:03 7.5 22:43 9.4 0.0 0.0 2.0 13.3 15:03 211 31 9.1 14.2 11:18 5.3 23:58 10.9 0.0 0.0 2.4 19.4 11:28 170 --------------------------------------------------------------------------------------- 13.7 26.3 15 5.0 23 194.9 0.0 0.6 3.8 51.5 05 231 Updated: 13/08/19 15:31:01