MONTHLY CLIMATOLOGICAL SUMMARY for Dec 2017 NAME: Tosca, Varsi (Parma) ELEV: 650 metri LAT: 44-37.15 N LONG: 009-49.14 E TEMPERATURE (°C), RAIN (mm), WIND SPEED (km/h) HEAT COOL AVG MEAN DEG DEG WIND DOM DAY TEMP HIGH TIME LOW TIME DAYS DAYS RAIN SPEED HIGH TIME DIR --------------------------------------------------------------------------------------- 01 1.4 6.6 07:11 -0.3 03:46 18.6 0.0 0.0 5.0 25.6 08:56 126 02 0.3 1.0 12:16 -0.4 03:01 19.7 0.0 0.0 10.7 31.7 06:05 96 03 -0.5 9.5 11:39 -2.9 07:19 20.5 0.0 0.6 1.6 12.2 00:09 178 04 1.8 8.7 11:42 -3.5 01:09 18.2 0.0 0.0 2.1 13.3 21:41 180 05 5.4 12.8 11:46 2.1 02:36 14.6 0.0 0.0 1.9 8.6 00:21 176 06 7.2 10.8 11:36 2.9 02:46 12.8 0.0 0.0 10.6 41.8 09:56 234 07 8.1 10.0 11:21 5.8 00:11 11.9 0.0 0.0 6.6 36.7 11:36 249 08 8.7 9.9 08:01 5.1 23:26 11.3 0.0 0.6 8.2 42.8 14:01 287 09 2.4 5.7 00:11 -2.5 23:41 17.6 0.0 0.0 8.7 43.9 10:11 284 10 -1.0 2.0 09:27 -2.8 16:57 21.0 0.0 0.0 1.8 12.2 10:57 225 11 3.4 11.3 22:47 -1.7 04:02 16.6 0.0 51.6 5.7 61.2 18:07 77 12 8.5 10.2 00:02 6.1 23:57 11.5 0.0 5.4 8.8 46.4 03:42 293 13 5.6 10.7 11:22 3.1 05:57 14.4 0.0 0.0 3.0 31.7 23:47 216 14 8.9 10.9 13:27 6.7 00:02 11.1 0.0 0.3 11.3 55.1 07:42 272 15 7.4 9.5 00:42 2.9 20:37 12.6 0.0 0.0 7.3 77.0 03:12 283 16 0.9 4.6 00:02 -1.5 22:28 19.1 0.0 0.0 2.0 14.8 05:52 208 17 1.6 9.3 11:38 -1.1 00:18 18.4 0.0 0.0 2.3 12.2 19:08 186 18 0.0 4.4 10:53 -2.2 04:48 20.0 0.0 0.0 1.0 11.2 13:08 196 19 -1.1 6.7 11:53 -3.4 04:48 21.1 0.0 0.0 1.2 6.1 16:23 187 20 -0.2 10.1 11:39 -2.5 06:13 20.2 0.0 0.0 1.4 13.3 03:23 184 21 1.0 9.5 11:54 -3.0 06:09 19.0 0.0 0.0 1.1 9.7 20:24 180 22 3.8 8.2 14:14 0.6 05:54 16.2 0.0 0.0 1.1 9.7 04:34 192 23 7.5 15.7 11:59 3.3 00:14 12.5 0.0 0.0 1.6 6.1 08:54 177 24 9.4 16.6 11:44 6.1 20:44 10.6 0.0 0.0 4.3 35.6 19:04 221 25 8.3 10.1 11:36 7.0 06:19 11.7 0.0 0.0 6.9 51.5 01:49 256 26 6.9 10.2 12:56 3.7 22:26 13.1 0.0 9.3 3.8 24.5 10:41 183 27 4.9 6.3 12:31 2.7 23:16 15.1 0.0 24.9 3.2 22.0 18:16 228 28 2.7 6.1 13:50 0.6 23:31 17.3 0.0 6.6 7.7 31.7 16:16 269 29 0.9 8.7 11:56 -2.6 08:36 19.1 0.0 0.0 2.5 19.4 00:16 198 30 1.9 7.5 12:01 -0.5 05:21 18.1 0.0 0.0 1.7 12.2 12:21 184 31 4.1 8.1 21:43 1.4 00:01 15.9 0.0 0.0 2.1 13.3 23:23 221 --------------------------------------------------------------------------------------- 3.9 16.6 24 -3.5 04 499.9 0.0 99.3 4.4 77.0 15 227 Updated: 13/08/19 15:31:01