MONTHLY CLIMATOLOGICAL SUMMARY for Jan 2018 NAME: Tosca, Varsi (Parma) ELEV: 650 metri LAT: 44-37.15 N LONG: 009-49.14 E TEMPERATURE (°C), RAIN (mm), WIND SPEED (km/h) HEAT COOL AVG MEAN DEG DEG WIND DOM DAY TEMP HIGH TIME LOW TIME DAYS DAYS RAIN SPEED HIGH TIME DIR --------------------------------------------------------------------------------------- 01 2.9 8.1 19:48 0.1 07:33 17.1 0.0 18.3 3.6 30.6 19:12 242 02 5.9 11.1 11:52 0.6 04:48 14.1 0.0 0.0 5.9 33.1 12:32 265 03 7.0 12.0 15:23 2.8 00:03 13.0 0.0 0.0 11.0 73.4 12:08 238 04 7.6 15.1 11:43 3.6 01:18 12.4 0.0 0.0 2.8 23.4 02:08 187 05 5.9 9.5 10:48 3.7 02:28 14.1 0.0 0.0 2.0 14.8 14:58 215 06 5.1 6.3 00:18 4.4 19:46 14.9 0.0 8.1 1.0 12.2 00:03 243 07 5.4 6.9 23:47 4.4 00:06 14.6 0.0 0.0 1.4 13.3 23:15 234 08 8.0 10.9 12:24 6.4 01:55 12.0 0.0 4.5 6.6 33.1 10:27 121 09 8.8 14.1 11:44 5.8 21:05 11.2 0.0 4.2 9.8 55.1 09:36 147 10 6.6 10.9 12:15 4.7 07:25 13.4 0.0 0.6 3.0 36.7 01:39 251 11 4.6 5.2 13:25 3.9 22:05 15.4 0.0 2.1 1.5 12.2 15:00 222 12 3.8 6.7 14:10 1.5 23:00 16.2 0.0 0.3 2.4 15.8 10:20 178 13 3.2 7.7 15:15 0.8 22:40 16.8 0.0 0.0 1.8 14.8 12:30 184 14 2.8 9.2 11:10 0.4 07:45 17.2 0.0 0.0 1.2 8.6 12:40 205 15 2.2 3.7 11:51 0.8 00:20 17.8 0.0 0.3 0.9 8.6 20:26 216 16 6.6 9.8 15:11 1.8 00:46 13.4 0.0 2.1 10.4 54.0 15:26 257 17 6.6 10.0 09:50 1.0 06:26 13.4 0.0 0.0 9.7 43.9 10:36 273 18 6.0 8.4 23:56 1.1 04:21 14.0 0.0 0.0 11.6 66.2 11:46 250 19 8.5 15.6 11:36 2.6 23:46 11.5 0.0 0.0 5.7 30.6 00:31 229 20 5.7 11.4 11:11 1.7 04:51 14.3 0.0 0.0 3.8 35.6 23:36 228 21 7.0 13.7 12:18 0.0 06:45 13.0 0.0 0.0 4.9 42.8 00:31 264 22 3.5 8.4 14:58 0.9 07:47 16.5 0.0 0.0 1.6 12.2 12:43 200 23 4.2 14.1 11:43 0.7 04:18 15.8 0.0 0.0 1.7 8.6 10:03 209 24 2.9 7.4 15:23 0.4 01:43 17.1 0.0 0.0 1.4 8.6 11:43 213 25 6.1 9.4 13:28 3.7 23:53 13.9 0.0 0.0 1.9 11.2 05:18 229 26 5.6 7.4 09:18 3.7 22:01 14.4 0.0 1.5 1.6 15.8 04:13 225 27 5.4 7.2 13:01 4.0 00:14 14.6 0.0 1.5 0.7 9.7 13:16 241 28 7.2 14.5 12:08 2.5 02:11 12.8 0.0 0.0 1.5 11.2 20:18 186 29 8.7 17.7 12:28 4.8 23:48 11.3 0.0 0.0 6.1 40.3 17:08 232 30 7.4 10.0 12:08 4.6 00:23 12.6 0.0 0.0 11.4 41.8 08:43 246 31 6.6 8.0 12:03 5.6 04:08 13.4 0.0 2.4 3.3 20.9 18:23 193 --------------------------------------------------------------------------------------- 5.7 17.7 29 0.0 21 442.2 0.0 45.9 4.3 73.4 03 235 Updated: 13/08/19 15:31:01