MONTHLY CLIMATOLOGICAL SUMMARY for Feb 2018 NAME: Tosca, Varsi (Parma) ELEV: 650 metri LAT: 44-37.15 N LONG: 009-49.14 E TEMPERATURE (°C), RAIN (mm), WIND SPEED (km/h) HEAT COOL AVG MEAN DEG DEG WIND DOM DAY TEMP HIGH TIME LOW TIME DAYS DAYS RAIN SPEED HIGH TIME DIR --------------------------------------------------------------------------------------- 01 6.7 7.7 01:38 5.2 14:58 13.3 0.0 21.0 10.7 70.9 12:53 288 02 4.0 6.2 00:18 1.0 23:57 16.0 0.0 5.4 4.8 35.6 00:18 204 03 0.3 4.8 13:45 -2.8 22:43 19.7 0.0 0.3 1.0 20.9 00:34 136 04 1.0 7.0 09:43 -3.1 04:48 19.0 0.0 0.0 0.7 6.1 12:03 119 05 1.2 3.1 11:53 0.2 03:53 18.8 0.0 3.6 2.0 14.8 13:03 104 06 0.3 1.1 11:38 -0.4 14:53 19.7 0.0 0.6 5.8 29.5 14:48 103 07 1.4 5.1 14:08 0.1 00:03 18.6 0.0 2.4 1.4 11.2 00:23 144 08 3.5 8.3 09:58 0.3 00:23 16.5 0.0 0.0 3.2 24.5 12:43 229 09 2.9 11.7 09:13 -0.4 03:18 17.1 0.0 0.0 2.0 19.4 10:23 202 10 1.5 5.3 14:09 -0.7 01:58 18.5 0.0 0.0 1.7 11.2 13:49 154 11 3.1 10.1 10:03 -1.6 04:59 16.9 0.0 0.0 1.8 17.3 17:39 141 12 1.5 3.1 01:09 -0.6 23:49 18.5 0.0 1.8 2.1 19.4 20:44 130 13 -0.1 4.8 08:54 -3.5 18:39 20.1 0.0 2.1 1.7 15.8 12:34 140 14 -0.3 6.6 14:39 -4.5 23:05 20.3 0.0 1.2 1.8 14.8 13:04 171 15 1.4 9.7 09:42 -5.0 03:40 18.6 0.0 0.0 1.5 8.6 11:40 209 16 4.8 9.5 10:40 1.5 03:20 15.2 0.0 0.0 1.8 28.1 14:25 257 17 2.8 4.4 08:25 1.1 17:10 17.2 0.0 6.6 1.2 12.2 15:35 303 18 1.5 2.5 11:20 0.7 23:00 18.5 0.0 3.9 9.1 39.2 21:20 106 19 0.4 3.5 11:10 -2.5 23:30 19.6 0.0 0.0 6.5 27.0 10:30 129 20 0.3 6.5 09:15 -3.1 02:25 19.7 0.0 0.0 5.4 24.5 14:10 109 21 0.4 2.1 14:04 -0.8 05:03 19.6 0.0 0.6 8.3 25.6 09:51 107 22 -0.6 0.1 09:14 -1.2 22:54 20.6 0.0 0.0 9.6 30.6 07:59 104 23 -0.6 0.3 12:19 -1.9 05:09 20.6 0.0 0.0 8.1 36.7 01:04 102 24 2.4 7.1 15:46 0.2 00:04 17.6 0.0 6.0 5.0 24.5 04:09 110 25 -3.3 1.4 00:01 -7.2 23:56 23.3 0.0 0.0 11.8 41.8 16:56 104 26 -7.3 -3.0 16:16 -9.7 23:22 27.3 0.0 0.3 14.1 46.4 10:31 101 27 -7.9 -2.2 16:23 -11.5 07:04 27.9 0.0 0.0 4.7 28.1 12:53 119 28 -6.1 2.8 11:13 -12.4 02:58 26.1 0.0 0.0 5.6 27.0 14:18 112 --------------------------------------------------------------------------------------- 0.5 11.7 09 -12.4 28 544.8 0.0 55.8 4.8 70.9 01 112 Updated: 13/08/19 15:31:01