MONTHLY CLIMATOLOGICAL SUMMARY for Mar 2018 NAME: Tosca, Varsi (Parma) ELEV: 650 metri LAT: 44-37.15 N LONG: 009-49.14 E TEMPERATURE (°C), RAIN (mm), WIND SPEED (km/h) HEAT COOL AVG MEAN DEG DEG WIND DOM DAY TEMP HIGH TIME LOW TIME DAYS DAYS RAIN SPEED HIGH TIME DIR --------------------------------------------------------------------------------------- 01 -5.6 -4.8 15:08 -6.8 07:03 25.6 0.0 0.0 9.3 33.1 01:58 101 02 -2.1 1.2 23:58 -5.0 00:03 22.1 0.0 0.0 1.4 12.2 22:58 324 03 1.1 6.0 05:47 -1.2 23:34 18.9 0.0 10.8 3.2 28.1 05:31 266 04 3.2 11.0 11:54 -1.0 00:04 16.8 0.0 14.4 0.7 9.7 12:09 230 05 2.4 5.2 12:14 0.5 01:39 17.6 0.0 0.6 1.0 7.2 13:54 275 06 4.4 8.2 11:14 1.2 06:24 15.6 0.0 3.0 2.4 28.1 22:09 251 07 6.7 12.9 12:44 0.5 23:49 13.3 0.0 0.3 5.0 33.1 16:39 256 08 6.7 12.5 10:49 0.5 00:09 13.3 0.0 0.3 5.7 42.8 18:19 253 09 7.8 15.0 12:28 4.0 23:23 12.2 0.0 0.0 3.4 20.9 01:44 169 10 6.2 10.0 13:38 3.4 00:53 13.8 0.0 2.1 1.4 9.7 01:58 170 11 5.8 8.8 23:13 4.2 02:03 14.2 0.0 26.1 2.1 25.6 23:43 204 12 8.5 12.8 15:03 5.8 04:48 11.5 0.0 11.7 3.7 74.5 06:23 174 13 9.2 16.7 16:53 5.4 06:38 10.8 0.0 0.0 3.4 31.7 19:13 248 14 8.5 13.3 12:18 4.2 05:28 11.5 0.0 0.0 7.5 42.8 15:53 250 15 6.1 8.3 10:08 4.4 05:38 13.9 0.0 41.4 2.8 24.5 10:48 168 16 8.1 13.5 16:08 4.2 05:08 11.9 0.0 0.0 4.0 34.2 12:08 255 17 6.7 10.6 13:48 4.4 06:48 13.3 0.0 18.0 2.2 24.5 14:23 252 18 3.8 6.7 00:57 0.7 23:51 16.2 0.0 27.3 0.1 19.4 13:31 77 19 1.7 8.4 16:11 -0.6 06:46 18.3 0.0 10.8 0.0 3.6 04:46 90 20 2.0 4.2 11:31 0.4 01:36 18.0 0.0 0.6 0.0 7.2 14:56 180 21 1.4 5.7 16:36 -1.2 03:36 18.6 0.0 0.0 0.0 0.0 00:01 90 22 1.8 11.0 17:27 -2.2 06:31 18.2 0.0 0.0 3.8 31.7 13:06 110 23 5.9 16.0 16:33 -0.8 00:34 14.1 0.0 0.0 3.4 35.6 11:48 216 24 5.1 10.2 11:28 1.3 05:33 14.9 0.0 0.0 3.2 20.9 13:57 124 25 4.7 9.7 17:13 1.3 03:38 15.3 0.0 0.0 7.2 34.2 14:48 114 26 7.5 16.8 18:23 0.1 06:38 12.5 0.0 0.0 2.8 22.0 16:18 157 27 9.4 16.5 12:38 3.6 07:38 10.6 0.0 0.0 4.2 35.6 22:23 193 28 9.5 14.3 12:43 4.9 05:58 10.5 0.0 0.0 6.1 33.1 13:38 256 29 10.4 12.7 09:43 7.5 03:18 9.6 0.0 0.0 6.0 56.2 16:13 327 30 11.6 15.4 14:38 8.8 04:48 8.4 0.0 0.0 6.9 41.8 22:43 124 31 6.9 11.7 08:53 3.2 22:28 13.1 0.0 0.3 3.6 36.7 02:23 117 --------------------------------------------------------------------------------------- 5.3 16.8 26 -6.8 01 454.8 0.0 167.7 3.4 74.5 12 182 Updated: 13/08/19 15:31:01