MONTHLY CLIMATOLOGICAL SUMMARY for Apr 2018 NAME: Tosca, Varsi (Parma) ELEV: 650 metri LAT: 44-37.15 N LONG: 009-49.14 E TEMPERATURE (°C), RAIN (mm), WIND SPEED (km/h) HEAT COOL AVG MEAN DEG DEG WIND DOM DAY TEMP HIGH TIME LOW TIME DAYS DAYS RAIN SPEED HIGH TIME DIR --------------------------------------------------------------------------------------- 01 11.1 16.2 13:06 4.8 00:04 8.9 0.0 0.0 8.3 39.2 19:16 276 02 10.0 15.9 16:31 4.7 03:06 10.0 0.0 0.0 6.1 33.1 15:11 256 03 9.4 12.9 14:36 7.1 07:51 10.6 0.0 0.3 2.5 18.4 16:56 204 04 8.6 11.5 21:46 6.7 05:16 11.4 0.0 0.0 0.0 1.1 01:16 90 05 11.0 18.8 18:51 7.7 06:56 9.0 0.0 0.0 0.0 0.0 00:01 90 06 12.6 19.1 13:11 6.0 06:01 7.4 0.0 0.0 2.9 29.5 16:21 117 07 12.6 18.4 16:31 7.1 06:46 7.4 0.0 0.0 4.3 31.7 15:36 115 08 12.4 17.2 16:41 7.8 05:36 7.6 0.0 0.0 5.1 33.1 17:16 111 09 9.2 12.6 13:31 6.6 06:46 10.8 0.0 11.7 0.2 8.6 01:46 243 10 9.2 12.8 10:36 5.7 23:06 10.8 0.0 7.2 0.0 0.0 00:01 90 11 7.5 9.6 23:06 4.0 02:31 12.5 0.0 14.1 0.0 7.2 23:46 90 12 10.7 16.0 16:11 7.2 07:01 9.3 0.0 15.6 0.0 0.0 00:01 90 13 10.6 17.7 17:31 6.1 04:51 9.4 0.0 0.0 1.7 23.4 14:21 185 14 11.5 16.2 13:16 6.6 06:16 8.5 0.0 0.0 3.9 31.7 18:21 88 15 12.3 16.1 15:11 8.9 23:51 7.7 0.0 0.6 2.0 24.5 11:56 123 16 14.3 20.4 12:51 8.5 01:16 5.7 0.0 0.3 1.3 23.4 12:21 275 17 16.1 21.9 16:12 10.2 06:21 3.9 0.0 0.0 5.3 28.1 16:57 117 18 16.5 21.0 17:22 11.8 05:52 3.5 0.0 0.0 7.6 37.8 16:42 105 19 16.4 21.4 16:37 11.0 04:37 3.6 0.0 0.0 7.3 33.1 15:12 101 20 17.9 24.5 16:32 11.4 04:17 2.1 0.0 0.0 6.6 35.6 14:37 107 21 19.5 27.5 17:57 12.3 05:07 0.5 0.0 0.0 4.5 28.1 12:27 118 22 19.5 27.3 16:42 12.8 06:52 0.5 0.0 0.0 3.1 22.0 14:37 144 23 19.1 25.2 17:52 13.4 05:42 0.9 0.0 0.0 7.6 30.6 13:32 255 24 18.1 25.9 16:47 12.7 05:32 1.9 0.0 0.0 7.0 35.6 12:57 267 25 18.2 26.6 17:37 11.7 05:47 1.8 0.0 0.0 7.3 33.1 10:22 249 26 17.9 25.7 16:37 11.6 06:37 2.1 0.0 0.0 7.1 37.8 12:37 255 27 13.7 19.5 18:12 10.5 05:52 6.3 0.0 0.0 3.0 17.3 14:02 132 28 16.5 22.9 13:08 10.0 06:27 3.5 0.0 0.0 2.5 23.4 13:38 135 29 17.8 25.0 16:58 12.0 06:43 2.2 0.0 0.0 5.5 35.6 14:28 109 30 13.4 17.5 12:58 10.8 02:38 6.6 0.0 1.5 6.6 43.9 19:33 32 --------------------------------------------------------------------------------------- 13.8 27.5 21 4.0 11 186.7 0.0 51.3 4.0 43.9 30 150 Updated: 13/08/19 15:31:01