MONTHLY CLIMATOLOGICAL SUMMARY for May 2018 NAME: Tosca, Varsi (Parma) ELEV: 650 metri LAT: 44-37.15 N LONG: 009-49.14 E TEMPERATURE (°C), RAIN (mm), WIND SPEED (km/h) HEAT COOL AVG MEAN DEG DEG WIND DOM DAY TEMP HIGH TIME LOW TIME DAYS DAYS RAIN SPEED HIGH TIME DIR --------------------------------------------------------------------------------------- 01 11.3 15.7 11:28 8.1 22:08 8.7 0.0 5.7 4.0 43.9 00:13 302 02 9.7 12.1 15:33 8.3 00:03 10.3 0.0 21.6 1.0 25.6 04:28 110 03 12.9 16.7 17:33 9.8 00:03 7.1 0.0 1.8 1.4 20.9 21:53 125 04 14.6 19.8 16:41 12.1 08:26 5.4 0.0 8.1 3.1 23.4 04:06 108 05 14.5 20.2 12:26 10.8 05:21 5.5 0.0 3.6 0.0 3.6 05:56 198 06 18.8 25.6 18:46 13.9 00:01 1.2 0.0 6.0 1.5 19.4 16:01 147 07 17.3 23.0 16:31 12.9 23:41 2.7 0.0 0.9 0.1 3.6 21:46 175 08 15.9 23.8 12:31 11.3 21:41 4.1 0.0 2.1 0.6 17.3 15:06 284 09 13.4 16.8 18:26 11.7 05:11 6.6 0.0 17.4 0.0 1.1 13:16 90 10 15.6 23.3 16:36 11.5 05:16 4.4 0.0 4.8 1.7 13.3 16:01 292 11 15.0 21.7 11:06 10.8 03:46 5.0 0.0 33.0 2.0 36.7 16:21 229 12 16.5 26.4 17:56 11.0 03:56 3.5 0.0 0.3 2.7 18.4 18:21 255 13 14.8 21.7 11:06 8.3 06:16 5.2 0.0 1.2 5.0 55.1 15:11 255 14 10.5 16.4 18:01 6.0 05:51 9.5 0.0 2.1 7.1 36.7 03:26 270 15 9.9 14.4 15:29 5.4 03:21 10.1 0.0 0.0 7.7 36.7 09:10 251 16 13.0 19.5 11:44 7.2 06:08 7.0 0.0 0.0 4.7 25.6 16:48 265 17 13.1 20.9 16:16 8.6 05:48 6.9 0.0 0.0 2.1 17.3 12:53 221 18 16.0 23.5 16:36 8.6 04:41 4.0 0.0 0.0 4.1 23.4 17:13 140 19 16.3 23.7 15:42 9.8 04:36 3.7 0.0 0.0 3.8 23.4 14:33 117 20 15.3 22.2 15:37 10.5 05:50 4.7 0.0 1.2 4.8 31.7 14:38 110 21 14.3 20.4 12:33 10.4 04:33 5.7 0.0 3.0 0.7 23.4 14:50 68 22 13.9 17.3 15:42 11.9 04:12 6.1 0.0 6.0 0.0 1.1 16:02 90 23 16.0 23.1 15:22 13.0 00:01 4.0 0.0 1.8 0.0 1.1 10:50 90 24 17.8 25.6 17:09 11.8 04:31 2.2 0.0 0.6 0.0 0.0 00:00 90 25 20.1 29.1 16:10 12.7 05:14 0.0 0.1 0.3 1.7 14.8 18:13 258 26 21.1 28.3 18:24 14.3 05:20 0.0 1.1 0.0 2.6 19.4 17:09 136 27 19.7 28.2 13:49 15.1 05:12 0.3 0.0 0.3 1.4 24.5 17:16 219 28 18.6 23.8 14:08 14.6 04:23 1.4 0.0 0.6 0.0 0.0 00:01 90 29 19.7 25.7 15:00 13.9 05:56 0.3 0.0 0.3 0.0 0.0 00:00 90 30 19.5 27.3 18:01 15.3 02:07 0.5 0.0 2.1 0.0 0.0 00:04 90 31 19.5 25.1 14:49 14.4 03:59 0.5 0.0 0.0 1.0 30.6 20:51 243 --------------------------------------------------------------------------------------- 15.6 29.1 25 5.4 15 136.3 1.1 124.8 2.1 55.1 13 226 Updated: 13/08/19 15:31:01