MONTHLY CLIMATOLOGICAL SUMMARY for Jun 2018 NAME: Tosca, Varsi (Parma) ELEV: 650 metri LAT: 44-37.15 N LONG: 009-49.14 E TEMPERATURE (°C), RAIN (mm), WIND SPEED (km/h) HEAT COOL AVG MEAN DEG DEG WIND DOM DAY TEMP HIGH TIME LOW TIME DAYS DAYS RAIN SPEED HIGH TIME DIR --------------------------------------------------------------------------------------- 01 18.6 24.0 15:35 12.1 04:44 1.4 0.0 0.0 8.9 30.6 13:27 271 02 19.6 26.3 15:36 12.0 05:08 0.4 0.0 0.0 4.2 22.0 04:15 273 03 21.0 30.0 18:16 13.5 02:27 0.0 1.0 0.0 2.9 23.4 17:18 243 04 18.3 24.4 09:31 14.7 05:26 1.7 0.0 3.9 1.2 17.3 15:53 228 05 19.4 26.9 16:40 13.3 04:45 0.6 0.0 1.8 0.0 1.1 01:06 90 06 19.0 24.8 16:40 13.4 05:54 1.0 0.0 0.0 0.0 0.0 00:02 90 07 18.9 25.7 10:32 14.3 03:41 1.1 0.0 40.5 0.0 3.6 18:16 270 08 17.4 25.7 18:48 13.6 06:16 2.6 0.0 4.5 0.0 1.1 02:32 90 09 19.0 24.0 15:52 13.0 04:13 1.0 0.0 0.0 0.0 0.0 00:02 90 10 21.1 29.9 15:57 13.8 05:49 0.0 1.1 0.0 0.0 2.5 23:24 161 11 21.8 28.9 11:18 15.3 05:32 0.0 1.8 0.0 0.1 5.0 00:17 189 12 20.4 25.6 12:40 16.4 03:23 0.0 0.4 0.6 0.2 23.4 14:53 263 13 19.4 26.7 19:18 15.6 22:46 0.6 0.0 0.0 0.0 0.0 00:02 90 14 18.5 24.9 19:18 14.1 23:40 1.5 0.0 0.0 0.0 0.0 00:01 90 15 19.7 28.0 18:14 13.3 04:49 0.3 0.0 0.0 0.0 0.0 00:01 90 16 20.9 28.7 17:32 13.5 04:38 0.0 0.9 0.0 0.1 5.0 23:50 177 17 22.0 31.1 18:41 14.0 05:58 0.0 2.0 0.0 2.4 17.3 11:24 135 18 22.3 30.3 18:24 16.4 05:16 0.0 2.3 0.0 3.8 25.6 15:17 111 19 22.7 30.0 17:51 16.0 05:20 0.0 2.7 0.0 3.9 23.4 13:41 131 20 23.3 30.2 18:44 16.6 04:46 0.0 3.3 0.0 4.4 27.0 14:44 124 21 23.8 30.5 13:44 16.3 05:38 0.0 3.8 0.0 7.2 36.7 21:38 272 22 21.6 27.7 13:06 16.3 23:36 0.0 1.6 0.0 7.6 34.2 09:49 112 23 18.5 25.3 17:54 13.1 23:46 1.5 0.0 0.0 0.0 0.0 00:02 90 24 19.1 26.8 18:26 11.6 05:11 0.9 0.0 0.0 1.7 17.3 15:20 120 25 18.2 24.0 17:22 13.4 01:49 1.8 0.0 0.0 4.8 28.1 15:30 116 26 19.3 27.6 18:58 12.6 06:16 0.7 0.0 0.0 4.1 33.1 14:00 113 27 21.5 29.3 16:40 14.0 06:10 0.0 1.5 0.0 3.9 25.6 20:34 118 28 20.1 28.4 19:20 12.4 05:12 0.0 0.1 0.0 2.7 17.3 12:45 132 29 23.4 34.2 19:41 14.5 05:54 0.0 3.4 0.0 2.5 17.3 14:53 149 30 24.2 29.9 16:34 16.8 04:08 0.0 4.2 0.0 6.6 30.6 19:25 266 --------------------------------------------------------------------------------------- 20.4 34.2 29 11.6 24 17.0 30.2 51.3 2.4 36.7 21 214 Updated: 13/08/19 15:31:01