MONTHLY CLIMATOLOGICAL SUMMARY for Jul 2018 NAME: Tosca, Varsi (Parma) ELEV: 650 metri LAT: 44-37.15 N LONG: 009-49.14 E TEMPERATURE (°C), RAIN (mm), WIND SPEED (km/h) HEAT COOL AVG MEAN DEG DEG WIND DOM DAY TEMP HIGH TIME LOW TIME DAYS DAYS RAIN SPEED HIGH TIME DIR --------------------------------------------------------------------------------------- 01 23.9 30.6 16:29 17.3 05:22 0.0 3.9 0.0 6.5 28.1 18:20 283 02 23.3 31.3 18:16 16.2 05:33 0.0 3.3 0.0 3.3 19.4 19:25 284 03 23.6 29.4 12:40 17.7 06:00 0.0 3.6 0.0 5.9 33.1 20:34 276 04 23.1 30.2 14:58 16.8 06:32 0.0 3.1 0.6 4.9 27.0 05:33 282 05 23.2 29.1 13:49 17.4 06:16 0.0 3.2 0.0 5.7 30.6 03:25 293 06 21.5 28.9 13:49 15.8 05:49 0.0 1.5 2.1 3.0 20.9 15:09 130 07 20.6 28.7 13:33 16.2 01:44 0.0 0.6 6.3 2.1 18.4 15:20 133 08 23.2 31.2 18:00 16.1 01:54 0.0 3.2 0.0 3.1 22.0 13:28 113 09 22.4 29.6 19:20 16.7 05:06 0.0 2.4 0.0 3.3 30.6 15:40 273 10 22.8 28.8 15:46 16.5 06:00 0.0 2.8 0.0 5.1 40.3 16:40 277 11 19.2 28.5 18:52 15.0 22:52 0.8 0.0 2.7 2.2 22.0 00:22 9 12 20.0 26.6 17:14 13.7 05:48 0.0 0.0 0.0 4.6 31.7 14:34 260 13 22.3 30.3 18:08 15.4 05:04 0.0 2.3 0.0 3.1 20.9 16:26 232 14 22.2 31.8 17:36 16.3 05:41 0.0 2.2 59.7 3.4 54.0 19:06 205 15 22.5 31.7 18:56 16.1 05:52 0.0 2.5 7.8 2.9 27.0 21:31 269 16 20.2 28.1 12:36 14.8 23:57 0.0 0.2 3.3 2.8 29.5 13:13 290 17 22.0 31.3 19:14 14.0 03:20 0.0 2.0 0.0 2.4 14.8 13:01 225 18 24.1 30.8 13:12 16.1 05:49 0.0 4.1 0.0 4.1 25.6 17:17 261 19 24.1 32.7 16:56 16.3 04:56 0.0 4.1 0.0 4.0 24.5 17:17 266 20 23.0 29.1 15:46 17.3 04:08 0.0 3.0 0.0 6.2 34.2 16:29 279 21 20.2 25.7 12:24 17.1 05:54 0.0 0.2 0.0 3.0 24.5 01:22 259 22 21.0 28.8 13:49 15.5 05:44 0.0 1.0 6.3 2.1 11.2 13:17 124 23 22.2 35.4 18:42 14.2 06:48 0.0 2.2 15.9 2.5 24.5 03:04 170 24 22.3 30.1 12:29 16.9 04:45 0.0 2.3 0.0 2.9 22.0 14:48 139 25 23.8 35.9 17:38 16.4 02:58 0.0 3.8 0.0 2.1 12.2 13:33 134 26 22.5 29.5 13:17 17.8 15:52 0.0 2.5 6.9 2.8 33.1 15:25 163 27 22.1 30.4 19:24 17.5 05:48 0.0 2.1 2.1 2.0 12.2 15:18 186 28 22.5 28.8 15:49 16.5 06:04 0.0 2.5 0.0 5.8 36.7 16:46 260 29 23.1 29.2 14:13 17.8 05:57 0.0 3.1 0.0 2.4 14.8 13:36 133 30 25.8 36.6 18:40 18.3 05:30 0.0 5.8 0.0 1.9 9.7 12:12 171 31 26.8 36.6 16:49 19.5 05:44 0.0 6.8 0.0 2.0 11.2 10:52 191 --------------------------------------------------------------------------------------- 22.6 36.6 30 13.7 12 0.8 80.4 113.7 3.5 54.0 14 259 Updated: 13/08/19 15:31:01