MONTHLY CLIMATOLOGICAL SUMMARY for Aug 2018 NAME: Tosca, Varsi (Parma) ELEV: 650 metri LAT: 44-37.15 N LONG: 009-49.14 E TEMPERATURE (°C), RAIN (mm), WIND SPEED (km/h) HEAT COOL AVG MEAN DEG DEG WIND DOM DAY TEMP HIGH TIME LOW TIME DAYS DAYS RAIN SPEED HIGH TIME DIR --------------------------------------------------------------------------------------- 01 26.3 35.1 18:29 20.8 05:30 0.0 6.3 0.0 2.1 9.7 11:33 190 02 25.3 30.9 12:24 19.8 06:42 0.0 5.3 0.0 2.0 17.3 13:22 166 03 24.7 30.8 17:48 19.7 03:41 0.0 4.7 0.0 4.6 25.6 15:03 113 04 25.7 32.9 17:53 20.0 03:40 0.0 5.7 0.0 3.4 20.9 11:45 131 05 26.7 36.7 17:28 19.7 06:08 0.0 6.7 0.0 2.2 12.2 16:08 160 06 25.4 32.5 19:41 20.0 06:16 0.0 5.4 0.0 2.2 23.4 16:03 177 07 24.1 32.9 18:46 19.8 05:44 0.0 4.1 2.1 2.5 39.2 14:42 189 08 23.8 32.6 16:25 18.4 06:13 0.0 3.8 0.3 2.4 15.8 15:48 215 09 24.0 30.9 15:32 17.6 06:23 0.0 4.0 0.0 3.8 29.5 21:34 256 10 24.0 29.6 16:41 19.3 01:08 0.0 4.0 0.0 6.6 30.6 18:33 282 11 23.7 31.3 16:16 17.8 05:44 0.0 3.7 0.0 3.8 20.9 15:45 153 12 22.0 31.2 18:54 17.2 06:17 0.0 2.0 0.0 2.1 14.8 12:52 194 13 21.3 27.1 13:21 16.0 06:26 0.0 1.3 0.0 5.6 31.7 11:13 271 14 19.1 25.5 12:28 15.3 15:13 0.9 0.0 12.6 3.0 18.4 14:31 137 15 20.5 28.5 17:41 14.5 04:33 0.0 0.5 0.0 4.6 31.7 14:29 122 16 21.7 28.6 16:37 15.6 01:30 0.0 1.7 0.0 3.9 22.0 14:35 145 17 22.3 30.8 15:59 15.8 05:45 0.0 2.3 0.0 2.0 15.8 16:20 168 18 22.9 30.8 18:12 16.3 06:19 0.0 2.9 0.0 3.1 18.4 12:22 153 19 23.4 31.6 17:52 16.9 06:12 0.0 3.4 0.0 3.5 24.5 13:22 166 20 23.9 32.1 18:12 18.0 05:52 0.0 3.9 0.0 3.4 22.0 14:12 140 21 24.0 31.5 17:52 17.7 05:52 0.0 4.0 0.0 3.6 20.9 16:02 149 22 24.1 33.5 18:22 17.7 05:52 0.0 4.1 0.0 3.3 22.0 16:12 137 23 24.1 31.7 16:12 18.4 05:42 0.0 4.1 0.0 2.5 17.3 13:52 144 24 22.1 29.1 11:32 17.0 06:32 0.0 2.1 1.5 2.2 18.4 19:12 210 25 20.1 26.1 11:22 15.5 21:52 0.0 0.1 3.9 3.1 23.4 13:02 253 26 17.1 22.9 16:22 11.3 23:32 2.9 0.0 0.3 5.1 22.0 15:02 106 27 17.7 27.2 17:12 10.2 04:52 2.3 0.0 0.0 2.8 18.4 14:52 144 28 20.2 29.9 17:22 13.0 04:42 0.0 0.2 0.0 2.6 15.8 15:52 150 29 22.0 30.7 16:12 15.3 05:22 0.0 2.0 0.0 2.8 13.3 15:02 232 30 21.0 27.4 15:52 15.3 06:52 0.0 1.0 0.0 3.5 27.0 15:32 243 31 19.8 25.0 17:22 15.8 23:52 0.2 0.0 0.0 2.9 18.4 16:02 159 --------------------------------------------------------------------------------------- 22.7 36.7 05 10.2 27 6.3 89.1 20.7 3.3 39.2 07 169 Updated: 13/08/19 15:31:01