MONTHLY CLIMATOLOGICAL SUMMARY for Sep 2018 NAME: Tosca, Varsi (Parma) ELEV: 650 metri LAT: 44-37.15 N LONG: 009-49.14 E TEMPERATURE (°C), RAIN (mm), WIND SPEED (km/h) HEAT COOL AVG MEAN DEG DEG WIND DOM DAY TEMP HIGH TIME LOW TIME DAYS DAYS RAIN SPEED HIGH TIME DIR --------------------------------------------------------------------------------------- 01 16.2 22.1 12:22 11.8 06:52 3.8 0.0 8.7 3.2 23.4 01:32 154 02 15.3 19.9 15:52 12.4 01:52 4.7 0.0 0.9 1.8 13.3 16:12 179 03 16.6 23.4 13:52 12.2 01:22 3.4 0.0 0.6 2.3 20.9 14:22 224 04 17.6 24.7 13:12 11.8 04:42 2.4 0.0 0.3 3.3 29.5 15:32 236 05 18.7 25.5 16:12 13.3 05:32 1.3 0.0 0.0 2.1 13.3 14:52 165 06 20.0 27.1 16:52 14.5 06:42 0.0 0.0 0.0 2.3 17.3 19:52 182 07 18.3 25.3 17:12 13.1 06:22 1.7 0.0 0.0 1.8 11.2 15:02 161 08 19.3 26.9 18:32 13.8 06:42 0.7 0.0 0.0 2.1 14.8 11:22 156 09 19.9 27.1 15:52 14.4 06:42 0.1 0.0 0.0 1.8 11.2 12:42 190 10 21.0 31.1 17:32 15.2 07:12 0.0 1.0 0.0 1.7 8.6 14:52 176 11 22.2 32.1 16:32 16.0 04:52 0.0 2.2 0.0 2.1 13.3 12:52 193 12 22.1 32.9 16:42 15.5 06:32 0.0 2.1 0.0 2.8 24.5 17:52 213 13 20.5 27.2 17:52 15.5 05:32 0.0 0.5 0.0 3.0 24.5 15:12 147 14 19.2 26.5 10:32 16.0 06:32 0.8 0.0 1.8 1.7 17.3 16:42 176 15 19.9 26.4 16:12 15.2 05:22 0.1 0.0 0.0 1.9 13.3 13:12 170 16 20.8 27.0 17:52 16.4 05:42 0.0 0.8 0.0 2.1 13.3 14:52 212 17 18.9 25.4 11:52 16.5 23:42 1.1 0.0 7.8 1.5 12.2 13:32 198 18 19.0 23.9 10:02 15.4 07:32 1.0 0.0 0.0 2.3 15.8 14:12 190 19 19.8 28.1 18:03 15.5 00:12 0.2 0.0 0.0 2.1 14.8 17:23 165 20 20.3 26.9 17:42 15.8 03:02 0.0 0.3 0.0 2.7 17.3 13:02 140 21 20.9 29.1 16:22 15.0 05:12 0.0 0.9 0.0 3.2 15.8 18:32 234 22 21.1 25.7 15:52 17.1 07:02 0.0 1.1 0.0 6.5 25.6 11:32 254 23 21.3 28.8 13:22 15.2 07:02 0.0 1.3 0.0 5.7 36.7 23:01 268 24 19.8 26.6 11:52 12.4 23:52 0.2 0.0 0.0 11.3 52.6 03:42 72 25 12.7 17.2 17:32 8.8 23:52 7.3 0.0 0.0 10.3 31.7 15:52 101 26 10.9 17.9 17:42 6.4 23:32 9.1 0.0 0.0 5.1 25.6 13:02 110 27 13.0 23.8 17:41 5.3 06:12 7.0 0.0 0.0 2.3 13.3 14:52 185 28 16.3 27.3 17:12 9.2 07:12 3.7 0.0 0.0 2.2 11.2 15:32 181 29 16.2 24.7 17:32 11.5 07:02 3.8 0.0 0.0 3.9 24.5 14:32 143 30 14.2 20.9 13:22 9.5 07:32 5.8 0.0 0.0 2.5 17.3 14:32 150 --------------------------------------------------------------------------------------- 18.4 32.9 12 5.3 27 58.2 10.4 20.1 3.3 52.6 24 158 Updated: 13/08/19 15:31:01