MONTHLY CLIMATOLOGICAL SUMMARY for Oct 2018 NAME: Tosca, Varsi (Parma) ELEV: 650 metri LAT: 44-37.15 N LONG: 009-49.14 E TEMPERATURE (°C), RAIN (mm), WIND SPEED (km/h) HEAT COOL AVG MEAN DEG DEG WIND DOM DAY TEMP HIGH TIME LOW TIME DAYS DAYS RAIN SPEED HIGH TIME DIR --------------------------------------------------------------------------------------- 01 11.0 14.8 11:32 9.2 23:42 9.0 0.0 9.0 3.0 22.0 16:42 347 02 10.7 18.4 17:12 7.7 23:12 9.3 0.0 6.0 8.1 33.1 11:52 110 03 12.4 22.2 17:12 6.1 06:32 7.6 0.0 0.0 2.1 15.8 15:12 172 04 13.4 20.3 12:22 8.3 03:42 6.6 0.0 0.0 3.2 18.4 16:52 128 05 13.8 19.2 13:02 10.2 07:12 6.2 0.0 0.0 3.6 23.4 11:42 116 06 12.7 14.1 13:12 11.2 22:52 7.3 0.0 0.9 1.7 9.7 02:12 142 07 14.2 21.3 11:52 9.2 07:12 5.8 0.0 0.0 1.1 7.2 10:12 155 08 15.3 25.0 17:12 11.0 06:22 4.7 0.0 0.0 2.2 18.4 13:22 162 09 14.7 20.4 13:42 10.8 05:52 5.3 0.0 0.0 2.9 19.4 15:02 136 10 15.1 19.7 11:22 11.2 07:32 4.9 0.0 0.0 2.7 18.4 15:22 120 11 14.2 15.4 13:52 13.4 06:32 5.8 0.0 4.5 1.1 7.2 03:52 268 12 15.2 20.3 13:02 12.0 23:32 4.8 0.0 0.3 1.6 15.8 12:02 184 13 14.3 20.5 12:02 10.7 07:02 5.7 0.0 0.3 1.7 14.8 14:12 177 14 13.4 20.2 12:22 9.8 07:02 6.6 0.0 0.0 2.7 18.4 14:12 157 15 13.6 18.9 13:01 10.7 00:52 6.4 0.0 0.0 2.1 17.3 16:52 128 16 13.4 14.5 14:12 12.4 22:02 6.6 0.0 1.5 3.8 18.4 10:42 111 17 13.7 15.8 13:21 12.7 06:02 6.3 0.0 0.6 1.6 11.2 12:32 128 18 14.7 19.2 14:22 12.6 23:32 5.3 0.0 0.0 1.8 20.9 15:42 143 19 15.3 21.6 13:41 11.8 07:22 4.7 0.0 0.0 1.4 8.6 12:52 169 20 14.4 21.3 12:31 10.7 07:52 5.6 0.0 0.0 1.9 14.8 13:22 164 21 12.7 20.1 12:32 7.5 22:32 7.3 0.0 0.0 5.6 43.9 19:22 100 22 8.7 13.9 12:32 5.6 03:52 11.3 0.0 0.0 6.2 30.6 13:32 106 23 11.1 17.7 15:42 6.3 05:22 8.9 0.0 0.0 2.2 14.8 11:32 180 24 21.9 27.4 15:22 12.9 00:22 0.0 1.9 0.0 8.5 34.2 13:32 280 25 17.5 24.5 11:22 12.8 08:12 2.5 0.0 0.0 4.7 30.6 20:32 245 26 15.1 17.5 13:12 12.4 02:12 4.9 0.0 0.0 3.7 23.4 21:02 64 27 14.1 16.1 01:02 12.7 22:22 5.9 0.0 32.4 5.2 29.5 09:02 80 28 13.7 15.6 13:12 11.5 18:12 6.3 0.0 41.1 6.1 41.8 00:42 86 29 11.3 13.6 17:32 8.5 23:52 8.7 0.0 117.0 7.9 99.0 18:32 122 30 9.0 11.2 14:32 5.9 22:42 11.0 0.0 6.3 8.5 55.1 00:52 86 31 9.1 10.9 09:02 6.4 01:52 10.9 0.0 6.9 2.1 13.3 20:22 149 --------------------------------------------------------------------------------------- 13.5 27.4 24 5.6 22 202.1 1.9 226.8 3.6 99.0 29 131 Updated: 13/08/19 15:31:01