MONTHLY CLIMATOLOGICAL SUMMARY for Nov 2018 NAME: Tosca, Varsi (Parma) ELEV: 650 metri LAT: 44-37.15 N LONG: 009-49.14 E TEMPERATURE (°C), RAIN (mm), WIND SPEED (km/h) HEAT COOL AVG MEAN DEG DEG WIND DOM DAY TEMP HIGH TIME LOW TIME DAYS DAYS RAIN SPEED HIGH TIME DIR --------------------------------------------------------------------------------------- 01 11.2 16.4 14:42 8.4 20:32 8.8 0.0 26.1 3.0 23.4 12:22 143 02 10.1 12.0 13:52 8.3 01:22 9.9 0.0 13.8 1.3 9.7 15:32 264 03 11.8 13.0 15:02 10.4 00:22 8.2 0.0 1.2 2.1 13.3 14:22 95 04 12.9 14.8 12:12 11.8 23:42 7.1 0.0 1.8 2.5 15.8 11:12 105 05 12.3 14.6 14:02 9.3 07:32 7.7 0.0 0.6 3.0 23.4 20:42 119 06 13.2 16.9 10:52 10.8 04:02 6.8 0.0 1.8 3.2 22.0 16:42 125 07 11.2 14.1 12:22 9.8 19:42 8.8 0.0 4.2 1.2 14.8 20:32 148 08 12.2 16.0 13:22 9.7 02:32 7.8 0.0 0.0 1.6 11.2 11:22 158 09 11.6 18.2 11:32 8.5 21:42 8.4 0.0 0.0 1.4 9.7 12:52 176 10 11.4 16.4 13:32 9.1 02:02 8.6 0.0 0.0 1.5 11.2 13:42 262 11 12.8 15.3 12:12 10.3 23:55 7.2 0.0 0.6 3.3 22.0 10:52 281 12 12.3 15.6 14:45 10.1 23:15 7.7 0.0 0.6 1.0 8.6 13:40 123 13 12.5 16.2 12:20 9.5 02:55 7.5 0.0 0.0 2.9 22.0 07:00 244 14 10.6 14.4 13:55 7.4 22:15 9.4 0.0 0.0 1.1 14.8 14:45 166 15 9.1 13.8 09:35 6.8 02:55 10.9 0.0 0.0 1.8 19.4 11:05 116 16 7.2 9.0 02:25 4.3 20:50 12.8 0.0 0.0 6.8 33.1 19:00 108 17 4.4 7.4 14:30 2.1 00:00 15.6 0.0 1.2 7.4 31.7 11:35 107 18 1.8 5.0 13:50 -0.5 23:10 18.2 0.0 0.0 4.3 25.6 00:30 116 19 0.9 3.5 10:40 -1.2 07:45 19.1 0.0 1.2 8.4 34.2 11:00 108 20 1.2 2.7 23:05 -0.1 02:05 18.8 0.0 2.1 3.5 22.0 00:05 108 21 4.2 7.4 12:35 0.7 05:10 15.8 0.0 3.0 1.0 11.2 21:45 216 22 6.4 9.1 12:05 4.3 05:10 13.6 0.0 1.8 0.8 11.2 14:55 79 23 6.2 6.8 10:25 5.7 17:40 13.8 0.0 27.0 1.8 20.9 22:35 104 24 6.9 8.3 12:40 6.1 00:05 13.1 0.0 21.3 2.0 19.4 00:45 247 25 5.5 6.6 15:10 4.5 07:20 14.5 0.0 1.5 1.3 8.6 11:20 296 26 6.4 11.5 12:05 3.5 07:45 13.6 0.0 0.9 1.6 22.0 13:40 237 27 6.4 10.5 13:50 3.7 18:35 13.6 0.0 1.2 1.9 12.2 08:30 161 28 4.6 12.4 11:40 1.8 23:05 15.4 0.0 0.0 2.3 12.2 13:25 173 29 3.2 9.0 11:00 -1.1 00:00 16.8 0.0 0.0 1.8 15.8 13:10 166 30 0.9 4.2 13:40 -1.8 01:05 19.1 0.0 0.6 1.2 14.8 13:25 288 --------------------------------------------------------------------------------------- 8.0 18.2 09 -1.8 30 358.8 0.0 112.5 2.6 34.2 19 125 Updated: 13/08/19 15:31:01