MONTHLY CLIMATOLOGICAL SUMMARY for Dec 2018 NAME: Tosca, Varsi (Parma) ELEV: 650 metri LAT: 44-37.15 N LONG: 009-49.14 E TEMPERATURE (°C), RAIN (mm), WIND SPEED (km/h) HEAT COOL AVG MEAN DEG DEG WIND DOM DAY TEMP HIGH TIME LOW TIME DAYS DAYS RAIN SPEED HIGH TIME DIR --------------------------------------------------------------------------------------- 01 2.1 7.6 11:35 0.5 04:30 17.9 0.0 0.0 1.1 19.4 13:00 208 02 3.4 7.3 19:00 0.1 02:05 16.6 0.0 0.6 1.3 14.8 11:35 211 03 7.1 13.5 12:00 3.7 06:55 12.9 0.0 0.6 1.7 13.3 23:50 172 04 10.2 18.3 12:00 5.4 04:40 9.8 0.0 0.0 3.6 29.5 15:25 224 05 7.8 16.4 11:55 4.7 23:45 12.2 0.0 0.0 1.2 7.2 12:55 184 06 5.2 6.7 13:25 3.3 21:35 14.8 0.0 4.2 0.9 13.3 07:20 235 07 7.7 12.8 11:35 2.2 01:30 12.3 0.0 0.3 4.0 34.2 18:40 84 08 9.0 12.4 11:55 5.3 17:35 11.0 0.0 0.3 9.4 51.5 07:25 279 09 10.8 15.2 12:45 8.8 18:20 9.2 0.0 0.0 15.4 58.7 01:55 271 10 9.0 11.5 11:50 5.3 22:55 11.0 0.0 0.0 10.9 60.1 13:40 288 11 4.4 12.4 11:55 -0.2 20:50 15.6 0.0 0.0 3.2 28.1 13:20 223 12 1.8 6.0 11:30 -1.2 03:25 18.2 0.0 0.0 1.1 12.2 12:50 147 13 0.5 2.4 12:25 -0.4 00:00 19.5 0.0 0.0 3.9 23.4 20:25 107 14 -0.8 3.0 11:05 -2.8 22:30 20.8 0.0 0.0 3.8 30.6 13:20 112 15 -1.4 6.5 12:15 -4.4 08:15 21.4 0.0 0.0 1.3 6.1 13:00 176 16 0.3 2.6 10:13 -1.8 22:23 19.7 0.0 0.3 1.6 18.4 20:03 221 17 -0.2 4.6 14:13 -1.9 02:23 20.2 0.0 0.0 1.0 7.2 10:53 217 18 1.5 8.7 11:56 -1.1 02:58 18.5 0.0 3.9 1.4 5.0 01:34 171 19 1.5 2.9 06:02 -0.3 23:12 18.5 0.0 2.7 1.1 11.2 19:12 258 20 0.4 3.4 14:27 -1.3 04:57 19.6 0.0 0.6 0.4 5.0 13:52 146 21 2.9 10.4 23:03 -1.2 06:12 17.1 0.0 6.3 2.8 45.4 23:58 128 22 9.4 13.8 11:49 6.8 01:13 10.6 0.0 0.0 3.8 40.3 00:38 118 23 9.7 14.3 11:09 5.7 07:00 10.3 0.0 0.0 8.3 43.9 21:43 261 24 10.7 17.3 12:54 4.1 23:59 9.3 0.0 0.0 6.2 43.9 03:59 215 25 5.1 15.1 12:09 1.4 23:59 14.9 0.0 0.0 1.7 11.2 12:29 186 26 5.0 13.6 12:04 1.4 00:04 15.0 0.0 0.0 2.2 20.9 17:29 170 27 5.5 15.1 11:59 3.3 05:59 14.5 0.0 0.0 1.4 9.7 01:14 161 28 6.7 13.6 12:09 3.0 06:54 13.3 0.0 0.0 2.5 20.9 15:49 208 29 6.6 14.8 12:16 4.0 07:44 13.4 0.0 0.0 1.4 6.1 17:00 175 30 9.5 16.6 12:03 4.3 00:18 10.5 0.0 0.0 5.4 51.5 11:18 287 31 7.0 15.4 12:13 3.9 22:48 13.0 0.0 0.0 1.4 8.6 09:43 170 --------------------------------------------------------------------------------------- 5.1 18.3 04 -4.4 15 461.4 0.0 19.8 3.4 60.1 10 244 Updated: 13/08/19 15:31:01