MONTHLY CLIMATOLOGICAL SUMMARY for Jan 2019 NAME: Tosca, Varsi (Parma) ELEV: 650 metri LAT: 44-37.15 N LONG: 009-49.14 E TEMPERATURE (°C), RAIN (mm), WIND SPEED (km/h) HEAT COOL AVG MEAN DEG DEG WIND DOM DAY TEMP HIGH TIME LOW TIME DAYS DAYS RAIN SPEED HIGH TIME DIR --------------------------------------------------------------------------------------- 01 4.3 12.7 12:03 1.5 08:23 15.7 0.0 0.0 1.3 9.7 13:03 164 02 6.6 11.7 11:43 2.0 23:53 13.4 0.0 0.0 8.2 52.6 12:58 326 03 1.1 9.5 11:38 -2.4 23:59 18.9 0.0 0.0 2.0 24.5 00:18 160 04 0.0 8.9 11:54 -3.6 05:46 20.0 0.0 0.0 1.4 17.3 23:15 171 05 3.5 9.2 16:10 0.2 03:05 16.5 0.0 0.0 4.7 39.2 13:55 215 06 7.4 15.0 12:10 2.5 00:00 12.6 0.0 0.0 3.0 22.0 05:45 195 07 4.3 13.0 11:50 1.6 08:00 15.7 0.0 0.0 1.5 6.1 01:20 178 08 4.9 8.9 11:26 0.1 23:50 15.1 0.0 0.0 12.0 77.0 11:46 266 09 3.5 7.8 11:23 -0.9 02:43 16.5 0.0 0.0 6.6 46.4 12:08 291 10 2.1 9.5 11:58 -1.8 05:43 17.9 0.0 0.0 2.8 19.4 13:08 164 11 0.2 8.4 12:13 -2.7 20:28 19.8 0.0 0.0 1.5 11.2 14:13 178 12 3.9 16.0 12:18 -2.7 01:48 16.1 0.0 0.0 2.1 25.6 23:48 144 13 8.2 15.0 12:17 2.4 05:53 11.8 0.0 0.0 9.0 56.2 01:43 268 14 8.6 13.1 11:58 3.7 05:48 11.4 0.0 0.0 8.7 47.9 23:13 297 15 7.0 16.1 12:23 1.8 09:03 13.0 0.0 0.0 6.4 41.8 00:38 263 16 7.7 10.6 11:33 4.8 21:03 12.3 0.0 0.0 7.8 46.4 06:08 299 17 5.9 7.3 14:43 4.7 23:58 14.1 0.0 18.3 2.7 23.4 13:38 124 18 4.0 11.6 11:33 1.5 23:18 16.0 0.0 5.4 3.7 18.4 15:18 122 19 0.4 1.5 00:04 -0.2 05:17 19.6 0.0 0.6 2.3 20.9 00:04 108 20 0.8 2.2 15:38 0.1 02:07 19.2 0.0 0.0 1.1 9.7 14:07 84 21 0.8 2.5 13:48 -0.4 23:58 19.2 0.0 0.0 1.7 11.2 12:08 260 22 -0.5 4.0 11:48 -3.2 07:58 20.5 0.0 0.0 2.4 20.9 13:33 140 23 -1.6 2.0 10:21 -2.8 06:12 21.6 0.0 0.9 4.9 27.0 18:49 106 24 -0.9 4.0 12:14 -3.2 20:44 20.9 0.0 0.9 4.2 27.0 14:09 118 25 -0.3 6.7 12:09 -3.4 17:54 20.3 0.0 0.0 2.5 17.3 12:44 164 26 4.3 15.6 12:29 -3.3 00:39 15.7 0.0 0.0 3.3 28.1 20:19 224 27 4.6 7.9 12:25 -0.9 23:30 15.4 0.0 3.6 7.0 57.6 04:54 203 28 2.6 9.3 11:45 -0.8 04:00 17.4 0.0 0.0 5.0 27.0 06:10 276 29 2.2 10.6 11:30 -1.6 06:40 17.8 0.0 0.0 1.8 15.8 13:55 174 30 0.0 2.0 10:30 -1.1 17:30 20.0 0.0 0.6 0.4 7.2 11:20 205 31 -1.0 3.6 12:32 -4.1 04:00 21.0 0.0 0.9 0.4 7.2 23:49 333 --------------------------------------------------------------------------------------- 3.1 16.1 15 -4.1 31 525.3 0.0 31.2 3.9 77.0 08 232 Updated: 13/08/19 15:31:01