MONTHLY CLIMATOLOGICAL SUMMARY for Feb 2019 NAME: Tosca, Varsi (Parma) ELEV: 650 metri LAT: 44-37.15 N LONG: 009-49.14 E TEMPERATURE (°C), RAIN (mm), WIND SPEED (km/h) HEAT COOL AVG MEAN DEG DEG WIND DOM DAY TEMP HIGH TIME LOW TIME DAYS DAYS RAIN SPEED HIGH TIME DIR --------------------------------------------------------------------------------------- 01 -0.3 0.9 23:04 -1.6 00:19 20.3 0.0 28.5 0.3 9.7 06:03 338 02 1.8 6.7 10:34 0.3 02:49 18.2 0.0 27.0 1.2 12.2 08:09 214 03 2.8 5.8 10:44 0.8 00:09 17.2 0.0 9.9 1.7 24.5 18:09 146 04 3.0 6.5 15:39 0.9 20:41 17.0 0.0 1.5 2.9 25.6 13:59 155 05 2.9 11.7 11:36 -1.1 07:01 17.1 0.0 0.0 1.4 12.2 14:11 175 06 4.5 11.4 12:11 1.0 05:36 15.5 0.0 0.0 3.1 28.1 12:36 141 07 4.7 14.5 11:31 0.2 06:41 15.3 0.0 0.0 1.5 9.7 15:01 188 08 4.9 15.2 11:16 0.6 04:31 15.1 0.0 0.0 1.5 14.8 14:31 180 09 6.7 10.2 14:01 2.1 00:46 13.3 0.0 0.0 6.6 88.2 19:46 289 10 8.6 9.8 12:03 7.1 05:06 11.4 0.0 4.8 8.4 56.2 14:33 32 11 6.7 9.7 14:46 4.4 23:06 13.3 0.0 0.3 11.7 46.4 11:46 283 12 7.7 14.4 16:16 3.0 03:11 12.3 0.0 0.0 5.8 29.5 01:11 270 13 5.2 12.7 10:46 0.7 05:16 14.8 0.0 0.0 2.0 18.4 12:41 166 14 7.1 15.2 16:16 1.7 03:01 12.9 0.0 0.0 1.5 12.2 15:06 208 15 8.3 16.9 11:41 3.5 06:21 11.7 0.0 0.0 1.6 14.8 15:01 184 16 8.1 15.6 10:54 3.1 07:06 11.9 0.0 0.0 1.5 9.7 13:02 226 17 9.8 18.3 10:40 4.5 07:15 10.2 0.0 0.0 1.6 12.2 14:30 214 18 8.8 17.5 11:50 3.2 23:45 11.2 0.0 0.0 3.7 27.0 16:40 242 19 6.1 11.9 16:20 1.0 07:15 13.9 0.0 0.0 6.1 31.7 10:45 242 20 6.5 14.3 16:15 1.9 04:30 13.5 0.0 0.0 1.9 14.8 13:35 174 21 8.3 16.0 16:30 3.1 06:35 11.7 0.0 0.0 1.6 12.2 12:40 207 22 11.5 21.2 11:15 5.0 03:20 8.5 0.0 0.0 2.8 25.6 14:30 160 23 4.8 8.8 03:35 0.5 23:16 15.2 0.0 0.0 7.2 30.6 09:45 102 24 2.6 9.5 16:16 -2.0 05:21 17.4 0.0 0.0 4.1 28.1 13:26 114 25 8.0 16.2 16:41 1.5 00:01 12.0 0.0 0.0 2.7 23.4 13:56 132 26 11.7 20.8 15:46 5.0 07:01 8.3 0.0 0.0 1.8 12.2 12:41 181 27 13.9 22.2 16:36 8.1 05:46 6.1 0.0 0.0 2.2 13.3 12:46 186 28 11.7 19.4 10:41 5.3 23:46 8.3 0.0 0.0 6.8 36.7 16:41 254 --------------------------------------------------------------------------------------- 6.7 22.2 27 -2.0 24 373.7 0.0 72.0 3.4 88.2 09 222 Updated: 13/08/19 15:31:01